24.5.244.73 - - [30/Jun/2008:00:51:59 -0700] "GET /gallery/main.php?g2_view=core.DownloadItem&g2_itemId=15680&g2_serialNumber=2 HTTP/1.1" 200 4541 "http://www.russiannavy.net/gallery/main.php?g2_view=core.ShowItem&g2_itemId=15526&g2_navId=x9a3d5ac2" "Mozilla/5.0 (Windows; U; Windows NT 6.0; en-US; rv:1.8.1.13) Gecko/20080313 SeaMonkey/1.1.9" "www.russiannavy.net"
24.5.244.73 - - [30/Jun/2008:00:51:59 -0700] "GET /gallery/main.php?g2_view=core.DownloadItem&g2_itemId=15710&g2_serialNumber=2 HTTP/1.1" 200 5412 "http://www.russiannavy.net/gallery/main.php?g2_view=core.ShowItem&g2_itemId=15526&g2_navId=x9a3d5ac2" "Mozilla/5.0 (Windows; U; Windows NT 6.0; en-US; rv:1.8.1.13) Gecko/20080313 SeaMonkey/1.1.9" "www.russiannavy.net"
24.5.244.73 - - [30/Jun/2008:00:51:59 -0700] "GET /gallery/main.php?g2_view=core.DownloadItem&g2_itemId=15722&g2_serialNumber=2 HTTP/1.1" 200 5408 "http://www.russiannavy.net/gallery/main.php?g2_view=core.ShowItem&g2_itemId=15526&g2_navId=x9a3d5ac2" "Mozilla/5.0 (Windows; U; Windows NT 6.0; en-US; rv:1.8.1.13) Gecko/20080313 SeaMonkey/1.1.9" "www.russiannavy.net"
24.5.244.73 - - [30/Jun/2008:00:51:59 -0700] "GET /gallery/main.php?g2_view=core.DownloadItem&g2_itemId=15734&g2_serialNumber=2 HTTP/1.1" 200 5231 "http://www.russiannavy.net/gallery/main.php?g2_view=core.ShowItem&g2_itemId=15526&g2_navId=x9a3d5ac2" "Mozilla/5.0 (Windows; U; Windows NT 6.0; en-US; rv:1.8.1.13) Gecko/20080313 SeaMonkey/1.1.9" "www.russiannavy.net"
74.6.18.244 - - [30/Jun/2008:00:52:01 -0700] "GET /gallery/main.php?g2_view=core.ShowItem&g2_itemId=14294 HTTP/1.0" 200 4848 "-" "Mozilla/5.0 (compatible; Yahoo! Slurp; http://help.yahoo.com/help/us/ysearch/slurp)" "www.russiannavy.net"
130.102.0.170 - - [30/Jun/2008:00:52:06 -0700] "GET /photos/misc/i11749-image-original.jpg HTTP/1.0" 200 295629 "http://www.militaryphotos.net/forums/showthread.php?s=3c1d207efd11e8fcc8336bb4900bb9da&t=99988&page=430" "Mozilla/4.0 (compatible; MSIE 7.0; Windows NT 5.1; .NET CLR 1.1.4322; .NET CLR 2.0.50727; InfoPath.2)" "russiannavy.net"
24.5.244.73 - - [30/Jun/2008:00:52:23 -0700] "GET /gallery/main.php?g2_view=core.ShowItem&g2_itemId=3460&g2_highlightId=15526&g2_navId=x9a3d5ac2 HTTP/1.1" 302 5 "http://www.russiannavy.net/gallery/main.php?g2_view=core.ShowItem&g2_itemId=15526&g2_navId=x9a3d5ac2" "Mozilla/5.0 (Windows; U; Windows NT 6.0; en-US; rv:1.8.1.13) Gecko/20080313 SeaMonkey/1.1.9" "www.russiannavy.net"
24.5.244.73 - - [30/Jun/2008:00:52:24 -0700] "GET /gallery/main.php?g2_view=core.ShowItem&g2_itemId=3460&g2_navId=x9a3d5ac2 HTTP/1.1" 200 26645 "http://www.russiannavy.net/gallery/main.php?g2_view=core.ShowItem&g2_itemId=15526&g2_navId=x9a3d5ac2" "Mozilla/5.0 (Windows; U; Windows NT 6.0; en-US; rv:1.8.1.13) Gecko/20080313 SeaMonkey/1.1.9" "www.russiannavy.net"
24.5.244.73 - - [30/Jun/2008:00:52:38 -0700] "GET /gallery/main.php?g2_view=core.ShowItem&g2_itemId=15526&g2_navId=x9a3d5ac2 HTTP/1.1" 200 17853 "http://www.russiannavy.net/gallery/main.php?g2_view=core.ShowItem&g2_itemId=3460&g2_navId=x9a3d5ac2" "Mozilla/5.0 (Windows; U; Windows NT 6.0; en-US; rv:1.8.1.13) Gecko/20080313 SeaMonkey/1.1.9" "www.russiannavy.net"
24.5.244.73 - - [30/Jun/2008:00:52:41 -0700] "GET /gallery/main.php?g2_view=core.ShowItem&g2_itemId=15679&g2_navId=x9a3d5ac2 HTTP/1.1" 200 7310 "http://www.russiannavy.net/gallery/main.php?g2_view=core.ShowItem&g2_itemId=15526&g2_navId=x9a3d5ac2" "Mozilla/5.0 (Windows; U; Windows NT 6.0; en-US; rv:1.8.1.13) Gecko/20080313 SeaMonkey/1.1.9" "www.russiannavy.net"
24.5.244.73 - - [30/Jun/2008:00:52:42 -0700] "GET /gallery/main.php?g2_view=core.DownloadItem&g2_itemId=15681&g2_serialNumber=1 HTTP/1.1" 200 42642 "http://www.russiannavy.net/gallery/main.php?g2_view=core.ShowItem&g2_itemId=15679&g2_navId=x9a3d5ac2" "Mozilla/5.0 (Windows; U; Windows NT 6.0; en-US; rv:1.8.1.13) Gecko/20080313 SeaMonkey/1.1.9" "www.russiannavy.net"
24.5.244.73 - - [30/Jun/2008:00:52:47 -0700] "GET /gallery/main.php?g2_view=core.ShowItem&g2_itemId=15526&g2_highlightId=15679&g2_navId=x9a3d5ac2 HTTP/1.1" 302 5 "http://www.russiannavy.net/gallery/main.php?g2_view=core.ShowItem&g2_itemId=15679&g2_navId=x9a3d5ac2" "Mozilla/5.0 (Windows; U; Windows NT 6.0; en-US; rv:1.8.1.13) Gecko/20080313 SeaMonkey/1.1.9" "www.russiannavy.net"
24.5.244.73 - - [30/Jun/2008:00:52:48 -0700] "GET /gallery/main.php?g2_view=core.ShowItem&g2_itemId=15526&g2_navId=x9a3d5ac2 HTTP/1.1" 200 17853 "http://www.russiannavy.net/gallery/main.php?g2_view=core.ShowItem&g2_itemId=15679&g2_navId=x9a3d5ac2" "Mozilla/5.0 (Windows; U; Windows NT 6.0; en-US; rv:1.8.1.13) Gecko/20080313 SeaMonkey/1.1.9" "www.russiannavy.net"
24.5.244.73 - - [30/Jun/2008:00:52:55 -0700] "GET /gallery/main.php?g2_view=core.ShowItem&g2_itemId=15685&g2_navId=x9a3d5ac2 HTTP/1.1" 200 7310 "http://www.russiannavy.net/gallery/main.php?g2_view=core.ShowItem&g2_itemId=15526&g2_navId=x9a3d5ac2" "Mozilla/5.0 (Windows; U; Windows NT 6.0; en-US; rv:1.8.1.13) Gecko/20080313 SeaMonkey/1.1.9" "www.russiannavy.net"
24.5.244.73 - - [30/Jun/2008:00:52:56 -0700] "GET /gallery/main.php?g2_view=core.DownloadItem&g2_itemId=15687&g2_serialNumber=1 HTTP/1.1" 200 36438 "http://www.russiannavy.net/gallery/main.php?g2_view=core.ShowItem&g2_itemId=15685&g2_navId=x9a3d5ac2" "Mozilla/5.0 (Windows; U; Windows NT 6.0; en-US; rv:1.8.1.13) Gecko/20080313 SeaMonkey/1.1.9" "www.russiannavy.net"
74.6.18.228 - - [30/Jun/2008:00:57:13 -0700] "GET /photos/littlefield/Sept_2004/Churchill/pages/IMGP0860.html HTTP/1.0" 200 2485 "-" "Mozilla/5.0 (compatible; Yahoo! Slurp; http://help.yahoo.com/help/us/ysearch/slurp)" "russiannavy.net"
142.59.35.191 - - [30/Jun/2008:00:57:46 -0700] "GET /models/storozhevoi/diorama1.jpg HTTP/1.1" 200 131830 "http://modellbauer.foren-city.de/topic,6698,15,-u-boot-diorama.html" "Mozilla/4.0 (compatible; MSIE 6.0; Windows NT 5.1; SV1; .NET CLR 1.1.4322; InfoPath.1; .NET CLR 2.0.50727)" "www.russiannavy.net"
65.55.210.89 - - [30/Jun/2008:01:05:17 -0700] "GET /robots.txt HTTP/1.1" 404 275 "-" "msnbot/1.1 (+http://search.msn.com/msnbot.htm)" "russiannavy.net"
65.55.210.89 - - [30/Jun/2008:01:05:18 -0700] "GET /photos/st_p_art_museum/pages/PICT0739.html HTTP/1.1" 304 - "-" "msnbot/1.1 (+http://search.msn.com/msnbot.htm)" "russiannavy.net"
74.6.18.228 - - [30/Jun/2008:01:15:53 -0700] "GET /photos/ HTTP/1.0" 200 2311 "-" "Mozilla/5.0 (compatible; Yahoo! Slurp; http://help.yahoo.com/help/us/ysearch/slurp)" "russiannavy.net"
74.6.18.244 - - [30/Jun/2008:01:24:51 -0700] "GET /gallery/main.php?g2_view=slideshow.Slideshow&g2_itemId=30 HTTP/1.0" 200 3148 "-" "Mozilla/5.0 (compatible; Yahoo! Slurp; http://help.yahoo.com/help/us/ysearch/slurp)" "www.russiannavy.net"
74.6.18.228 - - [30/Jun/2008:01:30:34 -0700] "GET /photos/thanksgiving/pages/IMGP7645.htm HTTP/1.0" 200 3659 "-" "Mozilla/5.0 (compatible; Yahoo! Slurp; http://help.yahoo.com/help/us/ysearch/slurp)" "russiannavy.net"
91.85.178.15 - - [30/Jun/2008:01:31:45 -0700] "GET /bk.html HTTP/1.1" 200 220690 "-" "Mozilla/4.0 (compatible; MSIE 6.0; Windows NT 5.1; SV1)" "russiannavy.net"
65.116.197.15 - - [30/Jun/2008:01:31:53 -0700] "GET /Ft_knox/P1130383.jpg HTTP/1.0" 200 41648 "http://www.ar15.com/forums/topic.html?b=1&f=5&t=726177&page=2" "Mozilla/4.0 (compatible; MSIE 7.0; Windows NT 5.1; .NET CLR 1.1.4322; IEMB3; IEMB3)" "russiannavy.net"
65.116.197.15 - - [30/Jun/2008:01:31:54 -0700] "GET /Ft_knox/P1130414.jpg HTTP/1.0" 200 52592 "http://www.ar15.com/forums/topic.html?b=1&f=5&t=726177&page=2" "Mozilla/4.0 (compatible; MSIE 7.0; Windows NT 5.1; .NET CLR 1.1.4322; IEMB3; IEMB3)" "russiannavy.net"
65.116.197.15 - - [30/Jun/2008:01:31:54 -0700] "GET /Ft_knox/P1130423.jpg HTTP/1.0" 200 41853 "http://www.ar15.com/forums/topic.html?b=1&f=5&t=726177&page=2" "Mozilla/4.0 (compatible; MSIE 7.0; Windows NT 5.1; .NET CLR 1.1.4322; IEMB3; IEMB3)" "russiannavy.net"
74.6.18.228 - - [30/Jun/2008:01:40:53 -0700] "GET /photos/littlefield/old_visits/Panther/ HTTP/1.0" 200 2590 "-" "Mozilla/5.0 (compatible; Yahoo! Slurp; http://help.yahoo.com/help/us/ysearch/slurp)" "russiannavy.net"
68.104.82.222 - - [30/Jun/2008:01:41:52 -0700] "GET /Ft_knox/P1130414.jpg HTTP/1.1" 200 52592 "http://www.ar15.com/forums/topic.html?b=1&f=5&t=726177&page=2" "Mozilla/4.0 (compatible; MSIE 7.0; Windows NT 5.1; .NET CLR 1.1.4322)" "russiannavy.net"
68.104.82.222 - - [30/Jun/2008:01:41:52 -0700] "GET /Ft_knox/P1130383.jpg HTTP/1.1" 200 41648 "http://www.ar15.com/forums/topic.html?b=1&f=5&t=726177&page=2" "Mozilla/4.0 (compatible; MSIE 7.0; Windows NT 5.1; .NET CLR 1.1.4322)" "russiannavy.net"
68.104.82.222 - - [30/Jun/2008:01:41:52 -0700] "GET /Ft_knox/P1130423.jpg HTTP/1.1" 200 41853 "http://www.ar15.com/forums/topic.html?b=1&f=5&t=726177&page=2" "Mozilla/4.0 (compatible; MSIE 7.0; Windows NT 5.1; .NET CLR 1.1.4322)" "russiannavy.net"
216.19.48.46 - - [30/Jun/2008:01:45:27 -0700] "GET /Ft_knox/P1130383.jpg HTTP/1.1" 200 41648 "http://www.ar15.com/forums/topic.html?b=1&f=5&t=726177&page=2" "Mozilla/5.0 (Windows; U; Windows NT 5.1; en-US; rv:1.8.1.14) Gecko/20080404 Firefox/2.0.0.14" "russiannavy.net"
216.19.48.46 - - [30/Jun/2008:01:45:27 -0700] "GET /Ft_knox/P1130414.jpg HTTP/1.1" 200 52592 "http://www.ar15.com/forums/topic.html?b=1&f=5&t=726177&page=2" "Mozilla/5.0 (Windows; U; Windows NT 5.1; en-US; rv:1.8.1.14) Gecko/20080404 Firefox/2.0.0.14" "russiannavy.net"
216.19.48.46 - - [30/Jun/2008:01:45:27 -0700] "GET /Ft_knox/P1130423.jpg HTTP/1.1" 200 41853 "http://www.ar15.com/forums/topic.html?b=1&f=5&t=726177&page=2" "Mozilla/5.0 (Windows; U; Windows NT 5.1; en-US; rv:1.8.1.14) Gecko/20080404 Firefox/2.0.0.14" "russiannavy.net"
74.6.18.228 - - [30/Jun/2008:01:46:18 -0700] "GET /photos/thanksgiving/pages/IMGP7601.htm HTTP/1.0" 200 3656 "-" "Mozilla/5.0 (compatible; Yahoo! Slurp; http://help.yahoo.com/help/us/ysearch/slurp)" "russiannavy.net"
74.6.18.244 - - [30/Jun/2008:01:47:13 -0700] "GET /gallery/main.php?g2_view=core.ShowItem&g2_itemId=10&g2_highlightId=30 HTTP/1.0" 302 0 "-" "Mozilla/5.0 (compatible; Yahoo! Slurp; http://help.yahoo.com/help/us/ysearch/slurp)" "www.russiannavy.net"
74.6.18.244 - - [30/Jun/2008:01:47:15 -0700] "GET /gallery/main.php?g2_view=core.ShowItem&g2_itemId=10 HTTP/1.0" 200 5888 "-" "Mozilla/5.0 (compatible; Yahoo! Slurp; http://help.yahoo.com/help/us/ysearch/slurp)" "www.russiannavy.net"
72.226.53.103 - - [30/Jun/2008:01:48:51 -0700] "GET /Ft_knox/P1130383.jpg HTTP/1.1" 200 41648 "http://ar15.com/forums/topic.html?b=1&f=5&t=726177&page=2" "Mozilla/4.0 (compatible; MSIE 7.0; Windows NT 5.1; .NET CLR 1.0.3705; .NET CLR 1.1.4322; Media Center PC 3.1)" "russiannavy.net"
72.226.53.103 - - [30/Jun/2008:01:48:51 -0700] "GET /Ft_knox/P1130414.jpg HTTP/1.1" 200 52592 "http://ar15.com/forums/topic.html?b=1&f=5&t=726177&page=2" "Mozilla/4.0 (compatible; MSIE 7.0; Windows NT 5.1; .NET CLR 1.0.3705; .NET CLR 1.1.4322; Media Center PC 3.1)" "russiannavy.net"
72.226.53.103 - - [30/Jun/2008:01:48:52 -0700] "GET /Ft_knox/P1130423.jpg HTTP/1.1" 200 41853 "http://ar15.com/forums/topic.html?b=1&f=5&t=726177&page=2" "Mozilla/4.0 (compatible; MSIE 7.0; Windows NT 5.1; .NET CLR 1.0.3705; .NET CLR 1.1.4322; Media Center PC 3.1)" "russiannavy.net"
74.6.18.228 - - [30/Jun/2008:01:54:12 -0700] "GET /photos/littlefield/Sept_2004/M24_Chaffee/pages/IMGP0784.html HTTP/1.0" 200 2388 "-" "Mozilla/5.0 (compatible; Yahoo! Slurp; http://help.yahoo.com/help/us/ysearch/slurp)" "russiannavy.net"
74.6.18.238 - - [30/Jun/2008:01:56:43 -0700] "GET /robots.txt HTTP/1.0" 404 275 "-" "Mozilla/5.0 (compatible; Yahoo! Slurp; http://help.yahoo.com/help/us/ysearch/slurp)" "www.russiannavy.net"
67.195.51.245 - - [30/Jun/2008:01:56:53 -0700] "GET /gallery/main.php?g2_view=core.ShowItem&g2_itemId=10 HTTP/1.0" 200 5888 "-" "Mozilla/5.0 (compatible; Yahoo! Slurp; http://help.yahoo.com/help/us/ysearch/slurp)" "www.russiannavy.net"
67.195.51.156 - - [30/Jun/2008:01:57:55 -0700] "GET /gallery/main.php?g2_view=core.ShowItem&g2_itemId=6541 HTTP/1.0" 200 4876 "-" "Mozilla/5.0 (compatible; Yahoo! Slurp; http://help.yahoo.com/help/us/ysearch/slurp)" "www.russiannavy.net"
67.195.52.42 - - [30/Jun/2008:01:57:56 -0700] "GET /gallery/main.php?g2_view=core.ShowItem&g2_itemId=15533 HTTP/1.0" 200 4307 "-" "Mozilla/5.0 (compatible; Yahoo! Slurp; http://help.yahoo.com/help/us/ysearch/slurp)" "www.russiannavy.net"
74.6.18.239 - - [30/Jun/2008:01:58:01 -0700] "GET /robots.txt HTTP/1.0" 404 275 "-" "Mozilla/5.0 (compatible; Yahoo! Slurp; http://help.yahoo.com/help/us/ysearch/slurp)" "www.russiannavy.net"
67.195.52.54 - - [30/Jun/2008:01:58:05 -0700] "GET /gallery/main.php?g2_view=core.ShowItem&g2_itemId=29 HTTP/1.0" 200 21115 "-" "Mozilla/5.0 (compatible; Yahoo! Slurp; http://help.yahoo.com/help/us/ysearch/slurp)" "www.russiannavy.net"
67.195.52.93 - - [30/Jun/2008:01:58:29 -0700] "GET /gallery/main.php?g2_view=slideshow.Slideshow&g2_itemId=10 HTTP/1.0" 200 3158 "-" "Mozilla/5.0 (compatible; Yahoo! Slurp; http://help.yahoo.com/help/us/ysearch/slurp)" "www.russiannavy.net"
74.6.18.228 - - [30/Jun/2008:02:03:34 -0700] "GET /photos/thanksgiving/pages/IMGP7620.htm HTTP/1.0" 200 3657 "-" "Mozilla/5.0 (compatible; Yahoo! Slurp; http://help.yahoo.com/help/us/ysearch/slurp)" "russiannavy.net"
74.6.18.228 - - [30/Jun/2008:02:07:55 -0700] "GET /photos/st_p_art_museum/pages/PICT0772.html HTTP/1.0" 200 11728 "-" "Mozilla/5.0 (compatible; Yahoo! Slurp; http://help.yahoo.com/help/us/ysearch/slurp)" "russiannavy.net"
203.160.1.56 - - [30/Jun/2008:02:08:22 -0700] "GET /photos/misc/i11749-image-original.jpg HTTP/1.1" 200 295629 "http://vndefence.info/modules.php?name=Forums&file=viewtopic&t=81&postdays=0&postorder=asc&start=60" "Mozilla/4.0 (compatible; MSIE 6.0; Windows NT 5.1; SV1)" "russiannavy.net"
203.189.134.3 - - [30/Jun/2008:02:14:05 -0700] "GET /Ft_knox/P1130383.jpg HTTP/1.0" 200 41648 "http://ar15.com/forums/topic.html?b=1&f=5&t=726177&page=2" "Mozilla/5.0 (Windows; U; Windows NT 5.1; en-GB; rv:1.9) Gecko/2008052906 Firefox/3.0" "russiannavy.net"
203.189.134.3 - - [30/Jun/2008:02:14:05 -0700] "GET /Ft_knox/P1130423.jpg HTTP/1.0" 200 41853 "http://ar15.com/forums/topic.html?b=1&f=5&t=726177&page=2" "Mozilla/5.0 (Windows; U; Windows NT 5.1; en-GB; rv:1.9) Gecko/2008052906 Firefox/3.0" "russiannavy.net"
203.189.134.3 - - [30/Jun/2008:02:14:05 -0700] "GET /Ft_knox/P1130414.jpg HTTP/1.0" 200 52592 "http://ar15.com/forums/topic.html?b=1&f=5&t=726177&page=2" "Mozilla/5.0 (Windows; U; Windows NT 5.1; en-GB; rv:1.9) Gecko/2008052906 Firefox/3.0" "russiannavy.net"
74.6.18.228 - - [30/Jun/2008:02:15:31 -0700] "GET /photos/littlefield/old_visits/2S7/pages/IMG_2288.html HTTP/1.0" 200 2942 "-" "Mozilla/5.0 (compatible; Yahoo! Slurp; http://help.yahoo.com/help/us/ysearch/slurp)" "russiannavy.net"
74.6.18.228 - - [30/Jun/2008:02:16:46 -0700] "GET /photos/littlefield/old_visits/JS-3/pages/IMG_0682.html HTTP/1.0" 200 2286 "-" "Mozilla/5.0 (compatible; Yahoo! Slurp; http://help.yahoo.com/help/us/ysearch/slurp)" "russiannavy.net"
74.6.18.228 - - [30/Jun/2008:02:18:02 -0700] "GET /photos/littlefield/old_visits/T-55/pages/IMG_2211.html HTTP/1.0" 200 2580 "-" "Mozilla/5.0 (compatible; Yahoo! Slurp; http://help.yahoo.com/help/us/ysearch/slurp)" "russiannavy.net"
74.6.18.228 - - [30/Jun/2008:02:18:13 -0700] "GET /photos/littlefield/old_visits/2S7/pages/IMG_2310.html HTTP/1.0" 200 2803 "-" "Mozilla/5.0 (compatible; Yahoo! Slurp; http://help.yahoo.com/help/us/ysearch/slurp)" "russiannavy.net"
74.6.18.228 - - [30/Jun/2008:02:20:49 -0700] "GET /photos/littlefield/Sept_2004/Light_Weapons/pages/IMGP1298.html HTTP/1.0" 200 2588 "-" "Mozilla/5.0 (compatible; Yahoo! Slurp; http://help.yahoo.com/help/us/ysearch/slurp)" "russiannavy.net"
67.195.51.254 - - [30/Jun/2008:02:21:42 -0700] "GET /gallery/main.php?g2_view=core.ShowItem&g2_itemId=31 HTTP/1.0" 200 4919 "-" "Mozilla/5.0 (compatible; Yahoo! Slurp; http://help.yahoo.com/help/us/ysearch/slurp)" "www.russiannavy.net"
74.6.18.228 - - [30/Jun/2008:02:21:49 -0700] "GET /photos/littlefield/old_visits/Matilda/pages/IMG_0566.html HTTP/1.0" 200 2402 "-" "Mozilla/5.0 (compatible; Yahoo! Slurp; http://help.yahoo.com/help/us/ysearch/slurp)" "russiannavy.net"
78.96.172.73 - - [30/Jun/2008:02:24:36 -0700] "GET /photos/misc/i11749-image-original.jpg HTTP/1.1" 200 295629 "-" "Mozilla/5.0 (Windows; U; Windows NT 5.1; ro; rv:1.8.1.14) Gecko/20080404 Firefox/2.0.0.14" "russiannavy.net"
78.96.172.73 - - [30/Jun/2008:02:24:58 -0700] "GET /photos/misc/i11749-image-original.jpg HTTP/1.1" 200 295629 "-" "Mozilla/5.0 (Windows; U; Windows NT 5.1; ro; rv:1.8.1.14) Gecko/20080404 Firefox/2.0.0.14" "russiannavy.net"
65.55.110.154 - - [30/Jun/2008:02:25:44 -0700] "GET /photos/st_p_art_museum/pages/PICT0752.html HTTP/1.0" 200 11728 "http://search.live.com/results.aspx?q=central&form=QBHP" "Mozilla/4.0 (compatible; MSIE 7.0; Windows NT 5.2; .NET CLR 1.1.4322)" "russiannavy.net"
74.6.18.228 - - [30/Jun/2008:02:26:00 -0700] "GET /photos/square1/pages/IMG_3808.html HTTP/1.0" 200 4195 "-" "Mozilla/5.0 (compatible; Yahoo! Slurp; http://help.yahoo.com/help/us/ysearch/slurp)" "russiannavy.net"
74.6.18.228 - - [30/Jun/2008:02:33:13 -0700] "GET /photos/littlefield/Sept_2004/US_Self_Propelled_Guns/pages/ HTTP/1.0" 200 2471 "-" "Mozilla/5.0 (compatible; Yahoo! Slurp; http://help.yahoo.com/help/us/ysearch/slurp)" "russiannavy.net"
222.254.252.233 - - [30/Jun/2008:02:35:41 -0700] "GET /photos/misc/i11749-image-original.jpg HTTP/1.1" 200 196608 "http://vndefence.info/modules.php?name=Forums&file=viewtopic&t=81&postdays=0&postorder=asc&start=60" "Mozilla/4.0 (compatible; MSIE 6.0; Windows NT 5.1; SV1)" "russiannavy.net"
91.76.121.28 - - [30/Jun/2008:02:38:47 -0700] "GET /bk.html HTTP/1.0" 200 220690 "http://russiannavy.net/bk.html" "Opera/9.0 (Windows NT 5.1; U; en)" "russiannavy.net"
222.254.252.233 - - [30/Jun/2008:02:40:08 -0700] "GET /photos/misc/i11749-image-original.jpg HTTP/1.1" 200 295629 "http://vndefence.info/modules.php?name=Forums&file=viewtopic&t=81&postdays=0&postorder=asc&start=60" "Mozilla/4.0 (compatible; MSIE 6.0; Windows NT 5.1; SV1)" "russiannavy.net"
74.6.18.228 - - [30/Jun/2008:02:42:31 -0700] "GET /photos/littlefield/Sept_2004/M36_Jackson/pages/ HTTP/1.0" 200 1326 "-" "Mozilla/5.0 (compatible; Yahoo! Slurp; http://help.yahoo.com/help/us/ysearch/slurp)" "russiannavy.net"
210.233.198.34 - - [30/Jun/2008:02:44:12 -0700] "GET /Ft_knox/P1130414.jpg HTTP/1.1" 200 52592 "http://ar15.com/forums/topic.html?b=1&f=5&t=726177&page=2" "Mozilla/5.0 (Windows; U; Windows NT 5.1; en-US; rv:1.9) Gecko/2008052906 Firefox/3.0" "russiannavy.net"
210.233.198.34 - - [30/Jun/2008:02:44:12 -0700] "GET /Ft_knox/P1130383.jpg HTTP/1.1" 200 41648 "http://ar15.com/forums/topic.html?b=1&f=5&t=726177&page=2" "Mozilla/5.0 (Windows; U; Windows NT 5.1; en-US; rv:1.9) Gecko/2008052906 Firefox/3.0" "russiannavy.net"
210.233.198.34 - - [30/Jun/2008:02:44:12 -0700] "GET /Ft_knox/P1130423.jpg HTTP/1.1" 200 41853 "http://ar15.com/forums/topic.html?b=1&f=5&t=726177&page=2" "Mozilla/5.0 (Windows; U; Windows NT 5.1; en-US; rv:1.9) Gecko/2008052906 Firefox/3.0" "russiannavy.net"
207.200.116.70 - - [30/Jun/2008:02:45:26 -0700] "GET /Ft_knox/P1130383.jpg HTTP/1.1" 200 41648 "http://www.ar15.com/forums/topic.html?b=1&f=5&t=726177&page=2" "Mozilla/4.0 (compatible; MSIE 6.0; AOL 9.0; Windows NT 5.1; SV1; .NET CLR 1.0.3705; .NET CLR 1.1.4322; Media Center PC 4.0; .NET CLR 2.0.50727)" "russiannavy.net"
207.200.116.65 - - [30/Jun/2008:02:45:28 -0700] "GET /Ft_knox/P1130414.jpg HTTP/1.1" 200 52592 "http://www.ar15.com/forums/topic.html?b=1&f=5&t=726177&page=2" "Mozilla/4.0 (compatible; MSIE 6.0; AOL 9.0; Windows NT 5.1; SV1; .NET CLR 1.0.3705; .NET CLR 1.1.4322; Media Center PC 4.0; .NET CLR 2.0.50727)" "russiannavy.net"
207.200.116.65 - - [30/Jun/2008:02:45:28 -0700] "GET /Ft_knox/P1130423.jpg HTTP/1.1" 200 41853 "http://www.ar15.com/forums/topic.html?b=1&f=5&t=726177&page=2" "Mozilla/4.0 (compatible; MSIE 6.0; AOL 9.0; Windows NT 5.1; SV1; .NET CLR 1.0.3705; .NET CLR 1.1.4322; Media Center PC 4.0; .NET CLR 2.0.50727)" "russiannavy.net"
68.164.10.103 - - [30/Jun/2008:02:47:36 -0700] "GET /Ft_knox/P1130383.jpg HTTP/1.1" 200 41648 "http://www.ar15.com/forums/topic.html?b=1&f=5&t=726177&page=2" "Mozilla/5.0 (Windows; U; Windows NT 6.0; en-US; rv:1.9) Gecko/2008052906 Firefox/3.0" "russiannavy.net"
68.164.10.103 - - [30/Jun/2008:02:47:36 -0700] "GET /Ft_knox/P1130414.jpg HTTP/1.1" 200 52592 "http://www.ar15.com/forums/topic.html?b=1&f=5&t=726177&page=2" "Mozilla/5.0 (Windows; U; Windows NT 6.0; en-US; rv:1.9) Gecko/2008052906 Firefox/3.0" "russiannavy.net"
68.164.10.103 - - [30/Jun/2008:02:47:36 -0700] "GET /Ft_knox/P1130423.jpg HTTP/1.1" 200 41853 "http://www.ar15.com/forums/topic.html?b=1&f=5&t=726177&page=2" "Mozilla/5.0 (Windows; U; Windows NT 6.0; en-US; rv:1.9) Gecko/2008052906 Firefox/3.0" "russiannavy.net"
74.6.18.228 - - [30/Jun/2008:02:48:04 -0700] "GET /photos/st_p_art_museum/pages/PICT0679.html HTTP/1.0" 200 11728 "-" "Mozilla/5.0 (compatible; Yahoo! Slurp; http://help.yahoo.com/help/us/ysearch/slurp)" "russiannavy.net"
67.195.37.176 - - [30/Jun/2008:02:48:37 -0700] "GET /models/zis-5/zis-5g/zis-5gun.htm HTTP/1.0" 200 2246 "-" "Mozilla/5.0 (compatible; Yahoo! Slurp/3.0; http://help.yahoo.com/help/us/ysearch/slurp)" "russiannavy.net"
66.249.70.219 - - [30/Jun/2008:02:49:35 -0700] "GET /robots.txt HTTP/1.1" 404 275 "-" "Mozilla/5.0 (compatible; Googlebot/2.1; +http://www.google.com/bot.html)" "russiannavy.net"
66.249.70.219 - - [30/Jun/2008:02:49:35 -0700] "GET /photos/misc/ HTTP/1.1" 200 14099 "-" "Mozilla/5.0 (compatible; Googlebot/2.1; +http://www.google.com/bot.html)" "russiannavy.net"
24.22.126.118 - - [30/Jun/2008:02:49:51 -0700] "GET /Ft_knox/P1130414.jpg HTTP/1.1" 200 52592 "-" "Mozilla/5.0 (Windows; U; Windows NT 5.1; en-US; rv:1.9) Gecko/2008052906 Firefox/2.0 MEGAUPLOAD 1.0" "russiannavy.net"
24.22.126.118 - - [30/Jun/2008:02:49:51 -0700] "GET /Ft_knox/P1130423.jpg HTTP/1.1" 200 41853 "-" "Mozilla/5.0 (Windows; U; Windows NT 5.1; en-US; rv:1.9) Gecko/2008052906 Firefox/2.0 MEGAUPLOAD 1.0" "russiannavy.net"
24.22.126.118 - - [30/Jun/2008:02:49:51 -0700] "GET /Ft_knox/P1130383.jpg HTTP/1.1" 200 41648 "-" "Mozilla/5.0 (Windows; U; Windows NT 5.1; en-US; rv:1.9) Gecko/2008052906 Firefox/2.0 MEGAUPLOAD 1.0" "russiannavy.net"
65.55.210.83 - - [30/Jun/2008:02:50:30 -0700] "GET /robots.txt HTTP/1.1" 404 275 "-" "msnbot/1.1 (+http://search.msn.com/msnbot.htm)" "russiannavy.net"
65.55.210.83 - - [30/Jun/2008:02:50:30 -0700] "GET /photos/st_p_art_museum/pages/PICT0636.html HTTP/1.1" 200 11728 "-" "msnbot/1.1 (+http://search.msn.com/msnbot.htm)" "russiannavy.net"
74.6.18.228 - - [30/Jun/2008:02:51:46 -0700] "GET /photos/st_p_art_museum/pages/PICT0530.html HTTP/1.0" 200 11726 "-" "Mozilla/5.0 (compatible; Yahoo! Slurp; http://help.yahoo.com/help/us/ysearch/slurp)" "russiannavy.net"
66.249.70.219 - - [30/Jun/2008:02:51:48 -0700] "GET /gallery/main.php?g2_view=core.ShowItem&g2_itemId=9965 HTTP/1.1" 200 12828 "-" "Mozilla/5.0 (compatible; Googlebot/2.1; +http://www.google.com/bot.html)" "russiannavy.net"
74.6.18.228 - - [30/Jun/2008:03:00:25 -0700] "GET /photos/littlefield/Sept_2004/T-34-76/pages/IMGP0894.html HTTP/1.0" 200 2549 "-" "Mozilla/5.0 (compatible; Yahoo! Slurp; http://help.yahoo.com/help/us/ysearch/slurp)" "russiannavy.net"
194.54.148.8 - - [30/Jun/2008:03:08:29 -0700] "GET /models/bayan/bayan.htm HTTP/1.0" 200 4591 "http://images.google.ru/imgres?imgurl=http://russiannavy.net/models/bayan/Bayan11.jpg&imgrefurl=http://russiannavy.net/models/bayan/bayan.htm&h=466&w=800&sz=56&hl=ru&start=2&sig2=mwRk2WWp8NshF_w0jhqD3w&um=1&tbnid=7N892s4ZuAqmFM:&tbnh=83&tbnw=143&ei=mLBoSPv4DoHm0QTGkYXIDw&prev=/images%3Fq%3D%25D0%25BA%25D1%2580%25D0%25B5%25D0%25B9%25D1%2581%25D0%25B5%25D1%2580%2B%25D0%25B1%25D0%25B0%25D1%258F%25D0%25BD%26um%3D1%26hl%3Dru%26newwindow%3D1%26sa%3DN" "Mozilla/4.0 (compatible; MSIE 6.0; Windows NT 5.1; SV1; .NET CLR 2.0.50727; .NET CLR 1.1.4322)" "russiannavy.net"
194.54.148.8 - - [30/Jun/2008:03:08:29 -0700] "GET /models/bayan/Bayan14_small.jpg HTTP/1.0" 200 2958 "http://russiannavy.net/models/bayan/bayan.htm" "Mozilla/4.0 (compatible; MSIE 6.0; Windows NT 5.1; SV1; .NET CLR 2.0.50727; .NET CLR 1.1.4322)" "russiannavy.net"
194.54.148.8 - - [30/Jun/2008:03:08:30 -0700] "GET /models/bayan/Bayan-bw.jpg HTTP/1.0" 200 109221 "http://russiannavy.net/models/bayan/bayan.htm" "Mozilla/4.0 (compatible; MSIE 6.0; Windows NT 5.1; SV1; .NET CLR 2.0.50727; .NET CLR 1.1.4322)" "russiannavy.net"
194.54.148.8 - - [30/Jun/2008:03:08:30 -0700] "GET /models/bayan/Bayan8_small.jpg HTTP/1.0" 200 1455 "http://russiannavy.net/models/bayan/bayan.htm" "Mozilla/4.0 (compatible; MSIE 6.0; Windows NT 5.1; SV1; .NET CLR 2.0.50727; .NET CLR 1.1.4322)" "russiannavy.net"
194.54.148.8 - - [30/Jun/2008:03:08:30 -0700] "GET /models/bayan/Bayan15_small.jpg HTTP/1.0" 200 3053 "http://russiannavy.net/models/bayan/bayan.htm" "Mozilla/4.0 (compatible; MSIE 6.0; Windows NT 5.1; SV1; .NET CLR 2.0.50727; .NET CLR 1.1.4322)" "russiannavy.net"
194.54.148.8 - - [30/Jun/2008:03:08:30 -0700] "GET /models/bayan/Bayan12_small.jpg HTTP/1.0" 200 3701 "http://russiannavy.net/models/bayan/bayan.htm" "Mozilla/4.0 (compatible; MSIE 6.0; Windows NT 5.1; SV1; .NET CLR 2.0.50727; .NET CLR 1.1.4322)" "russiannavy.net"
194.54.148.8 - - [30/Jun/2008:03:08:30 -0700] "GET /models/bayan/Bayan9_small.jpg HTTP/1.0" 200 2079 "http://russiannavy.net/models/bayan/bayan.htm" "Mozilla/4.0 (compatible; MSIE 6.0; Windows NT 5.1; SV1; .NET CLR 2.0.50727; .NET CLR 1.1.4322)" "russiannavy.net"
194.54.148.8 - - [30/Jun/2008:03:08:30 -0700] "GET /models/bayan/Bayan10_small.jpg HTTP/1.0" 200 1963 "http://russiannavy.net/models/bayan/bayan.htm" "Mozilla/4.0 (compatible; MSIE 6.0; Windows NT 5.1; SV1; .NET CLR 2.0.50727; .NET CLR 1.1.4322)" "russiannavy.net"
194.54.148.8 - - [30/Jun/2008:03:08:30 -0700] "GET /models/bayan/Bayan11_small.jpg HTTP/1.0" 200 1832 "http://russiannavy.net/models/bayan/bayan.htm" "Mozilla/4.0 (compatible; MSIE 6.0; Windows NT 5.1; SV1; .NET CLR 2.0.50727; .NET CLR 1.1.4322)" "russiannavy.net"
194.54.148.8 - - [30/Jun/2008:03:08:31 -0700] "GET /models/bayan/Bayan13_small.jpg HTTP/1.0" 200 1820 "http://russiannavy.net/models/bayan/bayan.htm" "Mozilla/4.0 (compatible; MSIE 6.0; Windows NT 5.1; SV1; .NET CLR 2.0.50727; .NET CLR 1.1.4322)" "russiannavy.net"
74.58.68.124 - - [30/Jun/2008:03:17:11 -0700] "GET /Ft_knox/P1130414.jpg HTTP/1.1" 200 52592 "http://www.ar15.com/forums/topic.html?b=1&f=5&t=726177&page=2" "Mozilla/4.0 (compatible; MSIE 7.0; Windows NT 6.0; SLCC1; .NET CLR 2.0.50727; Media Center PC 5.0; .NET CLR 3.0.04506)" "russiannavy.net"
74.58.68.124 - - [30/Jun/2008:03:17:11 -0700] "GET /Ft_knox/P1130383.jpg HTTP/1.1" 200 41648 "http://www.ar15.com/forums/topic.html?b=1&f=5&t=726177&page=2" "Mozilla/4.0 (compatible; MSIE 7.0; Windows NT 6.0; SLCC1; .NET CLR 2.0.50727; Media Center PC 5.0; .NET CLR 3.0.04506)" "russiannavy.net"
74.58.68.124 - - [30/Jun/2008:03:17:12 -0700] "GET /Ft_knox/P1130423.jpg HTTP/1.1" 200 41853 "http://www.ar15.com/forums/topic.html?b=1&f=5&t=726177&page=2" "Mozilla/4.0 (compatible; MSIE 7.0; Windows NT 6.0; SLCC1; .NET CLR 2.0.50727; Media Center PC 5.0; .NET CLR 3.0.04506)" "russiannavy.net"
74.58.68.124 - - [30/Jun/2008:03:18:59 -0700] "GET /favicon.ico HTTP/1.1" 404 275 "-" "Mozilla/4.0 (compatible; MSIE 7.0; Windows NT 6.0; SLCC1; .NET CLR 2.0.50727; Media Center PC 5.0; .NET CLR 3.0.04506)" "russiannavy.net"
134.134.136.1 - - [30/Jun/2008:03:19:59 -0700] "GET /Ft_knox/P1130423.jpg HTTP/1.0" 200 41853 "http://ar15.com/forums/topic.html?b=1&f=5&t=726177&page=2" "Mozilla/4.0 (compatible; MSIE 6.0; Windows NT 5.1; SV1; .NET CLR 1.1.4322; .NET CLR 2.0.50727; .NET CLR 3.0.04506.30; InfoPath.1; MS-RTC LM 8; .NET CLR 3.0.04506.648)" "russiannavy.net"
134.134.136.1 - - [30/Jun/2008:03:19:59 -0700] "GET /Ft_knox/P1130414.jpg HTTP/1.0" 200 52592 "http://ar15.com/forums/topic.html?b=1&f=5&t=726177&page=2" "Mozilla/4.0 (compatible; MSIE 6.0; Windows NT 5.1; SV1; .NET CLR 1.1.4322; .NET CLR 2.0.50727; .NET CLR 3.0.04506.30; InfoPath.1; MS-RTC LM 8; .NET CLR 3.0.04506.648)" "russiannavy.net"
134.134.136.1 - - [30/Jun/2008:03:19:59 -0700] "GET /Ft_knox/P1130383.jpg HTTP/1.0" 200 41648 "http://ar15.com/forums/topic.html?b=1&f=5&t=726177&page=2" "Mozilla/4.0 (compatible; MSIE 6.0; Windows NT 5.1; SV1; .NET CLR 1.1.4322; .NET CLR 2.0.50727; .NET CLR 3.0.04506.30; InfoPath.1; MS-RTC LM 8; .NET CLR 3.0.04506.648)" "russiannavy.net"
74.6.18.228 - - [30/Jun/2008:03:24:19 -0700] "GET /photos/littlefield/Sept_2004/T-72/pages/IMGP1262.html HTTP/1.0" 200 2910 "-" "Mozilla/5.0 (compatible; Yahoo! Slurp; http://help.yahoo.com/help/us/ysearch/slurp)" "russiannavy.net"
24.45.150.99 - - [30/Jun/2008:03:24:35 -0700] "GET /Ft_knox/P1130383.jpg HTTP/1.1" 200 41648 "http://www.ar15.com/forums/topic.html?b=1&f=5&t=726177&page=2" "Mozilla/4.0 (compatible; MSIE 7.0; Windows NT 5.1; .NET CLR 1.1.4322; .NET CLR 2.0.50727)" "russiannavy.net"
24.45.150.99 - - [30/Jun/2008:03:24:35 -0700] "GET /Ft_knox/P1130414.jpg HTTP/1.1" 200 52592 "http://www.ar15.com/forums/topic.html?b=1&f=5&t=726177&page=2" "Mozilla/4.0 (compatible; MSIE 7.0; Windows NT 5.1; .NET CLR 1.1.4322; .NET CLR 2.0.50727)" "russiannavy.net"
24.45.150.99 - - [30/Jun/2008:03:24:35 -0700] "GET /Ft_knox/P1130423.jpg HTTP/1.1" 200 41853 "http://www.ar15.com/forums/topic.html?b=1&f=5&t=726177&page=2" "Mozilla/4.0 (compatible; MSIE 7.0; Windows NT 5.1; .NET CLR 1.1.4322; .NET CLR 2.0.50727)" "russiannavy.net"
74.6.18.228 - - [30/Jun/2008:03:25:18 -0700] "GET /photos/littlefield/Sept_2004/T-55/pages/IMGP1219.html HTTP/1.0" 200 2513 "-" "Mozilla/5.0 (compatible; Yahoo! Slurp; http://help.yahoo.com/help/us/ysearch/slurp)" "russiannavy.net"
74.6.18.228 - - [30/Jun/2008:03:36:43 -0700] "GET /photos/littlefield/old_visits/BTR-70/pages/IMG_0705.html HTTP/1.0" 200 2845 "-" "Mozilla/5.0 (compatible; Yahoo! Slurp; http://help.yahoo.com/help/us/ysearch/slurp)" "russiannavy.net"
66.249.70.219 - - [30/Jun/2008:03:36:58 -0700] "GET /models/s-75/ HTTP/1.1" 200 2795 "-" "Mozilla/5.0 (compatible; Googlebot/2.1; +http://www.google.com/bot.html)" "russiannavy.net"
74.6.18.228 - - [30/Jun/2008:03:43:08 -0700] "GET /photos/littlefield/Sept_2004/US_halftracks/pages/IMGP1028.html HTTP/1.0" 200 2688 "-" "Mozilla/5.0 (compatible; Yahoo! Slurp; http://help.yahoo.com/help/us/ysearch/slurp)" "russiannavy.net"
74.6.18.228 - - [30/Jun/2008:03:43:44 -0700] "GET /photos/st_p_art_museum/pages/PICT0520.html HTTP/1.0" 200 11726 "-" "Mozilla/5.0 (compatible; Yahoo! Slurp; http://help.yahoo.com/help/us/ysearch/slurp)" "russiannavy.net"
74.6.18.228 - - [30/Jun/2008:04:00:41 -0700] "GET /photos/square1/pages/IMG_3772.html HTTP/1.0" 200 4192 "-" "Mozilla/5.0 (compatible; Yahoo! Slurp; http://help.yahoo.com/help/us/ysearch/slurp)" "russiannavy.net"
74.6.18.228 - - [30/Jun/2008:04:03:11 -0700] "GET /models/rurik/rurik.htm HTTP/1.0" 200 4480 "-" "Mozilla/5.0 (compatible; Yahoo! Slurp; http://help.yahoo.com/help/us/ysearch/slurp)" "russiannavy.net"
77.122.26.84 - - [30/Jun/2008:04:07:34 -0700] "GET /models/a-20/IMGP9339.jpg HTTP/1.1" 200 49531 "http://www.acemodel.com.ua/forum/viewtopic.php?t=1419&start=15" "Mozilla/4.0 (compatible; MSIE 6.0; Windows NT 5.1; SV1; .NET CLR 1.1.4322; .NET CLR 2.0.50727)" "russiannavy.net"
77.122.26.84 - - [30/Jun/2008:04:07:36 -0700] "GET /favicon.ico HTTP/1.1" 404 275 "-" "Mozilla/5.0 (compatible; Google Desktop)" "russiannavy.net"
77.122.26.84 - - [30/Jun/2008:04:07:43 -0700] "GET /models/a-20/IMGP9340.jpg HTTP/1.1" 200 35007 "http://www.acemodel.com.ua/forum/viewtopic.php?t=1419&start=15" "Mozilla/4.0 (compatible; MSIE 6.0; Windows NT 5.1; SV1; .NET CLR 1.1.4322; .NET CLR 2.0.50727)" "russiannavy.net"
77.122.26.84 - - [30/Jun/2008:04:07:55 -0700] "GET /models/a-20/IMGP9387.jpg HTTP/1.1" 200 82474 "http://www.acemodel.com.ua/forum/viewtopic.php?t=1419&postdays=0&postorder=asc&start=0" "Mozilla/4.0 (compatible; MSIE 6.0; Windows NT 5.1; SV1; .NET CLR 1.1.4322; .NET CLR 2.0.50727)" "russiannavy.net"
77.122.26.84 - - [30/Jun/2008:04:07:55 -0700] "GET /models/a-20/IMGP9386.jpg HTTP/1.1" 200 100839 "http://www.acemodel.com.ua/forum/viewtopic.php?t=1419&postdays=0&postorder=asc&start=0" "Mozilla/4.0 (compatible; MSIE 6.0; Windows NT 5.1; SV1; .NET CLR 1.1.4322; .NET CLR 2.0.50727)" "russiannavy.net"
77.122.26.84 - - [30/Jun/2008:04:07:57 -0700] "GET /models/a-20/IMGP9385.jpg HTTP/1.1" 200 112431 "http://www.acemodel.com.ua/forum/viewtopic.php?t=1419&postdays=0&postorder=asc&start=0" "Mozilla/4.0 (compatible; MSIE 6.0; Windows NT 5.1; SV1; .NET CLR 1.1.4322; .NET CLR 2.0.50727)" "russiannavy.net"
77.122.26.84 - - [30/Jun/2008:04:07:57 -0700] "GET /models/a-20/IMGP9388.jpg HTTP/1.1" 200 85649 "http://www.acemodel.com.ua/forum/viewtopic.php?t=1419&postdays=0&postorder=asc&start=0" "Mozilla/4.0 (compatible; MSIE 6.0; Windows NT 5.1; SV1; .NET CLR 1.1.4322; .NET CLR 2.0.50727)" "russiannavy.net"
77.122.26.84 - - [30/Jun/2008:04:07:59 -0700] "GET /models/a-20/IMGP9379.jpg HTTP/1.1" 200 119887 "http://www.acemodel.com.ua/forum/viewtopic.php?t=1419&postdays=0&postorder=asc&start=0" "Mozilla/4.0 (compatible; MSIE 6.0; Windows NT 5.1; SV1; .NET CLR 1.1.4322; .NET CLR 2.0.50727)" "russiannavy.net"
77.122.26.84 - - [30/Jun/2008:04:08:00 -0700] "GET /models/a-20/IMGP9389.jpg HTTP/1.1" 200 86960 "http://www.acemodel.com.ua/forum/viewtopic.php?t=1419&postdays=0&postorder=asc&start=0" "Mozilla/4.0 (compatible; MSIE 6.0; Windows NT 5.1; SV1; .NET CLR 1.1.4322; .NET CLR 2.0.50727)" "russiannavy.net"
77.122.26.84 - - [30/Jun/2008:04:08:01 -0700] "GET /models/a-20/IMGP9624.jpg HTTP/1.1" 200 76944 "http://www.acemodel.com.ua/forum/viewtopic.php?t=1419&postdays=0&postorder=asc&start=0" "Mozilla/4.0 (compatible; MSIE 6.0; Windows NT 5.1; SV1; .NET CLR 1.1.4322; .NET CLR 2.0.50727)" "russiannavy.net"
77.122.26.84 - - [30/Jun/2008:04:08:02 -0700] "GET /models/a-20/IMGP9626.jpg HTTP/1.1" 200 163735 "http://www.acemodel.com.ua/forum/viewtopic.php?t=1419&postdays=0&postorder=asc&start=0" "Mozilla/4.0 (compatible; MSIE 6.0; Windows NT 5.1; SV1; .NET CLR 1.1.4322; .NET CLR 2.0.50727)" "russiannavy.net"
77.122.26.84 - - [30/Jun/2008:04:08:03 -0700] "GET /models/a-20/IMGP9629.jpg HTTP/1.1" 200 79089 "http://www.acemodel.com.ua/forum/viewtopic.php?t=1419&postdays=0&postorder=asc&start=0" "Mozilla/4.0 (compatible; MSIE 6.0; Windows NT 5.1; SV1; .NET CLR 1.1.4322; .NET CLR 2.0.50727)" "russiannavy.net"
77.122.26.84 - - [30/Jun/2008:04:08:05 -0700] "GET /models/a-20/IMGP9631.jpg HTTP/1.1" 200 116658 "http://www.acemodel.com.ua/forum/viewtopic.php?t=1419&postdays=0&postorder=asc&start=0" "Mozilla/4.0 (compatible; MSIE 6.0; Windows NT 5.1; SV1; .NET CLR 1.1.4322; .NET CLR 2.0.50727)" "russiannavy.net"
77.122.26.84 - - [30/Jun/2008:04:08:05 -0700] "GET /models/a-20/IMGP9633.jpg HTTP/1.1" 200 58384 "http://www.acemodel.com.ua/forum/viewtopic.php?t=1419&postdays=0&postorder=asc&start=0" "Mozilla/4.0 (compatible; MSIE 6.0; Windows NT 5.1; SV1; .NET CLR 1.1.4322; .NET CLR 2.0.50727)" "russiannavy.net"
210.245.31.7 - - [30/Jun/2008:04:08:46 -0700] "GET /photos/misc/i11749-image-original.jpg HTTP/1.0" 200 295629 "http://www.militaryphotos.net/forums/showthread.php?s=693e887c907744fb72c8b84bc69bfb26&t=99988&page=142" "Mozilla/4.0 (compatible; MSIE 7.0; Windows NT 5.1)" "russiannavy.net"
82.2.43.169 - - [30/Jun/2008:04:11:42 -0700] "GET /Ft_knox/P1130383.jpg HTTP/1.1" 200 41648 "http://www.ar15.com/forums/topic.html?b=1&f=5&t=726177&page=2" "Mozilla/5.0 (Windows; U; Windows NT 5.1; en-GB; rv:1.9) Gecko/2008052906 Firefox/3.0" "russiannavy.net"
82.2.43.169 - - [30/Jun/2008:04:11:42 -0700] "GET /Ft_knox/P1130414.jpg HTTP/1.1" 200 52592 "http://www.ar15.com/forums/topic.html?b=1&f=5&t=726177&page=2" "Mozilla/5.0 (Windows; U; Windows NT 5.1; en-GB; rv:1.9) Gecko/2008052906 Firefox/3.0" "russiannavy.net"
82.2.43.169 - - [30/Jun/2008:04:11:42 -0700] "GET /Ft_knox/P1130423.jpg HTTP/1.1" 200 41853 "http://www.ar15.com/forums/topic.html?b=1&f=5&t=726177&page=2" "Mozilla/5.0 (Windows; U; Windows NT 5.1; en-GB; rv:1.9) Gecko/2008052906 Firefox/3.0" "russiannavy.net"
222.253.82.32 - - [30/Jun/2008:04:15:18 -0700] "GET /photos/misc/i11749-image-original.jpg HTTP/1.1" 200 295629 "http://vndefence.info/modules.php?name=Forums&file=viewtopic&t=81&postdays=0&postorder=asc&start=60" "Mozilla/4.0 (compatible; MSIE 7.0; Windows NT 5.1; .NET CLR 1.1.4322; .NET CLR 2.0.50727)" "russiannavy.net"
222.253.82.32 - - [30/Jun/2008:04:16:51 -0700] "GET /photos/misc/i11749-image-original.jpg HTTP/1.1" 304 - "http://vndefence.info/modules.php?name=Forums&file=viewtopic&t=81&postdays=0&postorder=asc&start=60" "Mozilla/4.0 (compatible; MSIE 7.0; Windows NT 5.1; .NET CLR 1.1.4322; .NET CLR 2.0.50727)" "russiannavy.net"
74.6.18.228 - - [30/Jun/2008:04:22:00 -0700] "GET /photos/littlefield/index.htm HTTP/1.0" 200 976 "-" "Mozilla/5.0 (compatible; Yahoo! Slurp; http://help.yahoo.com/help/us/ysearch/slurp)" "russiannavy.net"
74.6.18.228 - - [30/Jun/2008:04:22:35 -0700] "GET /photos/st_p_art_museum/index_15.html HTTP/1.0" 200 8391 "-" "Mozilla/5.0 (compatible; Yahoo! Slurp; http://help.yahoo.com/help/us/ysearch/slurp)" "russiannavy.net"
74.6.18.228 - - [30/Jun/2008:04:25:11 -0700] "GET /photos/littlefield/Sept_2004/M36_Jackson HTTP/1.0" 301 111 "-" "Mozilla/5.0 (compatible; Yahoo! Slurp; http://help.yahoo.com/help/us/ysearch/slurp)" "russiannavy.net"
74.6.18.228 - - [30/Jun/2008:04:25:12 -0700] "GET /photos/littlefield/Sept_2004/M36_Jackson/ HTTP/1.0" 200 2027 "-" "Mozilla/5.0 (compatible; Yahoo! Slurp; http://help.yahoo.com/help/us/ysearch/slurp)" "russiannavy.net"
66.249.70.219 - - [30/Jun/2008:04:25:35 -0700] "GET /models/k-21/ HTTP/1.1" 200 1783 "-" "Mozilla/5.0 (compatible; Googlebot/2.1; +http://www.google.com/bot.html)" "russiannavy.net"
74.6.18.228 - - [30/Jun/2008:04:25:49 -0700] "GET /photos/events/new_york_19-27_nov_06/ HTTP/1.0" 200 8296 "-" "Mozilla/5.0 (compatible; Yahoo! Slurp; http://help.yahoo.com/help/us/ysearch/slurp)" "russiannavy.net"
74.6.18.228 - - [30/Jun/2008:04:26:09 -0700] "GET /photos/events/?M=A HTTP/1.0" 200 3025 "-" "Mozilla/5.0 (compatible; Yahoo! Slurp; http://help.yahoo.com/help/us/ysearch/slurp)" "russiannavy.net"
74.6.18.228 - - [30/Jun/2008:04:26:16 -0700] "GET /photos/events/?S=A HTTP/1.0" 200 3025 "-" "Mozilla/5.0 (compatible; Yahoo! Slurp; http://help.yahoo.com/help/us/ysearch/slurp)" "russiannavy.net"
123.23.192.21 - - [30/Jun/2008:04:26:53 -0700] "GET /photos/misc/i11749-image-original.jpg HTTP/1.1" 200 228884 "http://bacduyenha.com/redirect.php?tid=456&goto=lastpost" "Mozilla/4.0 (compatible; MSIE 6.0; Windows NT 5.1; SV1)" "russiannavy.net"
74.6.18.228 - - [30/Jun/2008:04:27:38 -0700] "GET /gallery/main.php?g2_view=core.ShowItem&g2_itemId=11091 HTTP/1.0" 200 3619 "-" "Mozilla/5.0 (compatible; Yahoo! Slurp; http://help.yahoo.com/help/us/ysearch/slurp)" "russiannavy.net"
74.6.18.228 - - [30/Jun/2008:04:27:39 -0700] "GET /photos/events/nadya_bachelotette_party/ HTTP/1.0" 200 8293 "-" "Mozilla/5.0 (compatible; Yahoo! Slurp; http://help.yahoo.com/help/us/ysearch/slurp)" "russiannavy.net"
74.6.18.228 - - [30/Jun/2008:04:29:34 -0700] "GET /photos/events/tahoe_trip_14-16_Apr_06/ HTTP/1.0" 200 8290 "-" "Mozilla/5.0 (compatible; Yahoo! Slurp; http://help.yahoo.com/help/us/ysearch/slurp)" "russiannavy.net"
74.6.18.228 - - [30/Jun/2008:04:30:27 -0700] "GET /photos/events/labor_camping_1-3_sept_06/ HTTP/1.0" 200 8402 "-" "Mozilla/5.0 (compatible; Yahoo! Slurp; http://help.yahoo.com/help/us/ysearch/slurp)" "russiannavy.net"
74.6.18.228 - - [30/Jun/2008:04:30:45 -0700] "GET /photos/events/ksp_12-14_May/pages/IMGP0020.htm HTTP/1.0" 200 4197 "-" "Mozilla/5.0 (compatible; Yahoo! Slurp; http://help.yahoo.com/help/us/ysearch/slurp)" "russiannavy.net"
74.6.18.228 - - [30/Jun/2008:04:30:52 -0700] "GET /photos/littlefield/Sept_2004/SCUD1/pages/IMGP1373.html HTTP/1.0" 200 2396 "-" "Mozilla/5.0 (compatible; Yahoo! Slurp; http://help.yahoo.com/help/us/ysearch/slurp)" "russiannavy.net"
74.6.18.228 - - [30/Jun/2008:04:31:55 -0700] "GET /photos/events/mustang_range_gun_shoot/ HTTP/1.0" 200 8357 "-" "Mozilla/5.0 (compatible; Yahoo! Slurp; http://help.yahoo.com/help/us/ysearch/slurp)" "russiannavy.net"
74.6.18.228 - - [30/Jun/2008:04:32:00 -0700] "GET /photos/square1/pages/IMG_3816.html HTTP/1.0" 200 4195 "-" "Mozilla/5.0 (compatible; Yahoo! Slurp; http://help.yahoo.com/help/us/ysearch/slurp)" "russiannavy.net"
74.6.18.228 - - [30/Jun/2008:04:36:32 -0700] "GET /photos/events/tahoe_trip_14-16_Apr_06/pages/IMGP9906.htm HTTP/1.0" 200 4220 "-" "Mozilla/5.0 (compatible; Yahoo! Slurp; http://help.yahoo.com/help/us/ysearch/slurp)" "russiannavy.net"
74.6.18.228 - - [30/Jun/2008:04:38:17 -0700] "GET /photos/events/ksp_12-14_May/pages/IMGP0011.htm HTTP/1.0" 200 4196 "-" "Mozilla/5.0 (compatible; Yahoo! Slurp; http://help.yahoo.com/help/us/ysearch/slurp)" "russiannavy.net"
74.6.18.228 - - [30/Jun/2008:04:38:28 -0700] "GET /photos/events/nick_wedding/ HTTP/1.0" 200 8332 "-" "Mozilla/5.0 (compatible; Yahoo! Slurp; http://help.yahoo.com/help/us/ysearch/slurp)" "russiannavy.net"
66.249.70.219 - - [30/Jun/2008:04:38:41 -0700] "GET /gallery/main.php?g2_view=core.ShowItem&g2_itemId=4477 HTTP/1.1" 200 9187 "-" "Mozilla/5.0 (compatible; Googlebot/2.1; +http://www.google.com/bot.html)" "russiannavy.net"
97.97.38.128 - - [30/Jun/2008:04:41:52 -0700] "GET /Ft_knox/P1130383.jpg HTTP/1.1" 200 41648 "http://www.ar15.com/forums/topic.html?b=1&f=5&t=726177&page=2" "Mozilla/4.0 (compatible; MSIE 7.0; Windows NT 5.1; .NET CLR 1.1.4322)" "russiannavy.net"
97.97.38.128 - - [30/Jun/2008:04:41:52 -0700] "GET /Ft_knox/P1130414.jpg HTTP/1.1" 200 52592 "http://www.ar15.com/forums/topic.html?b=1&f=5&t=726177&page=2" "Mozilla/4.0 (compatible; MSIE 7.0; Windows NT 5.1; .NET CLR 1.1.4322)" "russiannavy.net"
97.97.38.128 - - [30/Jun/2008:04:41:52 -0700] "GET /Ft_knox/P1130423.jpg HTTP/1.1" 200 41853 "http://www.ar15.com/forums/topic.html?b=1&f=5&t=726177&page=2" "Mozilla/4.0 (compatible; MSIE 7.0; Windows NT 5.1; .NET CLR 1.1.4322)" "russiannavy.net"
90.162.226.213 - - [30/Jun/2008:04:45:18 -0700] "GET /photos/misc/i11749-image-original.jpg HTTP/1.1" 200 295629 "http://www.militaryphotos.net/forums/showthread.php?t=99988&page=142" "Mozilla/5.0 (Windows; U; Windows NT 5.1; es-ES; rv:1.9) Gecko/2008052906 Firefox/3.0" "russiannavy.net"
74.6.18.244 - - [30/Jun/2008:04:46:25 -0700] "GET /robots.txt HTTP/1.0" 404 275 "-" "Mozilla/5.0 (compatible; Yahoo! Slurp; http://help.yahoo.com/help/us/ysearch/slurp)" "www.russiannavy.net"
74.6.18.244 - - [30/Jun/2008:04:46:28 -0700] "GET /gallery/main.php?g2_view=core.ShowItem&g2_itemId=699 HTTP/1.0" 200 13145 "-" "Mozilla/5.0 (compatible; Yahoo! Slurp; http://help.yahoo.com/help/us/ysearch/slurp)" "www.russiannavy.net"
75.184.7.2 - - [30/Jun/2008:04:46:36 -0700] "GET /Ft_knox/P1130414.jpg HTTP/1.1" 200 52592 "http://www.ar15.com/forums/topic.html?b=1&f=5&t=726177&page=2" "Mozilla/4.0 (compatible; MSIE 7.0; Windows NT 5.1; .NET CLR 1.1.4322; Zango 10.0.370.0)" "russiannavy.net"
75.184.7.2 - - [30/Jun/2008:04:46:36 -0700] "GET /Ft_knox/P1130383.jpg HTTP/1.1" 200 41648 "http://www.ar15.com/forums/topic.html?b=1&f=5&t=726177&page=2" "Mozilla/4.0 (compatible; MSIE 7.0; Windows NT 5.1; .NET CLR 1.1.4322; Zango 10.0.370.0)" "russiannavy.net"
75.184.7.2 - - [30/Jun/2008:04:46:37 -0700] "GET /Ft_knox/P1130423.jpg HTTP/1.1" 200 41853 "http://www.ar15.com/forums/topic.html?b=1&f=5&t=726177&page=2" "Mozilla/4.0 (compatible; MSIE 7.0; Windows NT 5.1; .NET CLR 1.1.4322; Zango 10.0.370.0)" "russiannavy.net"
74.6.18.228 - - [30/Jun/2008:04:47:35 -0700] "GET /models/mics/?S=A HTTP/1.0" 200 6803 "-" "Mozilla/5.0 (compatible; Yahoo! Slurp; http://help.yahoo.com/help/us/ysearch/slurp)" "russiannavy.net"
74.6.18.228 - - [30/Jun/2008:04:47:59 -0700] "GET /photos/littlefield/Sept_2004/M26_Pershing/pages/IMGP1240.html HTTP/1.0" 200 2422 "-" "Mozilla/5.0 (compatible; Yahoo! Slurp; http://help.yahoo.com/help/us/ysearch/slurp)" "russiannavy.net"
58.172.120.41 - - [30/Jun/2008:04:51:03 -0700] "HEAD /bk.html HTTP/1.1" 200 0 "-" "User-Agent: Mozilla/4.0 (compatible; MSIE 6.0; Windows NT 5.1; SV1)" "russiannavy.net"
58.172.120.41 - - [30/Jun/2008:04:51:03 -0700] "GET /bk.html HTTP/1.1" 200 220690 "-" "User-Agent: Mozilla/4.0 (compatible; MSIE 6.0; Windows NT 5.1; SV1)" "russiannavy.net"
58.172.120.41 - - [30/Jun/2008:04:51:15 -0700] "GET /bk.html HTTP/1.1" 200 220690 "-" "Mozilla/5.0 (Windows; U; Windows NT 5.1; en-US; rv:1.9) Gecko/2008052906 Firefox/3.0" "russiannavy.net"
58.172.120.41 - - [30/Jun/2008:04:51:21 -0700] "GET /favicon.ico HTTP/1.1" 404 275 "-" "Mozilla/5.0 (Windows; U; Windows NT 5.1; en-US; rv:1.9) Gecko/2008052906 Firefox/3.0" "russiannavy.net"
58.172.120.41 - - [30/Jun/2008:04:51:24 -0700] "GET /favicon.ico HTTP/1.1" 404 275 "-" "Mozilla/5.0 (Windows; U; Windows NT 5.1; en-US; rv:1.9) Gecko/2008052906 Firefox/3.0" "russiannavy.net"
74.6.18.228 - - [30/Jun/2008:04:53:25 -0700] "GET /models/rurik/?D=A HTTP/1.0" 200 3375 "-" "Mozilla/5.0 (compatible; Yahoo! Slurp; http://help.yahoo.com/help/us/ysearch/slurp)" "russiannavy.net"
74.6.18.228 - - [30/Jun/2008:04:56:18 -0700] "GET /photos/littlefield/Sept_2004/BMP-1/pages/IMGP1098.html HTTP/1.0" 200 2712 "-" "Mozilla/5.0 (compatible; Yahoo! Slurp; http://help.yahoo.com/help/us/ysearch/slurp)" "russiannavy.net"
24.158.130.141 - - [30/Jun/2008:04:57:20 -0700] "GET /Ft_knox/P1130383.jpg HTTP/1.1" 200 41648 "http://www.ar15.com/forums/topic.html?b=1&f=5&t=726177&page=2" "Mozilla/4.0 (compatible; MSIE 7.0; Windows NT 5.1; .NET CLR 2.0.50727; .NET CLR 1.1.4322; .NET CLR 3.0.04506.30; .NET CLR 3.0.04506.648)" "russiannavy.net"
24.158.130.141 - - [30/Jun/2008:04:57:20 -0700] "GET /Ft_knox/P1130414.jpg HTTP/1.1" 200 52592 "http://www.ar15.com/forums/topic.html?b=1&f=5&t=726177&page=2" "Mozilla/4.0 (compatible; MSIE 7.0; Windows NT 5.1; .NET CLR 2.0.50727; .NET CLR 1.1.4322; .NET CLR 3.0.04506.30; .NET CLR 3.0.04506.648)" "russiannavy.net"
24.158.130.141 - - [30/Jun/2008:04:57:20 -0700] "GET /Ft_knox/P1130423.jpg HTTP/1.1" 200 41853 "http://www.ar15.com/forums/topic.html?b=1&f=5&t=726177&page=2" "Mozilla/4.0 (compatible; MSIE 7.0; Windows NT 5.1; .NET CLR 2.0.50727; .NET CLR 1.1.4322; .NET CLR 3.0.04506.30; .NET CLR 3.0.04506.648)" "russiannavy.net"
74.6.18.228 - - [30/Jun/2008:04:57:47 -0700] "GET /photos/events/tahoe_trip_14-16_Apr_06/pages/IMGP9911.htm HTTP/1.0" 200 4221 "-" "Mozilla/5.0 (compatible; Yahoo! Slurp; http://help.yahoo.com/help/us/ysearch/slurp)" "russiannavy.net"
65.55.110.40 - - [30/Jun/2008:05:00:59 -0700] "GET /photos/st_p_art_museum/pages/PICT0603.html HTTP/1.0" 200 11727 "http://search.live.com/results.aspx?q=central&form=QBHP" "Mozilla/4.0 (compatible; MSIE 7.0; Windows NT 5.2; .NET CLR 1.1.4322)" "russiannavy.net"
74.6.18.228 - - [30/Jun/2008:05:05:20 -0700] "GET /photos/st_p_art_museum/pages/PICT0502.html HTTP/1.0" 200 11724 "-" "Mozilla/5.0 (compatible; Yahoo! Slurp; http://help.yahoo.com/help/us/ysearch/slurp)" "russiannavy.net"
74.6.18.228 - - [30/Jun/2008:05:05:33 -0700] "GET /photos/littlefield/Sept_2004/Panzer_I/pages/IMGP1185.html HTTP/1.0" 200 2237 "-" "Mozilla/5.0 (compatible; Yahoo! Slurp; http://help.yahoo.com/help/us/ysearch/slurp)" "russiannavy.net"
208.80.193.53 - - [30/Jun/2008:05:07:07 -0700] "GET / HTTP/1.0" 200 1315 "-" "Mozilla/4.0 (compatible; MSIE 7.0; Windows NT 5.1; YPC 3.2.0; .NET CLR 1.1.4322; .NET CLR 2.0.50727; PeoplePal 3.0; yplus 5.1.04b)" "www.russiannavy.net"
74.6.18.228 - - [30/Jun/2008:05:11:11 -0700] "GET /photos/tanknet/?S=D HTTP/1.0" 200 1093 "-" "Mozilla/5.0 (compatible; Yahoo! Slurp; http://help.yahoo.com/help/us/ysearch/slurp)" "russiannavy.net"
75.68.35.23 - - [30/Jun/2008:05:11:50 -0700] "GET /Ft_knox/P1130383.jpg HTTP/1.1" 200 41648 "http://www.ar15.com/forums/topic.html?b=1&f=5&t=726177&page=2" "Mozilla/5.0 (Windows; U; Windows NT 5.1; en-US; rv:1.9) Gecko/2008052906 Firefox/3.0" "russiannavy.net"
75.68.35.23 - - [30/Jun/2008:05:11:50 -0700] "GET /Ft_knox/P1130414.jpg HTTP/1.1" 200 52592 "http://www.ar15.com/forums/topic.html?b=1&f=5&t=726177&page=2" "Mozilla/5.0 (Windows; U; Windows NT 5.1; en-US; rv:1.9) Gecko/2008052906 Firefox/3.0" "russiannavy.net"
75.68.35.23 - - [30/Jun/2008:05:11:50 -0700] "GET /Ft_knox/P1130423.jpg HTTP/1.1" 200 41853 "http://www.ar15.com/forums/topic.html?b=1&f=5&t=726177&page=2" "Mozilla/5.0 (Windows; U; Windows NT 5.1; en-US; rv:1.9) Gecko/2008052906 Firefox/3.0" "russiannavy.net"
62.40.50.202 - - [30/Jun/2008:05:15:54 -0700] "GET /Ft_knox/P1130420.jpg HTTP/1.1" 200 46746 "http://www.boards.ie/vbulletin/showthread.php?t=2055150571&page=443" "Mozilla/5.0 (Windows; U; Windows NT 6.0; en-GB; rv:1.8.1.14) Gecko/20080404 Firefox/2.0.0.14" "russiannavy.net"
195.145.211.193 - - [30/Jun/2008:05:19:24 -0700] "GET /photos/st_p_art_museum/images/PICT0692.jpg HTTP/1.1" 200 125590 "http://88.198.24.206/invisionboard/lofiversion/index.php/'/lake-bilder/fahr_auftrag/1997-2000/t24694-2500.html" "Mozilla/4.0 (compatible; MSIE 6.0; Windows NT 5.1; SV1; .NET CLR 2.0.50727)" "russiannavy.net"
117.5.145.190 - - [30/Jun/2008:05:22:23 -0700] "GET /photos/misc/i11749-image-original.jpg HTTP/1.1" 200 295629 "http://vndefence.info/modules.php?name=Forums&file=viewtopic&t=81&postdays=0&postorder=asc&start=60" "Mozilla/4.0 (compatible; MSIE 7.0; Windows NT 5.1; .NET CLR 2.0.50727)" "russiannavy.net"
66.249.70.219 - - [30/Jun/2008:05:25:36 -0700] "GET /gallery/main.php?g2_view=core.ShowItem&g2_itemId=9964 HTTP/1.1" 200 12821 "-" "Mozilla/5.0 (compatible; Googlebot/2.1; +http://www.google.com/bot.html)" "russiannavy.net"
66.249.70.219 - - [30/Jun/2008:05:28:04 -0700] "GET /models/mics/ HTTP/1.1" 200 6819 "-" "Mozilla/5.0 (compatible; Googlebot/2.1; +http://www.google.com/bot.html)" "russiannavy.net"
