68.164.95.90 - - [30/Jun/2008:12:17:45 -0700] "GET /gallery/main.php?g2_view=core.DownloadItem&g2_itemId=10647&g2_serialNumber=2 HTTP/1.1" 200 5810 "http://www.russiannavy.net/gallery/main.php?g2_view=core.ShowItem&g2_itemId=10430" "Mozilla/4.0 (compatible; MSIE 7.0; Windows NT 6.0; SLCC1; .NET CLR 2.0.50727; Media Center PC 5.0; .NET CLR 3.0.04506)" "www.russiannavy.net"
68.164.95.90 - - [30/Jun/2008:12:17:45 -0700] "GET /gallery/main.php?g2_view=core.DownloadItem&g2_itemId=10649&g2_serialNumber=2 HTTP/1.1" 200 5046 "http://www.russiannavy.net/gallery/main.php?g2_view=core.ShowItem&g2_itemId=10430" "Mozilla/4.0 (compatible; MSIE 7.0; Windows NT 6.0; SLCC1; .NET CLR 2.0.50727; Media Center PC 5.0; .NET CLR 3.0.04506)" "www.russiannavy.net"
68.164.95.90 - - [30/Jun/2008:12:17:46 -0700] "GET /gallery/main.php?g2_view=core.DownloadItem&g2_itemId=10651&g2_serialNumber=2 HTTP/1.1" 200 4924 "http://www.russiannavy.net/gallery/main.php?g2_view=core.ShowItem&g2_itemId=10430" "Mozilla/4.0 (compatible; MSIE 7.0; Windows NT 6.0; SLCC1; .NET CLR 2.0.50727; Media Center PC 5.0; .NET CLR 3.0.04506)" "www.russiannavy.net"
68.164.95.90 - - [30/Jun/2008:12:17:46 -0700] "GET /gallery/main.php?g2_view=core.DownloadItem&g2_itemId=10653&g2_serialNumber=2 HTTP/1.1" 200 5639 "http://www.russiannavy.net/gallery/main.php?g2_view=core.ShowItem&g2_itemId=10430" "Mozilla/4.0 (compatible; MSIE 7.0; Windows NT 6.0; SLCC1; .NET CLR 2.0.50727; Media Center PC 5.0; .NET CLR 3.0.04506)" "www.russiannavy.net"
68.164.95.90 - - [30/Jun/2008:12:17:46 -0700] "GET /gallery/main.php?g2_view=core.DownloadItem&g2_itemId=10655&g2_serialNumber=2 HTTP/1.1" 200 5761 "http://www.russiannavy.net/gallery/main.php?g2_view=core.ShowItem&g2_itemId=10430" "Mozilla/4.0 (compatible; MSIE 7.0; Windows NT 6.0; SLCC1; .NET CLR 2.0.50727; Media Center PC 5.0; .NET CLR 3.0.04506)" "www.russiannavy.net"
68.164.95.90 - - [30/Jun/2008:12:17:46 -0700] "GET /gallery/main.php?g2_view=core.DownloadItem&g2_itemId=10659&g2_serialNumber=2 HTTP/1.1" 200 5680 "http://www.russiannavy.net/gallery/main.php?g2_view=core.ShowItem&g2_itemId=10430" "Mozilla/4.0 (compatible; MSIE 7.0; Windows NT 6.0; SLCC1; .NET CLR 2.0.50727; Media Center PC 5.0; .NET CLR 3.0.04506)" "www.russiannavy.net"
68.164.95.90 - - [30/Jun/2008:12:17:46 -0700] "GET /gallery/main.php?g2_view=core.DownloadItem&g2_itemId=10641&g2_serialNumber=2 HTTP/1.1" 200 5460 "http://www.russiannavy.net/gallery/main.php?g2_view=core.ShowItem&g2_itemId=10430" "Mozilla/4.0 (compatible; MSIE 7.0; Windows NT 6.0; SLCC1; .NET CLR 2.0.50727; Media Center PC 5.0; .NET CLR 3.0.04506)" "www.russiannavy.net"
68.164.95.90 - - [30/Jun/2008:12:17:46 -0700] "GET /gallery/main.php?g2_view=core.DownloadItem&g2_itemId=10657&g2_serialNumber=2 HTTP/1.1" 200 5509 "http://www.russiannavy.net/gallery/main.php?g2_view=core.ShowItem&g2_itemId=10430" "Mozilla/4.0 (compatible; MSIE 7.0; Windows NT 6.0; SLCC1; .NET CLR 2.0.50727; Media Center PC 5.0; .NET CLR 3.0.04506)" "www.russiannavy.net"
68.164.95.90 - - [30/Jun/2008:12:17:47 -0700] "GET /gallery/main.php?g2_view=core.DownloadItem&g2_itemId=10663&g2_serialNumber=2 HTTP/1.1" 200 4758 "http://www.russiannavy.net/gallery/main.php?g2_view=core.ShowItem&g2_itemId=10430" "Mozilla/4.0 (compatible; MSIE 7.0; Windows NT 6.0; SLCC1; .NET CLR 2.0.50727; Media Center PC 5.0; .NET CLR 3.0.04506)" "www.russiannavy.net"
68.164.95.90 - - [30/Jun/2008:12:17:47 -0700] "GET /gallery/main.php?g2_view=core.DownloadItem&g2_itemId=10665&g2_serialNumber=2 HTTP/1.1" 200 5169 "http://www.russiannavy.net/gallery/main.php?g2_view=core.ShowItem&g2_itemId=10430" "Mozilla/4.0 (compatible; MSIE 7.0; Windows NT 6.0; SLCC1; .NET CLR 2.0.50727; Media Center PC 5.0; .NET CLR 3.0.04506)" "www.russiannavy.net"
68.164.95.90 - - [30/Jun/2008:12:17:47 -0700] "GET /gallery/main.php?g2_view=core.DownloadItem&g2_itemId=10661&g2_serialNumber=2 HTTP/1.1" 200 5148 "http://www.russiannavy.net/gallery/main.php?g2_view=core.ShowItem&g2_itemId=10430" "Mozilla/4.0 (compatible; MSIE 7.0; Windows NT 6.0; SLCC1; .NET CLR 2.0.50727; Media Center PC 5.0; .NET CLR 3.0.04506)" "www.russiannavy.net"
68.164.95.90 - - [30/Jun/2008:12:17:47 -0700] "GET /gallery/main.php?g2_view=core.DownloadItem&g2_itemId=10667&g2_serialNumber=2 HTTP/1.1" 200 5870 "http://www.russiannavy.net/gallery/main.php?g2_view=core.ShowItem&g2_itemId=10430" "Mozilla/4.0 (compatible; MSIE 7.0; Windows NT 6.0; SLCC1; .NET CLR 2.0.50727; Media Center PC 5.0; .NET CLR 3.0.04506)" "www.russiannavy.net"
68.164.95.90 - - [30/Jun/2008:12:17:48 -0700] "GET /gallery/main.php?g2_view=core.DownloadItem&g2_itemId=10669&g2_serialNumber=2 HTTP/1.1" 200 5131 "http://www.russiannavy.net/gallery/main.php?g2_view=core.ShowItem&g2_itemId=10430" "Mozilla/4.0 (compatible; MSIE 7.0; Windows NT 6.0; SLCC1; .NET CLR 2.0.50727; Media Center PC 5.0; .NET CLR 3.0.04506)" "www.russiannavy.net"
68.164.95.90 - - [30/Jun/2008:12:17:48 -0700] "GET /gallery/main.php?g2_view=core.DownloadItem&g2_itemId=10671&g2_serialNumber=2 HTTP/1.1" 200 5620 "http://www.russiannavy.net/gallery/main.php?g2_view=core.ShowItem&g2_itemId=10430" "Mozilla/4.0 (compatible; MSIE 7.0; Windows NT 6.0; SLCC1; .NET CLR 2.0.50727; Media Center PC 5.0; .NET CLR 3.0.04506)" "www.russiannavy.net"
68.164.95.90 - - [30/Jun/2008:12:17:48 -0700] "GET /gallery/main.php?g2_view=core.DownloadItem&g2_itemId=10673&g2_serialNumber=2 HTTP/1.1" 200 5328 "http://www.russiannavy.net/gallery/main.php?g2_view=core.ShowItem&g2_itemId=10430" "Mozilla/4.0 (compatible; MSIE 7.0; Windows NT 6.0; SLCC1; .NET CLR 2.0.50727; Media Center PC 5.0; .NET CLR 3.0.04506)" "www.russiannavy.net"
68.164.95.90 - - [30/Jun/2008:12:17:48 -0700] "GET /gallery/main.php?g2_view=core.DownloadItem&g2_itemId=10675&g2_serialNumber=2 HTTP/1.1" 200 5378 "http://www.russiannavy.net/gallery/main.php?g2_view=core.ShowItem&g2_itemId=10430" "Mozilla/4.0 (compatible; MSIE 7.0; Windows NT 6.0; SLCC1; .NET CLR 2.0.50727; Media Center PC 5.0; .NET CLR 3.0.04506)" "www.russiannavy.net"
68.164.95.90 - - [30/Jun/2008:12:17:48 -0700] "GET /gallery/main.php?g2_view=core.DownloadItem&g2_itemId=10677&g2_serialNumber=2 HTTP/1.1" 200 5202 "http://www.russiannavy.net/gallery/main.php?g2_view=core.ShowItem&g2_itemId=10430" "Mozilla/4.0 (compatible; MSIE 7.0; Windows NT 6.0; SLCC1; .NET CLR 2.0.50727; Media Center PC 5.0; .NET CLR 3.0.04506)" "www.russiannavy.net"
68.164.95.90 - - [30/Jun/2008:12:17:48 -0700] "GET /gallery/main.php?g2_view=core.DownloadItem&g2_itemId=10679&g2_serialNumber=2 HTTP/1.1" 200 5009 "http://www.russiannavy.net/gallery/main.php?g2_view=core.ShowItem&g2_itemId=10430" "Mozilla/4.0 (compatible; MSIE 7.0; Windows NT 6.0; SLCC1; .NET CLR 2.0.50727; Media Center PC 5.0; .NET CLR 3.0.04506)" "www.russiannavy.net"
68.164.95.90 - - [30/Jun/2008:12:17:53 -0700] "GET /gallery/main.php?g2_view=core.ShowItem&g2_itemId=31&g2_GALLERYSID=1d59d6afdf602532f3b90ffbe494a977 HTTP/1.1" 200 4946 "http://www.russiannavy.net/gallery/main.php?g2_view=core.ShowItem&g2_itemId=10" "Mozilla/4.0 (compatible; MSIE 7.0; Windows NT 6.0; SLCC1; .NET CLR 2.0.50727; Media Center PC 5.0; .NET CLR 3.0.04506)" "www.russiannavy.net"
68.164.95.90 - - [30/Jun/2008:12:17:53 -0700] "GET /gallery/main.php?g2_view=core.DownloadItem&g2_itemId=2915&g2_serialNumber=7 HTTP/1.1" 200 4487 "http://www.russiannavy.net/gallery/main.php?g2_view=core.ShowItem&g2_itemId=31&g2_GALLERYSID=1d59d6afdf602532f3b90ffbe494a977" "Mozilla/4.0 (compatible; MSIE 7.0; Windows NT 6.0; SLCC1; .NET CLR 2.0.50727; Media Center PC 5.0; .NET CLR 3.0.04506)" "www.russiannavy.net"
68.164.95.90 - - [30/Jun/2008:12:17:54 -0700] "GET /gallery/main.php?g2_view=core.DownloadItem&g2_itemId=2955&g2_serialNumber=17 HTTP/1.1" 200 3899 "http://www.russiannavy.net/gallery/main.php?g2_view=core.ShowItem&g2_itemId=31&g2_GALLERYSID=1d59d6afdf602532f3b90ffbe494a977" "Mozilla/4.0 (compatible; MSIE 7.0; Windows NT 6.0; SLCC1; .NET CLR 2.0.50727; Media Center PC 5.0; .NET CLR 3.0.04506)" "www.russiannavy.net"
68.164.95.90 - - [30/Jun/2008:12:17:54 -0700] "GET /gallery/main.php?g2_view=core.DownloadItem&g2_itemId=3171&g2_serialNumber=3 HTTP/1.1" 200 3934 "http://www.russiannavy.net/gallery/main.php?g2_view=core.ShowItem&g2_itemId=31&g2_GALLERYSID=1d59d6afdf602532f3b90ffbe494a977" "Mozilla/4.0 (compatible; MSIE 7.0; Windows NT 6.0; SLCC1; .NET CLR 2.0.50727; Media Center PC 5.0; .NET CLR 3.0.04506)" "www.russiannavy.net"
68.164.95.90 - - [30/Jun/2008:12:17:54 -0700] "GET /gallery/main.php?g2_view=core.DownloadItem&g2_itemId=3131&g2_serialNumber=2 HTTP/1.1" 200 4305 "http://www.russiannavy.net/gallery/main.php?g2_view=core.ShowItem&g2_itemId=31&g2_GALLERYSID=1d59d6afdf602532f3b90ffbe494a977" "Mozilla/4.0 (compatible; MSIE 7.0; Windows NT 6.0; SLCC1; .NET CLR 2.0.50727; Media Center PC 5.0; .NET CLR 3.0.04506)" "www.russiannavy.net"
68.164.95.90 - - [30/Jun/2008:12:18:03 -0700] "GET /gallery/main.php?g2_view=core.ShowItem&g2_itemId=2894 HTTP/1.1" 200 11759 "http://www.russiannavy.net/gallery/main.php?g2_view=core.ShowItem&g2_itemId=31&g2_GALLERYSID=1d59d6afdf602532f3b90ffbe494a977" "Mozilla/4.0 (compatible; MSIE 7.0; Windows NT 6.0; SLCC1; .NET CLR 2.0.50727; Media Center PC 5.0; .NET CLR 3.0.04506)" "www.russiannavy.net"
68.164.95.90 - - [30/Jun/2008:12:18:03 -0700] "GET /gallery/main.php?g2_view=core.DownloadItem&g2_itemId=14740&g2_serialNumber=4 HTTP/1.1" 200 4487 "http://www.russiannavy.net/gallery/main.php?g2_view=core.ShowItem&g2_itemId=2894" "Mozilla/4.0 (compatible; MSIE 7.0; Windows NT 6.0; SLCC1; .NET CLR 2.0.50727; Media Center PC 5.0; .NET CLR 3.0.04506)" "www.russiannavy.net"
68.164.95.90 - - [30/Jun/2008:12:18:03 -0700] "GET /gallery/main.php?g2_view=core.DownloadItem&g2_itemId=3290&g2_serialNumber=2 HTTP/1.1" 200 3335 "http://www.russiannavy.net/gallery/main.php?g2_view=core.ShowItem&g2_itemId=2894" "Mozilla/4.0 (compatible; MSIE 7.0; Windows NT 6.0; SLCC1; .NET CLR 2.0.50727; Media Center PC 5.0; .NET CLR 3.0.04506)" "www.russiannavy.net"
68.164.95.90 - - [30/Jun/2008:12:18:03 -0700] "GET /gallery/main.php?g2_view=core.DownloadItem&g2_itemId=3248&g2_serialNumber=2 HTTP/1.1" 200 4829 "http://www.russiannavy.net/gallery/main.php?g2_view=core.ShowItem&g2_itemId=2894" "Mozilla/4.0 (compatible; MSIE 7.0; Windows NT 6.0; SLCC1; .NET CLR 2.0.50727; Media Center PC 5.0; .NET CLR 3.0.04506)" "www.russiannavy.net"
68.164.95.90 - - [30/Jun/2008:12:18:04 -0700] "GET /gallery/main.php?g2_view=core.DownloadItem&g2_itemId=3317&g2_serialNumber=2 HTTP/1.1" 200 3141 "http://www.russiannavy.net/gallery/main.php?g2_view=core.ShowItem&g2_itemId=2894" "Mozilla/4.0 (compatible; MSIE 7.0; Windows NT 6.0; SLCC1; .NET CLR 2.0.50727; Media Center PC 5.0; .NET CLR 3.0.04506)" "www.russiannavy.net"
68.164.95.90 - - [30/Jun/2008:12:18:04 -0700] "GET /gallery/main.php?g2_view=core.DownloadItem&g2_itemId=2914&g2_serialNumber=4 HTTP/1.1" 200 4307 "http://www.russiannavy.net/gallery/main.php?g2_view=core.ShowItem&g2_itemId=2894" "Mozilla/4.0 (compatible; MSIE 7.0; Windows NT 6.0; SLCC1; .NET CLR 2.0.50727; Media Center PC 5.0; .NET CLR 3.0.04506)" "www.russiannavy.net"
68.164.95.90 - - [30/Jun/2008:12:18:04 -0700] "GET /gallery/main.php?g2_view=core.DownloadItem&g2_itemId=2937&g2_serialNumber=2 HTTP/1.1" 200 3212 "http://www.russiannavy.net/gallery/main.php?g2_view=core.ShowItem&g2_itemId=2894" "Mozilla/4.0 (compatible; MSIE 7.0; Windows NT 6.0; SLCC1; .NET CLR 2.0.50727; Media Center PC 5.0; .NET CLR 3.0.04506)" "www.russiannavy.net"
68.164.95.90 - - [30/Jun/2008:12:18:04 -0700] "GET /gallery/main.php?g2_view=core.DownloadItem&g2_itemId=3231&g2_serialNumber=2 HTTP/1.1" 200 3474 "http://www.russiannavy.net/gallery/main.php?g2_view=core.ShowItem&g2_itemId=2894" "Mozilla/4.0 (compatible; MSIE 7.0; Windows NT 6.0; SLCC1; .NET CLR 2.0.50727; Media Center PC 5.0; .NET CLR 3.0.04506)" "www.russiannavy.net"
68.164.95.90 - - [30/Jun/2008:12:18:04 -0700] "GET /gallery/main.php?g2_view=core.DownloadItem&g2_itemId=3212&g2_serialNumber=2 HTTP/1.1" 200 3609 "http://www.russiannavy.net/gallery/main.php?g2_view=core.ShowItem&g2_itemId=2894" "Mozilla/4.0 (compatible; MSIE 7.0; Windows NT 6.0; SLCC1; .NET CLR 2.0.50727; Media Center PC 5.0; .NET CLR 3.0.04506)" "www.russiannavy.net"
68.164.95.90 - - [30/Jun/2008:12:18:04 -0700] "GET /gallery/main.php?g2_view=core.DownloadItem&g2_itemId=4304&g2_serialNumber=2 HTTP/1.1" 200 3123 "http://www.russiannavy.net/gallery/main.php?g2_view=core.ShowItem&g2_itemId=2894" "Mozilla/4.0 (compatible; MSIE 7.0; Windows NT 6.0; SLCC1; .NET CLR 2.0.50727; Media Center PC 5.0; .NET CLR 3.0.04506)" "www.russiannavy.net"
68.164.95.90 - - [30/Jun/2008:12:18:04 -0700] "GET /gallery/main.php?g2_view=core.DownloadItem&g2_itemId=5718&g2_serialNumber=2 HTTP/1.1" 200 3534 "http://www.russiannavy.net/gallery/main.php?g2_view=core.ShowItem&g2_itemId=2894" "Mozilla/4.0 (compatible; MSIE 7.0; Windows NT 6.0; SLCC1; .NET CLR 2.0.50727; Media Center PC 5.0; .NET CLR 3.0.04506)" "www.russiannavy.net"
68.164.95.90 - - [30/Jun/2008:12:18:05 -0700] "GET /gallery/main.php?g2_view=core.DownloadItem&g2_itemId=3336&g2_serialNumber=2 HTTP/1.1" 200 4653 "http://www.russiannavy.net/gallery/main.php?g2_view=core.ShowItem&g2_itemId=2894" "Mozilla/4.0 (compatible; MSIE 7.0; Windows NT 6.0; SLCC1; .NET CLR 2.0.50727; Media Center PC 5.0; .NET CLR 3.0.04506)" "www.russiannavy.net"
68.164.95.90 - - [30/Jun/2008:12:18:05 -0700] "GET /gallery/main.php?g2_view=core.DownloadItem&g2_itemId=3275&g2_serialNumber=2 HTTP/1.1" 200 4986 "http://www.russiannavy.net/gallery/main.php?g2_view=core.ShowItem&g2_itemId=2894" "Mozilla/4.0 (compatible; MSIE 7.0; Windows NT 6.0; SLCC1; .NET CLR 2.0.50727; Media Center PC 5.0; .NET CLR 3.0.04506)" "www.russiannavy.net"
68.164.95.90 - - [30/Jun/2008:12:18:05 -0700] "GET /gallery/main.php?g2_view=core.DownloadItem&g2_itemId=5707&g2_serialNumber=4 HTTP/1.1" 200 3590 "http://www.russiannavy.net/gallery/main.php?g2_view=core.ShowItem&g2_itemId=2894" "Mozilla/4.0 (compatible; MSIE 7.0; Windows NT 6.0; SLCC1; .NET CLR 2.0.50727; Media Center PC 5.0; .NET CLR 3.0.04506)" "www.russiannavy.net"
68.164.95.90 - - [30/Jun/2008:12:18:05 -0700] "GET /gallery/main.php?g2_view=core.DownloadItem&g2_itemId=5698&g2_serialNumber=2 HTTP/1.1" 200 4864 "http://www.russiannavy.net/gallery/main.php?g2_view=core.ShowItem&g2_itemId=2894" "Mozilla/4.0 (compatible; MSIE 7.0; Windows NT 6.0; SLCC1; .NET CLR 2.0.50727; Media Center PC 5.0; .NET CLR 3.0.04506)" "www.russiannavy.net"
68.164.95.90 - - [30/Jun/2008:12:18:15 -0700] "GET /gallery/main.php?g2_view=core.ShowItem&g2_itemId=2898 HTTP/1.1" 200 6608 "http://www.russiannavy.net/gallery/main.php?g2_view=core.ShowItem&g2_itemId=2894" "Mozilla/4.0 (compatible; MSIE 7.0; Windows NT 6.0; SLCC1; .NET CLR 2.0.50727; Media Center PC 5.0; .NET CLR 3.0.04506)" "www.russiannavy.net"
68.164.95.90 - - [30/Jun/2008:12:18:15 -0700] "GET /gallery/main.php?g2_view=core.DownloadItem&g2_itemId=2913&g2_serialNumber=2 HTTP/1.1" 200 4160 "http://www.russiannavy.net/gallery/main.php?g2_view=core.ShowItem&g2_itemId=2898" "Mozilla/4.0 (compatible; MSIE 7.0; Windows NT 6.0; SLCC1; .NET CLR 2.0.50727; Media Center PC 5.0; .NET CLR 3.0.04506)" "www.russiannavy.net"
68.164.95.90 - - [30/Jun/2008:12:18:15 -0700] "GET /gallery/main.php?g2_view=core.DownloadItem&g2_itemId=2918&g2_serialNumber=2 HTTP/1.1" 200 4182 "http://www.russiannavy.net/gallery/main.php?g2_view=core.ShowItem&g2_itemId=2898" "Mozilla/4.0 (compatible; MSIE 7.0; Windows NT 6.0; SLCC1; .NET CLR 2.0.50727; Media Center PC 5.0; .NET CLR 3.0.04506)" "www.russiannavy.net"
68.164.95.90 - - [30/Jun/2008:12:18:16 -0700] "GET /gallery/main.php?g2_view=core.DownloadItem&g2_itemId=2920&g2_serialNumber=2 HTTP/1.1" 200 3841 "http://www.russiannavy.net/gallery/main.php?g2_view=core.ShowItem&g2_itemId=2898" "Mozilla/4.0 (compatible; MSIE 7.0; Windows NT 6.0; SLCC1; .NET CLR 2.0.50727; Media Center PC 5.0; .NET CLR 3.0.04506)" "www.russiannavy.net"
68.164.95.90 - - [30/Jun/2008:12:18:16 -0700] "GET /gallery/main.php?g2_view=core.DownloadItem&g2_itemId=2922&g2_serialNumber=2 HTTP/1.1" 200 4348 "http://www.russiannavy.net/gallery/main.php?g2_view=core.ShowItem&g2_itemId=2898" "Mozilla/4.0 (compatible; MSIE 7.0; Windows NT 6.0; SLCC1; .NET CLR 2.0.50727; Media Center PC 5.0; .NET CLR 3.0.04506)" "www.russiannavy.net"
68.164.95.90 - - [30/Jun/2008:12:18:16 -0700] "GET /gallery/main.php?g2_view=core.DownloadItem&g2_itemId=2924&g2_serialNumber=2 HTTP/1.1" 200 4233 "http://www.russiannavy.net/gallery/main.php?g2_view=core.ShowItem&g2_itemId=2898" "Mozilla/4.0 (compatible; MSIE 7.0; Windows NT 6.0; SLCC1; .NET CLR 2.0.50727; Media Center PC 5.0; .NET CLR 3.0.04506)" "www.russiannavy.net"
68.164.95.90 - - [30/Jun/2008:12:18:16 -0700] "GET /gallery/main.php?g2_view=core.DownloadItem&g2_itemId=2926&g2_serialNumber=2 HTTP/1.1" 200 4307 "http://www.russiannavy.net/gallery/main.php?g2_view=core.ShowItem&g2_itemId=2898" "Mozilla/4.0 (compatible; MSIE 7.0; Windows NT 6.0; SLCC1; .NET CLR 2.0.50727; Media Center PC 5.0; .NET CLR 3.0.04506)" "www.russiannavy.net"
68.164.95.90 - - [30/Jun/2008:12:18:16 -0700] "GET /gallery/main.php?g2_view=core.DownloadItem&g2_itemId=2928&g2_serialNumber=2 HTTP/1.1" 200 4814 "http://www.russiannavy.net/gallery/main.php?g2_view=core.ShowItem&g2_itemId=2898" "Mozilla/4.0 (compatible; MSIE 7.0; Windows NT 6.0; SLCC1; .NET CLR 2.0.50727; Media Center PC 5.0; .NET CLR 3.0.04506)" "www.russiannavy.net"
68.164.95.90 - - [30/Jun/2008:12:18:16 -0700] "GET /gallery/main.php?g2_view=core.DownloadItem&g2_itemId=2930&g2_serialNumber=2 HTTP/1.1" 200 4538 "http://www.russiannavy.net/gallery/main.php?g2_view=core.ShowItem&g2_itemId=2898" "Mozilla/4.0 (compatible; MSIE 7.0; Windows NT 6.0; SLCC1; .NET CLR 2.0.50727; Media Center PC 5.0; .NET CLR 3.0.04506)" "www.russiannavy.net"
68.164.95.90 - - [30/Jun/2008:12:18:17 -0700] "GET /gallery/main.php?g2_view=core.DownloadItem&g2_itemId=2932&g2_serialNumber=2 HTTP/1.1" 200 4868 "http://www.russiannavy.net/gallery/main.php?g2_view=core.ShowItem&g2_itemId=2898" "Mozilla/4.0 (compatible; MSIE 7.0; Windows NT 6.0; SLCC1; .NET CLR 2.0.50727; Media Center PC 5.0; .NET CLR 3.0.04506)" "www.russiannavy.net"
68.164.95.90 - - [30/Jun/2008:12:18:17 -0700] "GET /gallery/main.php?g2_view=core.DownloadItem&g2_itemId=2934&g2_serialNumber=2 HTTP/1.1" 200 3193 "http://www.russiannavy.net/gallery/main.php?g2_view=core.ShowItem&g2_itemId=2898" "Mozilla/4.0 (compatible; MSIE 7.0; Windows NT 6.0; SLCC1; .NET CLR 2.0.50727; Media Center PC 5.0; .NET CLR 3.0.04506)" "www.russiannavy.net"
68.164.95.90 - - [30/Jun/2008:12:18:19 -0700] "GET /gallery/main.php?g2_view=core.ShowItem&g2_itemId=2925 HTTP/1.1" 200 3899 "http://www.russiannavy.net/gallery/main.php?g2_view=core.ShowItem&g2_itemId=2898" "Mozilla/4.0 (compatible; MSIE 7.0; Windows NT 6.0; SLCC1; .NET CLR 2.0.50727; Media Center PC 5.0; .NET CLR 3.0.04506)" "www.russiannavy.net"
68.164.95.90 - - [30/Jun/2008:12:18:20 -0700] "GET /gallery/main.php?g2_view=core.DownloadItem&g2_itemId=2925&g2_serialNumber=1 HTTP/1.1" 200 96351 "http://www.russiannavy.net/gallery/main.php?g2_view=core.ShowItem&g2_itemId=2925" "Mozilla/4.0 (compatible; MSIE 7.0; Windows NT 6.0; SLCC1; .NET CLR 2.0.50727; Media Center PC 5.0; .NET CLR 3.0.04506)" "www.russiannavy.net"
68.164.95.90 - - [30/Jun/2008:12:18:37 -0700] "GET /gallery/main.php?g2_view=core.ShowItem&g2_itemId=2933 HTTP/1.1" 200 3651 "http://www.russiannavy.net/gallery/main.php?g2_view=core.ShowItem&g2_itemId=2898" "Mozilla/4.0 (compatible; MSIE 7.0; Windows NT 6.0; SLCC1; .NET CLR 2.0.50727; Media Center PC 5.0; .NET CLR 3.0.04506)" "www.russiannavy.net"
68.164.95.90 - - [30/Jun/2008:12:18:38 -0700] "GET /gallery/main.php?g2_view=core.DownloadItem&g2_itemId=2933&g2_serialNumber=1 HTTP/1.1" 200 45788 "http://www.russiannavy.net/gallery/main.php?g2_view=core.ShowItem&g2_itemId=2933" "Mozilla/4.0 (compatible; MSIE 7.0; Windows NT 6.0; SLCC1; .NET CLR 2.0.50727; Media Center PC 5.0; .NET CLR 3.0.04506)" "www.russiannavy.net"
68.164.95.90 - - [30/Jun/2008:12:18:45 -0700] "GET /gallery/main.php?g2_view=core.ShowItem&g2_itemId=2931 HTTP/1.1" 200 3911 "http://www.russiannavy.net/gallery/main.php?g2_view=core.ShowItem&g2_itemId=2898" "Mozilla/4.0 (compatible; MSIE 7.0; Windows NT 6.0; SLCC1; .NET CLR 2.0.50727; Media Center PC 5.0; .NET CLR 3.0.04506)" "www.russiannavy.net"
68.164.95.90 - - [30/Jun/2008:12:18:46 -0700] "GET /gallery/main.php?g2_view=core.DownloadItem&g2_itemId=2931&g2_serialNumber=1 HTTP/1.1" 200 62565 "http://www.russiannavy.net/gallery/main.php?g2_view=core.ShowItem&g2_itemId=2931" "Mozilla/4.0 (compatible; MSIE 7.0; Windows NT 6.0; SLCC1; .NET CLR 2.0.50727; Media Center PC 5.0; .NET CLR 3.0.04506)" "www.russiannavy.net"
68.164.95.90 - - [30/Jun/2008:12:18:55 -0700] "GET /gallery/main.php?g2_view=core.ShowItem&g2_itemId=2912 HTTP/1.1" 200 3640 "http://www.russiannavy.net/gallery/main.php?g2_view=core.ShowItem&g2_itemId=2898" "Mozilla/4.0 (compatible; MSIE 7.0; Windows NT 6.0; SLCC1; .NET CLR 2.0.50727; Media Center PC 5.0; .NET CLR 3.0.04506)" "www.russiannavy.net"
68.164.95.90 - - [30/Jun/2008:12:18:56 -0700] "GET /gallery/main.php?g2_view=core.DownloadItem&g2_itemId=2912&g2_serialNumber=1 HTTP/1.1" 200 152620 "http://www.russiannavy.net/gallery/main.php?g2_view=core.ShowItem&g2_itemId=2912" "Mozilla/4.0 (compatible; MSIE 7.0; Windows NT 6.0; SLCC1; .NET CLR 2.0.50727; Media Center PC 5.0; .NET CLR 3.0.04506)" "www.russiannavy.net"
68.164.95.90 - - [30/Jun/2008:12:19:27 -0700] "GET /gallery/main.php?g2_view=core.ShowItem&g2_itemId=2897 HTTP/1.1" 200 0 "http://www.russiannavy.net/gallery/main.php?g2_view=core.ShowItem&g2_itemId=31&g2_GALLERYSID=1d59d6afdf602532f3b90ffbe494a977" "Mozilla/4.0 (compatible; MSIE 7.0; Windows NT 6.0; SLCC1; .NET CLR 2.0.50727; Media Center PC 5.0; .NET CLR 3.0.04506)" "www.russiannavy.net"
68.164.95.90 - - [30/Jun/2008:12:19:29 -0700] "GET /gallery/main.php?g2_view=core.ShowItem&g2_itemId=2897 HTTP/1.1" 200 4084 "http://www.russiannavy.net/gallery/main.php?g2_view=core.ShowItem&g2_itemId=31&g2_GALLERYSID=1d59d6afdf602532f3b90ffbe494a977" "Mozilla/4.0 (compatible; MSIE 7.0; Windows NT 6.0; SLCC1; .NET CLR 2.0.50727; Media Center PC 5.0; .NET CLR 3.0.04506)" "www.russiannavy.net"
68.164.95.90 - - [30/Jun/2008:12:19:29 -0700] "GET /gallery/main.php?g2_view=core.DownloadItem&g2_itemId=3170&g2_serialNumber=4 HTTP/1.1" 200 3934 "http://www.russiannavy.net/gallery/main.php?g2_view=core.ShowItem&g2_itemId=2897" "Mozilla/4.0 (compatible; MSIE 7.0; Windows NT 6.0; SLCC1; .NET CLR 2.0.50727; Media Center PC 5.0; .NET CLR 3.0.04506)" "www.russiannavy.net"
68.164.95.90 - - [30/Jun/2008:12:19:29 -0700] "GET /gallery/main.php?g2_view=core.DownloadItem&g2_itemId=3190&g2_serialNumber=2 HTTP/1.1" 200 4143 "http://www.russiannavy.net/gallery/main.php?g2_view=core.ShowItem&g2_itemId=2897" "Mozilla/4.0 (compatible; MSIE 7.0; Windows NT 6.0; SLCC1; .NET CLR 2.0.50727; Media Center PC 5.0; .NET CLR 3.0.04506)" "www.russiannavy.net"
74.6.18.228 - - [30/Jun/2008:12:20:07 -0700] "GET /photos/thanksgiving/pages/IMGP7642.htm HTTP/1.0" 200 3659 "-" "Mozilla/5.0 (compatible; Yahoo! Slurp; http://help.yahoo.com/help/us/ysearch/slurp)" "russiannavy.net"
65.55.212.189 - - [30/Jun/2008:12:20:24 -0700] "GET /photos/st_p_art_museum/images/PICT0729.jpg HTTP/1.0" 200 55093 "-" "msnbot-media/1.0 (+http://search.msn.com/msnbot.htm)" "russiannavy.net"
65.55.212.189 - - [30/Jun/2008:12:20:25 -0700] "GET /photos/st_p_art_museum/images/PICT0539.jpg HTTP/1.0" 200 91801 "-" "msnbot-media/1.0 (+http://search.msn.com/msnbot.htm)" "russiannavy.net"
65.55.212.189 - - [30/Jun/2008:12:20:26 -0700] "GET /photos/st_p_art_museum/images/PICT0727.jpg HTTP/1.0" 200 54840 "-" "msnbot-media/1.0 (+http://search.msn.com/msnbot.htm)" "russiannavy.net"
65.55.212.189 - - [30/Jun/2008:12:20:27 -0700] "GET /photos/st_p_art_museum/images/PICT0661.jpg HTTP/1.0" 200 101750 "-" "msnbot-media/1.0 (+http://search.msn.com/msnbot.htm)" "russiannavy.net"
65.55.212.189 - - [30/Jun/2008:12:20:28 -0700] "GET /photos/st_p_art_museum/images/PICT0540.jpg HTTP/1.0" 200 95659 "-" "msnbot-media/1.0 (+http://search.msn.com/msnbot.htm)" "russiannavy.net"
65.55.212.189 - - [30/Jun/2008:12:20:30 -0700] "GET /photos/st_p_art_museum/images/PICT0554.jpg HTTP/1.0" 200 78786 "-" "msnbot-media/1.0 (+http://search.msn.com/msnbot.htm)" "russiannavy.net"
65.55.212.189 - - [30/Jun/2008:12:20:32 -0700] "GET /photos/st_p_art_museum/images/PICT0682.jpg HTTP/1.0" 200 119116 "-" "msnbot-media/1.0 (+http://search.msn.com/msnbot.htm)" "russiannavy.net"
65.55.212.189 - - [30/Jun/2008:12:20:34 -0700] "GET /photos/st_p_art_museum/images/PICT0704.jpg HTTP/1.0" 200 77063 "-" "msnbot-media/1.0 (+http://search.msn.com/msnbot.htm)" "russiannavy.net"
65.55.212.189 - - [30/Jun/2008:12:20:36 -0700] "GET /photos/st_p_art_museum/images/PICT0621.jpg HTTP/1.0" 200 131792 "-" "msnbot-media/1.0 (+http://search.msn.com/msnbot.htm)" "russiannavy.net"
65.55.212.189 - - [30/Jun/2008:12:20:37 -0700] "GET /photos/st_p_art_museum/images/PICT0744.jpg HTTP/1.0" 200 75225 "-" "msnbot-media/1.0 (+http://search.msn.com/msnbot.htm)" "russiannavy.net"
65.55.212.189 - - [30/Jun/2008:12:20:38 -0700] "GET /photos/st_p_art_museum/images/PICT0769.jpg HTTP/1.0" 200 41280 "-" "msnbot-media/1.0 (+http://search.msn.com/msnbot.htm)" "russiannavy.net"
83.77.28.184 - - [30/Jun/2008:12:22:15 -0700] "GET /photos/misc/i11749-image-original.jpg HTTP/1.0" 200 295629 "http://www.militaryphotos.net/forums/showthread.php?t=99988&page=142" "Mozilla/4.0 (compatible; MSIE 6.0; Windows NT 5.1; SV1)" "russiannavy.net"
74.6.18.228 - - [30/Jun/2008:12:25:15 -0700] "GET /photos/st_p_art_museum/pages/PICT0692.html HTTP/1.0" 200 11728 "-" "Mozilla/5.0 (compatible; Yahoo! Slurp; http://help.yahoo.com/help/us/ysearch/slurp)" "russiannavy.net"
84.101.149.135 - - [30/Jun/2008:12:26:41 -0700] "GET /photos/st_p_art_museum/pages/PICT0693.html HTTP/1.1" 200 11728 "http://www.ww2f.com/weapons-wwii/23556-favorite-assault-gun-self-propelled-gun-2.html" "Mozilla/4.0 (compatible; MSIE 7.0; Windows NT 5.1; .NET CLR 1.1.4322; .NET CLR 2.0.50727; .NET CLR 3.0.04506.30; .NET CLR 3.0.04506.648; InfoPath.2)" "russiannavy.net"
84.101.149.135 - - [30/Jun/2008:12:26:41 -0700] "GET /photos/st_p_art_museum/images/PICT0692.jpg HTTP/1.1" 200 125590 "http://www.ww2f.com/weapons-wwii/23556-favorite-assault-gun-self-propelled-gun-2.html" "Mozilla/4.0 (compatible; MSIE 7.0; Windows NT 5.1; .NET CLR 1.1.4322; .NET CLR 2.0.50727; .NET CLR 3.0.04506.30; .NET CLR 3.0.04506.648; InfoPath.2)" "russiannavy.net"
84.101.149.135 - - [30/Jun/2008:12:27:05 -0700] "GET /photos/st_p_art_museum/pages/PICT0693.html HTTP/1.1" 200 11728 "http://www.ww2f.com/weapons-wwii/23556-favorite-assault-gun-self-propelled-gun-2.html" "Mozilla/4.0 (compatible; MSIE 7.0; Windows NT 5.1; .NET CLR 1.1.4322; .NET CLR 2.0.50727; .NET CLR 3.0.04506.30; .NET CLR 3.0.04506.648; InfoPath.2)" "russiannavy.net"
84.182.230.21 - - [30/Jun/2008:12:31:04 -0700] "GET /photos/misc/i11749-image-original.jpg HTTP/1.1" 200 295629 "http://www.militaryphotos.net/forums/showthread.php?t=99988&page=142" "Mozilla/4.0 (compatible; MSIE 7.0; Windows NT 5.1)" "russiannavy.net"
65.55.212.189 - - [30/Jun/2008:12:32:57 -0700] "GET /photos/st_p_art_museum/images/PICT0577.jpg HTTP/1.0" 200 78192 "-" "msnbot-media/1.0 (+http://search.msn.com/msnbot.htm)" "russiannavy.net"
65.55.212.189 - - [30/Jun/2008:12:32:59 -0700] "GET /photos/st_p_art_museum/images/PICT0537.jpg HTTP/1.0" 200 131341 "-" "msnbot-media/1.0 (+http://search.msn.com/msnbot.htm)" "russiannavy.net"
65.55.212.189 - - [30/Jun/2008:12:33:00 -0700] "GET /photos/st_p_art_museum/images/PICT0767.jpg HTTP/1.0" 200 54058 "-" "msnbot-media/1.0 (+http://search.msn.com/msnbot.htm)" "russiannavy.net"
65.55.212.189 - - [30/Jun/2008:12:33:01 -0700] "GET /photos/st_p_art_museum/images/PICT0594.jpg HTTP/1.0" 200 112911 "-" "msnbot-media/1.0 (+http://search.msn.com/msnbot.htm)" "russiannavy.net"
65.55.212.189 - - [30/Jun/2008:12:33:02 -0700] "GET /photos/st_p_art_museum/index_2.html HTTP/1.0" 200 8371 "-" "msnbot-media/1.0 (+http://search.msn.com/msnbot.htm)" "russiannavy.net"
74.6.18.228 - - [30/Jun/2008:12:33:43 -0700] "GET /photos/littlefield/Sept_2004/M26_Pershing/pages/IMGP0915.html HTTP/1.0" 200 2274 "-" "Mozilla/5.0 (compatible; Yahoo! Slurp; http://help.yahoo.com/help/us/ysearch/slurp)" "russiannavy.net"
74.6.18.228 - - [30/Jun/2008:12:34:28 -0700] "GET /photos/littlefield/old_visits/Pz-1 HTTP/1.0" 301 105 "-" "Mozilla/5.0 (compatible; Yahoo! Slurp; http://help.yahoo.com/help/us/ysearch/slurp)" "russiannavy.net"
74.6.18.228 - - [30/Jun/2008:12:34:29 -0700] "GET /photos/littlefield/old_visits/Pz-1/ HTTP/1.0" 200 2694 "-" "Mozilla/5.0 (compatible; Yahoo! Slurp; http://help.yahoo.com/help/us/ysearch/slurp)" "russiannavy.net"
65.55.212.189 - - [30/Jun/2008:12:37:31 -0700] "GET /photos/st_p_art_museum/images/PICT0604.jpg HTTP/1.0" 200 117088 "-" "msnbot-media/1.0 (+http://search.msn.com/msnbot.htm)" "russiannavy.net"
65.55.212.189 - - [30/Jun/2008:12:37:34 -0700] "GET /photos/st_p_art_museum/images/PICT0552.jpg HTTP/1.0" 200 127349 "-" "msnbot-media/1.0 (+http://search.msn.com/msnbot.htm)" "russiannavy.net"
65.55.212.189 - - [30/Jun/2008:12:37:36 -0700] "GET /photos/st_p_art_museum/images/PICT0669.jpg HTTP/1.0" 200 138408 "-" "msnbot-media/1.0 (+http://search.msn.com/msnbot.htm)" "russiannavy.net"
65.55.212.189 - - [30/Jun/2008:12:37:37 -0700] "GET /photos/st_p_art_museum/images/PICT0571.jpg HTTP/1.0" 200 123386 "-" "msnbot-media/1.0 (+http://search.msn.com/msnbot.htm)" "russiannavy.net"
65.55.212.189 - - [30/Jun/2008:12:37:39 -0700] "GET /photos/st_p_art_museum/images/PICT0721.jpg HTTP/1.0" 200 43419 "-" "msnbot-media/1.0 (+http://search.msn.com/msnbot.htm)" "russiannavy.net"
65.55.212.189 - - [30/Jun/2008:12:37:41 -0700] "GET /photos/st_p_art_museum/images/PICT0765.jpg HTTP/1.0" 200 51791 "-" "msnbot-media/1.0 (+http://search.msn.com/msnbot.htm)" "russiannavy.net"
65.55.212.189 - - [30/Jun/2008:12:37:48 -0700] "GET /photos/st_p_art_museum/images/PICT0629.jpg HTTP/1.0" 200 98668 "-" "msnbot-media/1.0 (+http://search.msn.com/msnbot.htm)" "russiannavy.net"
65.55.212.189 - - [30/Jun/2008:12:37:50 -0700] "GET /photos/st_p_art_museum/images/PICT0640.jpg HTTP/1.0" 200 110173 "-" "msnbot-media/1.0 (+http://search.msn.com/msnbot.htm)" "russiannavy.net"
65.55.212.189 - - [30/Jun/2008:12:37:52 -0700] "GET /photos/st_p_art_museum/images/PICT0512.jpg HTTP/1.0" 200 101256 "-" "msnbot-media/1.0 (+http://search.msn.com/msnbot.htm)" "russiannavy.net"
65.55.212.189 - - [30/Jun/2008:12:37:52 -0700] "GET /photos/st_p_art_museum/images/PICT0518.jpg HTTP/1.0" 200 118170 "-" "msnbot-media/1.0 (+http://search.msn.com/msnbot.htm)" "russiannavy.net"
65.55.212.189 - - [30/Jun/2008:12:37:53 -0700] "GET /photos/st_p_art_museum/images/PICT0667.jpg HTTP/1.0" 200 125117 "-" "msnbot-media/1.0 (+http://search.msn.com/msnbot.htm)" "russiannavy.net"
65.55.212.189 - - [30/Jun/2008:12:37:54 -0700] "GET /photos/st_p_art_museum/images/PICT0684.jpg HTTP/1.0" 200 79787 "-" "msnbot-media/1.0 (+http://search.msn.com/msnbot.htm)" "russiannavy.net"
65.55.212.189 - - [30/Jun/2008:12:37:56 -0700] "GET /photos/st_p_art_museum/images/PICT0702.jpg HTTP/1.0" 200 84407 "-" "msnbot-media/1.0 (+http://search.msn.com/msnbot.htm)" "russiannavy.net"
65.55.212.189 - - [30/Jun/2008:12:37:57 -0700] "GET /photos/st_p_art_museum/images/PICT0627.jpg HTTP/1.0" 200 118739 "-" "msnbot-media/1.0 (+http://search.msn.com/msnbot.htm)" "russiannavy.net"
65.55.212.189 - - [30/Jun/2008:12:37:58 -0700] "GET /photos/st_p_art_museum/images/PICT0558.jpg HTTP/1.0" 200 82106 "-" "msnbot-media/1.0 (+http://search.msn.com/msnbot.htm)" "russiannavy.net"
65.55.212.189 - - [30/Jun/2008:12:37:59 -0700] "GET /photos/st_p_art_museum/images/PICT0716.jpg HTTP/1.0" 200 90804 "-" "msnbot-media/1.0 (+http://search.msn.com/msnbot.htm)" "russiannavy.net"
65.55.212.189 - - [30/Jun/2008:12:38:00 -0700] "GET /photos/st_p_art_museum/images/PICT0742.jpg HTTP/1.0" 200 40602 "-" "msnbot-media/1.0 (+http://search.msn.com/msnbot.htm)" "russiannavy.net"
65.55.212.189 - - [30/Jun/2008:12:38:00 -0700] "GET /photos/st_p_art_museum/images/PICT0644.jpg HTTP/1.0" 200 78864 "-" "msnbot-media/1.0 (+http://search.msn.com/msnbot.htm)" "russiannavy.net"
65.55.212.189 - - [30/Jun/2008:12:38:01 -0700] "GET /photos/st_p_art_museum/images/PICT0694.jpg HTTP/1.0" 200 98542 "-" "msnbot-media/1.0 (+http://search.msn.com/msnbot.htm)" "russiannavy.net"
65.55.212.189 - - [30/Jun/2008:12:38:03 -0700] "GET /photos/st_p_art_museum/images/PICT0531.jpg HTTP/1.0" 200 108347 "-" "msnbot-media/1.0 (+http://search.msn.com/msnbot.htm)" "russiannavy.net"
65.55.212.189 - - [30/Jun/2008:12:38:04 -0700] "GET /photos/st_p_art_museum/images/PICT0535.jpg HTTP/1.0" 200 162734 "-" "msnbot-media/1.0 (+http://search.msn.com/msnbot.htm)" "russiannavy.net"
65.55.212.189 - - [30/Jun/2008:12:38:05 -0700] "GET /photos/st_p_art_museum/images/PICT0782.jpg HTTP/1.0" 200 55243 "-" "msnbot-media/1.0 (+http://search.msn.com/msnbot.htm)" "russiannavy.net"
74.6.18.228 - - [30/Jun/2008:12:39:02 -0700] "GET /photos/littlefield/Sept_2004/T-62/pages/IMGP1383.html HTTP/1.0" 200 2743 "-" "Mozilla/5.0 (compatible; Yahoo! Slurp; http://help.yahoo.com/help/us/ysearch/slurp)" "russiannavy.net"
74.6.18.228 - - [30/Jun/2008:12:39:48 -0700] "GET /models/?M=A HTTP/1.0" 200 4825 "-" "Mozilla/5.0 (compatible; Yahoo! Slurp; http://help.yahoo.com/help/us/ysearch/slurp)" "russiannavy.net"
66.249.70.219 - - [30/Jun/2008:12:41:19 -0700] "GET /gallery/main.php?g2_view=core.ShowItem&g2_itemId=3460&g2_page=2 HTTP/1.1" 200 4500 "-" "Mozilla/5.0 (compatible; Googlebot/2.1; +http://www.google.com/bot.html)" "russiannavy.net"
76.7.241.91 - - [30/Jun/2008:12:49:21 -0700] "GET /Ft_knox/P1130383.jpg HTTP/1.1" 200 41648 "http://www.ar15.com/forums/topic.html?b=1&f=5&t=726177&page=2" "Mozilla/4.0 (compatible; MSIE 7.0; Windows NT 5.1; .NET CLR 1.0.3705; .NET CLR 2.0.50727)" "russiannavy.net"
76.7.241.91 - - [30/Jun/2008:12:49:21 -0700] "GET /Ft_knox/P1130414.jpg HTTP/1.1" 200 52592 "http://www.ar15.com/forums/topic.html?b=1&f=5&t=726177&page=2" "Mozilla/4.0 (compatible; MSIE 7.0; Windows NT 5.1; .NET CLR 1.0.3705; .NET CLR 2.0.50727)" "russiannavy.net"
76.7.241.91 - - [30/Jun/2008:12:49:21 -0700] "GET /Ft_knox/P1130423.jpg HTTP/1.1" 200 41853 "http://www.ar15.com/forums/topic.html?b=1&f=5&t=726177&page=2" "Mozilla/4.0 (compatible; MSIE 7.0; Windows NT 5.1; .NET CLR 1.0.3705; .NET CLR 2.0.50727)" "russiannavy.net"
78.8.129.130 - - [30/Jun/2008:12:52:42 -0700] "GET /models/a-20/IMGP9388.jpg HTTP/1.1" 200 85649 "http://www.acemodel.com.ua/forum/viewtopic.php?t=1419&sid=70206fac9bda7c0f3c5d2725b75a6420" "Mozilla/4.0 (compatible; MSIE 6.0; Windows NT 5.1; SV1; .NET CLR 1.1.4322)" "russiannavy.net"
78.8.129.130 - - [30/Jun/2008:12:52:42 -0700] "GET /models/a-20/IMGP9387.jpg HTTP/1.1" 200 82474 "http://www.acemodel.com.ua/forum/viewtopic.php?t=1419&sid=70206fac9bda7c0f3c5d2725b75a6420" "Mozilla/4.0 (compatible; MSIE 6.0; Windows NT 5.1; SV1; .NET CLR 1.1.4322)" "russiannavy.net"
78.8.129.130 - - [30/Jun/2008:12:52:42 -0700] "GET /models/a-20/IMGP9385.jpg HTTP/1.1" 200 112431 "http://www.acemodel.com.ua/forum/viewtopic.php?t=1419&sid=70206fac9bda7c0f3c5d2725b75a6420" "Mozilla/4.0 (compatible; MSIE 6.0; Windows NT 5.1; SV1; .NET CLR 1.1.4322)" "russiannavy.net"
78.8.129.130 - - [30/Jun/2008:12:52:42 -0700] "GET /models/a-20/IMGP9389.jpg HTTP/1.1" 200 86960 "http://www.acemodel.com.ua/forum/viewtopic.php?t=1419&sid=70206fac9bda7c0f3c5d2725b75a6420" "Mozilla/4.0 (compatible; MSIE 6.0; Windows NT 5.1; SV1; .NET CLR 1.1.4322)" "russiannavy.net"
78.8.129.130 - - [30/Jun/2008:12:52:42 -0700] "GET /models/a-20/IMGP9386.jpg HTTP/1.1" 200 100839 "http://www.acemodel.com.ua/forum/viewtopic.php?t=1419&sid=70206fac9bda7c0f3c5d2725b75a6420" "Mozilla/4.0 (compatible; MSIE 6.0; Windows NT 5.1; SV1; .NET CLR 1.1.4322)" "russiannavy.net"
78.8.129.130 - - [30/Jun/2008:12:52:42 -0700] "GET /models/a-20/IMGP9379.jpg HTTP/1.1" 200 119887 "http://www.acemodel.com.ua/forum/viewtopic.php?t=1419&sid=70206fac9bda7c0f3c5d2725b75a6420" "Mozilla/4.0 (compatible; MSIE 6.0; Windows NT 5.1; SV1; .NET CLR 1.1.4322)" "russiannavy.net"
78.8.129.130 - - [30/Jun/2008:12:52:42 -0700] "GET /models/a-20/IMGP9629.jpg HTTP/1.1" 200 79089 "http://www.acemodel.com.ua/forum/viewtopic.php?t=1419&sid=70206fac9bda7c0f3c5d2725b75a6420" "Mozilla/4.0 (compatible; MSIE 6.0; Windows NT 5.1; SV1; .NET CLR 1.1.4322)" "russiannavy.net"
78.8.129.130 - - [30/Jun/2008:12:52:42 -0700] "GET /models/a-20/IMGP9624.jpg HTTP/1.1" 200 76944 "http://www.acemodel.com.ua/forum/viewtopic.php?t=1419&sid=70206fac9bda7c0f3c5d2725b75a6420" "Mozilla/4.0 (compatible; MSIE 6.0; Windows NT 5.1; SV1; .NET CLR 1.1.4322)" "russiannavy.net"
78.8.129.130 - - [30/Jun/2008:12:52:42 -0700] "GET /models/a-20/IMGP9631.jpg HTTP/1.1" 200 116658 "http://www.acemodel.com.ua/forum/viewtopic.php?t=1419&sid=70206fac9bda7c0f3c5d2725b75a6420" "Mozilla/4.0 (compatible; MSIE 6.0; Windows NT 5.1; SV1; .NET CLR 1.1.4322)" "russiannavy.net"
78.8.129.130 - - [30/Jun/2008:12:52:42 -0700] "GET /models/a-20/IMGP9626.jpg HTTP/1.1" 200 163735 "http://www.acemodel.com.ua/forum/viewtopic.php?t=1419&sid=70206fac9bda7c0f3c5d2725b75a6420" "Mozilla/4.0 (compatible; MSIE 6.0; Windows NT 5.1; SV1; .NET CLR 1.1.4322)" "russiannavy.net"
78.8.129.130 - - [30/Jun/2008:12:52:49 -0700] "GET /models/a-20/IMGP9633.jpg HTTP/1.1" 200 58384 "http://www.acemodel.com.ua/forum/viewtopic.php?t=1419&sid=70206fac9bda7c0f3c5d2725b75a6420" "Mozilla/4.0 (compatible; MSIE 6.0; Windows NT 5.1; SV1; .NET CLR 1.1.4322)" "russiannavy.net"
74.6.18.228 - - [30/Jun/2008:12:54:19 -0700] "GET /photos/new_year_2006/pages/IMGP8037.htm HTTP/1.0" 200 3225 "-" "Mozilla/5.0 (compatible; Yahoo! Slurp; http://help.yahoo.com/help/us/ysearch/slurp)" "russiannavy.net"
74.6.18.228 - - [30/Jun/2008:12:57:23 -0700] "GET /photos/events/camping/ HTTP/1.0" 200 974 "-" "Mozilla/5.0 (compatible; Yahoo! Slurp; http://help.yahoo.com/help/us/ysearch/slurp)" "russiannavy.net"
66.249.70.219 - - [30/Jun/2008:13:01:14 -0700] "GET /models/ch-53e/ HTTP/1.1" 200 2825 "-" "Mozilla/5.0 (compatible; Googlebot/2.1; +http://www.google.com/bot.html)" "russiannavy.net"
65.102.96.244 - - [30/Jun/2008:13:03:48 -0700] "GET /Ft_knox/P1130383.jpg HTTP/1.1" 200 41648 "http://www.ar15.com/forums/topic.html?b=1&f=5&t=726177&page=2" "Mozilla/4.0 (compatible; MSIE 7.0; Windows NT 5.1; .NET CLR 2.0.50727; .NET CLR 1.1.4322)" "russiannavy.net"
65.102.96.244 - - [30/Jun/2008:13:03:48 -0700] "GET /Ft_knox/P1130414.jpg HTTP/1.1" 200 52592 "http://www.ar15.com/forums/topic.html?b=1&f=5&t=726177&page=2" "Mozilla/4.0 (compatible; MSIE 7.0; Windows NT 5.1; .NET CLR 2.0.50727; .NET CLR 1.1.4322)" "russiannavy.net"
65.102.96.244 - - [30/Jun/2008:13:03:50 -0700] "GET /Ft_knox/P1130423.jpg HTTP/1.1" 200 41853 "http://www.ar15.com/forums/topic.html?b=1&f=5&t=726177&page=2" "Mozilla/4.0 (compatible; MSIE 7.0; Windows NT 5.1; .NET CLR 2.0.50727; .NET CLR 1.1.4322)" "russiannavy.net"
69.179.109.180 - - [30/Jun/2008:13:10:04 -0700] "GET /Ft_knox/P1130383.jpg HTTP/1.1" 200 41648 "http://www.ar15.com/forums/topic.html?b=1&f=5&t=726177&page=2" "Mozilla/5.0 (Windows; U; Windows NT 6.0; en-US; rv:1.9) Gecko/2008052906 Firefox/3.0" "russiannavy.net"
69.179.109.180 - - [30/Jun/2008:13:10:04 -0700] "GET /Ft_knox/P1130414.jpg HTTP/1.1" 200 52592 "http://www.ar15.com/forums/topic.html?b=1&f=5&t=726177&page=2" "Mozilla/5.0 (Windows; U; Windows NT 6.0; en-US; rv:1.9) Gecko/2008052906 Firefox/3.0" "russiannavy.net"
69.179.109.180 - - [30/Jun/2008:13:10:04 -0700] "GET /Ft_knox/P1130423.jpg HTTP/1.1" 200 41853 "http://www.ar15.com/forums/topic.html?b=1&f=5&t=726177&page=2" "Mozilla/5.0 (Windows; U; Windows NT 6.0; en-US; rv:1.9) Gecko/2008052906 Firefox/3.0" "russiannavy.net"
199.197.102.68 - - [30/Jun/2008:13:13:56 -0700] "GET /Ft_knox/P1130414.jpg HTTP/1.1" 200 52592 "http://jobrelatedstuff.com/forums/topic.html?b=1&f=5&t=726177&page=2" "Mozilla/5.0 (Windows; U; Windows NT 5.1; en-US; rv:1.8.1.14) Gecko/20080404 Firefox/2.0.0.14" "russiannavy.net"
199.197.102.68 - - [30/Jun/2008:13:13:56 -0700] "GET /Ft_knox/P1130383.jpg HTTP/1.1" 200 41648 "http://jobrelatedstuff.com/forums/topic.html?b=1&f=5&t=726177&page=2" "Mozilla/5.0 (Windows; U; Windows NT 5.1; en-US; rv:1.8.1.14) Gecko/20080404 Firefox/2.0.0.14" "russiannavy.net"
199.197.102.68 - - [30/Jun/2008:13:13:56 -0700] "GET /Ft_knox/P1130423.jpg HTTP/1.1" 200 41853 "http://jobrelatedstuff.com/forums/topic.html?b=1&f=5&t=726177&page=2" "Mozilla/5.0 (Windows; U; Windows NT 5.1; en-US; rv:1.8.1.14) Gecko/20080404 Firefox/2.0.0.14" "russiannavy.net"
74.6.18.228 - - [30/Jun/2008:13:15:03 -0700] "GET /photos/littlefield/Sept_2004/Panzer_I/pages/IMGP1193.html HTTP/1.0" 200 2244 "-" "Mozilla/5.0 (compatible; Yahoo! Slurp; http://help.yahoo.com/help/us/ysearch/slurp)" "russiannavy.net"
74.6.18.228 - - [30/Jun/2008:13:19:47 -0700] "GET /photos/littlefield/old_visits/2S7 HTTP/1.0" 301 104 "-" "Mozilla/5.0 (compatible; Yahoo! Slurp; http://help.yahoo.com/help/us/ysearch/slurp)" "russiannavy.net"
74.6.18.228 - - [30/Jun/2008:13:19:48 -0700] "GET /photos/littlefield/old_visits/2S7/ HTTP/1.0" 200 3748 "-" "Mozilla/5.0 (compatible; Yahoo! Slurp; http://help.yahoo.com/help/us/ysearch/slurp)" "russiannavy.net"
74.6.18.228 - - [30/Jun/2008:13:19:55 -0700] "GET /photos/littlefield/Sept_2004/Yugoslavian_AA_gun/pages/IMGP1036.html HTTP/1.0" 200 2428 "-" "Mozilla/5.0 (compatible; Yahoo! Slurp; http://help.yahoo.com/help/us/ysearch/slurp)" "russiannavy.net"
66.249.70.219 - - [30/Jun/2008:13:21:58 -0700] "GET /models/a-7-3a/ HTTP/1.1" 200 1383 "-" "Mozilla/5.0 (compatible; Googlebot/2.1; +http://www.google.com/bot.html)" "russiannavy.net"
66.249.70.219 - - [30/Jun/2008:13:22:58 -0700] "GET /models/avrora/ HTTP/1.1" 200 967 "-" "Mozilla/5.0 (compatible; Googlebot/2.1; +http://www.google.com/bot.html)" "russiannavy.net"
74.6.18.228 - - [30/Jun/2008:13:34:05 -0700] "GET /photos/littlefield/old_visits/T-72 HTTP/1.0" 301 105 "-" "Mozilla/5.0 (compatible; Yahoo! Slurp; http://help.yahoo.com/help/us/ysearch/slurp)" "russiannavy.net"
74.6.18.228 - - [30/Jun/2008:13:34:06 -0700] "GET /photos/littlefield/old_visits/T-72/ HTTP/1.0" 200 3752 "-" "Mozilla/5.0 (compatible; Yahoo! Slurp; http://help.yahoo.com/help/us/ysearch/slurp)" "russiannavy.net"
76.169.187.103 - - [30/Jun/2008:13:35:46 -0700] "GET /Ft_knox/P1130414.jpg HTTP/1.1" 200 52592 "http://www.ar15.com/forums/topic.html?b=1&f=5&t=726177&page=2" "Mozilla/4.0 (compatible; MSIE 7.0; Windows NT 6.0; SLCC1; .NET CLR 2.0.50727; Media Center PC 5.0; .NET CLR 3.0.04506)" "russiannavy.net"
76.169.187.103 - - [30/Jun/2008:13:35:46 -0700] "GET /Ft_knox/P1130383.jpg HTTP/1.1" 200 41648 "http://www.ar15.com/forums/topic.html?b=1&f=5&t=726177&page=2" "Mozilla/4.0 (compatible; MSIE 7.0; Windows NT 6.0; SLCC1; .NET CLR 2.0.50727; Media Center PC 5.0; .NET CLR 3.0.04506)" "russiannavy.net"
76.169.187.103 - - [30/Jun/2008:13:35:46 -0700] "GET /Ft_knox/P1130423.jpg HTTP/1.1" 200 41853 "http://www.ar15.com/forums/topic.html?b=1&f=5&t=726177&page=2" "Mozilla/4.0 (compatible; MSIE 7.0; Windows NT 6.0; SLCC1; .NET CLR 2.0.50727; Media Center PC 5.0; .NET CLR 3.0.04506)" "russiannavy.net"
74.6.18.228 - - [30/Jun/2008:13:35:56 -0700] "GET /photos/littlefield/old_visits/T-72/pages/IMG_0602.html HTTP/1.0" 200 2844 "-" "Mozilla/5.0 (compatible; Yahoo! Slurp; http://help.yahoo.com/help/us/ysearch/slurp)" "russiannavy.net"
74.6.18.244 - - [30/Jun/2008:13:39:34 -0700] "GET /gallery/main.php?g2_view=core.ShowItem&g2_itemId=8465 HTTP/1.0" 200 13172 "-" "Mozilla/5.0 (compatible; Yahoo! Slurp; http://help.yahoo.com/help/us/ysearch/slurp)" "www.russiannavy.net"
128.59.23.45 - - [30/Jun/2008:13:52:15 -0700] "GET /photos/littlefield/old_visits/ZSU-4-23/images/IMG_2314.jpg HTTP/1.0" 200 64370 "-" "Mozilla/5.0 (X11; U; Linux i686; en-US; rv:1.8.1.11) Gecko/20060601 Firefox/2.0.0.11 (Ubuntu-edgy)" "russiannavy.net"
66.249.70.219 - - [30/Jun/2008:13:55:36 -0700] "GET /models/BayanI/ HTTP/1.1" 200 2933 "-" "Mozilla/5.0 (compatible; Googlebot/2.1; +http://www.google.com/bot.html)" "russiannavy.net"
66.249.70.219 - - [30/Jun/2008:13:57:23 -0700] "GET /photos/st_p_art_museum/pages/PICT0780.html HTTP/1.1" 200 11728 "-" "Mozilla/5.0 (compatible; Googlebot/2.1; +http://www.google.com/bot.html)" "www.russiannavy.net"
68.154.26.183 - - [30/Jun/2008:13:57:31 -0700] "GET /Ft_knox/P1130414.jpg HTTP/1.1" 200 52592 "http://www.ar15.com/forums/topic.html?b=1&f=5&t=726177&page=2" "Mozilla/4.0 (compatible; MSIE 6.0; Windows NT 5.1; SV1; .NET CLR 1.0.3705; .NET CLR 1.1.4322; Media Center PC 4.0; .NET CLR 2.0.50727)" "russiannavy.net"
68.154.26.183 - - [30/Jun/2008:13:57:31 -0700] "GET /Ft_knox/P1130383.jpg HTTP/1.1" 200 41648 "http://www.ar15.com/forums/topic.html?b=1&f=5&t=726177&page=2" "Mozilla/4.0 (compatible; MSIE 6.0; Windows NT 5.1; SV1; .NET CLR 1.0.3705; .NET CLR 1.1.4322; Media Center PC 4.0; .NET CLR 2.0.50727)" "russiannavy.net"
68.154.26.183 - - [30/Jun/2008:13:57:34 -0700] "GET /Ft_knox/P1130423.jpg HTTP/1.1" 200 41853 "http://www.ar15.com/forums/topic.html?b=1&f=5&t=726177&page=2" "Mozilla/4.0 (compatible; MSIE 6.0; Windows NT 5.1; SV1; .NET CLR 1.0.3705; .NET CLR 1.1.4322; Media Center PC 4.0; .NET CLR 2.0.50727)" "russiannavy.net"
74.6.18.228 - - [30/Jun/2008:14:09:50 -0700] "GET /photos/littlefield/Sept_2004/BMP-1/pages/IMGP1096.html HTTP/1.0" 200 2564 "-" "Mozilla/5.0 (compatible; Yahoo! Slurp; http://help.yahoo.com/help/us/ysearch/slurp)" "russiannavy.net"
74.6.18.228 - - [30/Jun/2008:14:12:02 -0700] "GET /photos/littlefield/old_visits/T-55 HTTP/1.0" 301 105 "-" "Mozilla/5.0 (compatible; Yahoo! Slurp; http://help.yahoo.com/help/us/ysearch/slurp)" "russiannavy.net"
74.6.18.228 - - [30/Jun/2008:14:12:02 -0700] "GET /photos/littlefield/old_visits/T-55/ HTTP/1.0" 200 3567 "-" "Mozilla/5.0 (compatible; Yahoo! Slurp; http://help.yahoo.com/help/us/ysearch/slurp)" "russiannavy.net"
74.6.18.228 - - [30/Jun/2008:14:12:08 -0700] "GET /photos/littlefield/Sept_2004/88mm/ HTTP/1.0" 200 2694 "-" "Mozilla/5.0 (compatible; Yahoo! Slurp; http://help.yahoo.com/help/us/ysearch/slurp)" "russiannavy.net"
74.6.18.228 - - [30/Jun/2008:14:12:48 -0700] "GET /models/zis-5/Zis-5/?N=A HTTP/1.0" 200 1320 "-" "Mozilla/5.0 (compatible; Yahoo! Slurp; http://help.yahoo.com/help/us/ysearch/slurp)" "russiannavy.net"
74.6.18.228 - - [30/Jun/2008:14:14:01 -0700] "GET /photos/littlefield/Sept_2004/US_halftracks HTTP/1.0" 301 113 "-" "Mozilla/5.0 (compatible; Yahoo! Slurp; http://help.yahoo.com/help/us/ysearch/slurp)" "russiannavy.net"
74.6.18.228 - - [30/Jun/2008:14:14:01 -0700] "GET /photos/littlefield/Sept_2004/US_halftracks/ HTTP/1.0" 200 3768 "-" "Mozilla/5.0 (compatible; Yahoo! Slurp; http://help.yahoo.com/help/us/ysearch/slurp)" "russiannavy.net"
74.6.18.228 - - [30/Jun/2008:14:14:15 -0700] "GET /photos/littlefield/old_visits/Su-100 HTTP/1.0" 301 107 "-" "Mozilla/5.0 (compatible; Yahoo! Slurp; http://help.yahoo.com/help/us/ysearch/slurp)" "russiannavy.net"
74.6.18.228 - - [30/Jun/2008:14:14:15 -0700] "GET /photos/littlefield/old_visits/Su-100/ HTTP/1.0" 200 2793 "-" "Mozilla/5.0 (compatible; Yahoo! Slurp; http://help.yahoo.com/help/us/ysearch/slurp)" "russiannavy.net"
88.101.147.68 - - [30/Jun/2008:14:16:41 -0700] "GET /models/bt-2/IMGP9614.jpg HTTP/1.1" 200 30144 "http://www.acemodel.com.ua/forum/viewtopic.php?p=17398#17398" "Mozilla/4.0 (compatible; MSIE 7.0; Windows NT 5.1)" "russiannavy.net"
88.101.147.68 - - [30/Jun/2008:14:16:41 -0700] "GET /models/bt-2/IMGP9615.jpg HTTP/1.1" 200 33915 "http://www.acemodel.com.ua/forum/viewtopic.php?p=17398#17398" "Mozilla/4.0 (compatible; MSIE 7.0; Windows NT 5.1)" "russiannavy.net"
88.101.147.68 - - [30/Jun/2008:14:16:42 -0700] "GET /models/bt-2/IMGP9616.jpg HTTP/1.1" 200 30482 "http://www.acemodel.com.ua/forum/viewtopic.php?p=17398#17398" "Mozilla/4.0 (compatible; MSIE 7.0; Windows NT 5.1)" "russiannavy.net"
74.6.18.228 - - [30/Jun/2008:14:17:07 -0700] "GET /photos/new_year_2006/pages/IMGP8062.htm HTTP/1.0" 200 3225 "-" "Mozilla/5.0 (compatible; Yahoo! Slurp; http://help.yahoo.com/help/us/ysearch/slurp)" "russiannavy.net"
74.6.18.228 - - [30/Jun/2008:14:18:04 -0700] "GET /photos/littlefield/Sept_2004/Chieftain/pages/IMGP1349.html HTTP/1.0" 200 2418 "-" "Mozilla/5.0 (compatible; Yahoo! Slurp; http://help.yahoo.com/help/us/ysearch/slurp)" "russiannavy.net"
74.6.18.244 - - [30/Jun/2008:14:24:12 -0700] "GET /gallery/main.php?g2_view=core.ShowItem&g2_itemId=10778 HTTP/1.0" 200 13144 "-" "Mozilla/5.0 (compatible; Yahoo! Slurp; http://help.yahoo.com/help/us/ysearch/slurp)" "www.russiannavy.net"
66.249.70.219 - - [30/Jun/2008:14:26:48 -0700] "GET /models/tochka/ HTTP/1.1" 200 1242 "-" "Mozilla/5.0 (compatible; Googlebot/2.1; +http://www.google.com/bot.html)" "russiannavy.net"
74.6.18.228 - - [30/Jun/2008:14:28:01 -0700] "GET /photos/littlefield/Sept_2004/Museum_Views/pages/IMGP1183.html HTTP/1.0" 200 2332 "-" "Mozilla/5.0 (compatible; Yahoo! Slurp; http://help.yahoo.com/help/us/ysearch/slurp)" "russiannavy.net"
66.249.70.219 - - [30/Jun/2008:14:28:08 -0700] "GET /models/udarny/ HTTP/1.1" 200 7029 "-" "Mozilla/5.0 (compatible; Googlebot/2.1; +http://www.google.com/bot.html)" "russiannavy.net"
66.249.70.219 - - [30/Jun/2008:14:28:59 -0700] "GET /photos/st_p_art_museum/pages/PICT0671.html HTTP/1.1" 200 11728 "-" "Mozilla/5.0 (compatible; Googlebot/2.1; +http://www.google.com/bot.html)" "www.russiannavy.net"
92.11.187.94 - - [30/Jun/2008:14:29:02 -0700] "GET /models/rurik/rurik1sm_small.jpg HTTP/1.1" 200 2031 "http://63.99.108.76/forums/index.php?showtopic=12922" "Mozilla/5.0 (Windows; U; Windows NT 5.1; en-GB; rv:1.9) Gecko/2008052906 Firefox/3.0" "russiannavy.net"
74.6.18.228 - - [30/Jun/2008:14:29:34 -0700] "GET /photos/littlefield/Sept_2004/Rounds/pages/IMGP1288.html HTTP/1.0" 200 2163 "-" "Mozilla/5.0 (compatible; Yahoo! Slurp; http://help.yahoo.com/help/us/ysearch/slurp)" "russiannavy.net"
