74.6.18.228 - - [30/Jun/2008:14:31:11 -0700] "GET /photos/littlefield/Sept_2004/Museum_Views/pages/IMGP1201.html HTTP/1.0" 200 2191 "-" "Mozilla/5.0 (compatible; Yahoo! Slurp; http://help.yahoo.com/help/us/ysearch/slurp)" "russiannavy.net"
74.6.18.228 - - [30/Jun/2008:14:33:24 -0700] "GET /photos/events/vova_birthday/pages/IMGP7979.htm HTTP/1.0" 200 4016 "-" "Mozilla/5.0 (compatible; Yahoo! Slurp; http://help.yahoo.com/help/us/ysearch/slurp)" "russiannavy.net"
89.132.100.59 - - [30/Jun/2008:14:35:25 -0700] "GET /photos/st_p_art_museum/images/PICT0692.jpg HTTP/1.1" 200 125590 "http://images.google.hu/imgres?imgurl=http://russiannavy.net/photos/st_p_art_museum/images/PICT0692.jpg&imgrefurl=http://forum.rpg.hu/lofiversion/index.php/t4219-800.html&h=600&w=800&sz=123&tbnid=Gzmaq1RU_eUpIM:&tbnh=107&tbnw=143&hl=hu&um=1&prev=/images%3Fq%3Dn%25C3%25A9met%2B%25C3%25B6nj%25C3%25A1r%25C3%25B3%2Bl%25C3%25B6vegek%26um%3D1%26hl%3Dhu%26client%3Dfirefox-a%26rls%3Dorg.mozilla:hu:official%26sa%3DG&frame=small" "Mozilla/5.0 (Windows; U; Windows NT 5.1; hu; rv:1.8.1.14) Gecko/20080404 Firefox/2.0.0.14" "russiannavy.net"
66.249.70.219 - - [30/Jun/2008:14:38:38 -0700] "GET /photos/st_p_art_museum/pages/PICT0622.html HTTP/1.1" 200 11727 "-" "Mozilla/5.0 (compatible; Googlebot/2.1; +http://www.google.com/bot.html)" "www.russiannavy.net"
88.101.147.68 - - [30/Jun/2008:14:48:24 -0700] "GET /models/a-20/IMGP9387.jpg HTTP/1.1" 200 82474 "http://www.acemodel.com.ua/forum/viewtopic.php?p=17454#17454" "Mozilla/4.0 (compatible; MSIE 7.0; Windows NT 5.1)" "russiannavy.net"
88.101.147.68 - - [30/Jun/2008:14:48:24 -0700] "GET /models/a-20/IMGP9385.jpg HTTP/1.1" 200 112431 "http://www.acemodel.com.ua/forum/viewtopic.php?p=17454#17454" "Mozilla/4.0 (compatible; MSIE 7.0; Windows NT 5.1)" "russiannavy.net"
88.101.147.68 - - [30/Jun/2008:14:48:26 -0700] "GET /models/a-20/IMGP9386.jpg HTTP/1.1" 200 100839 "http://www.acemodel.com.ua/forum/viewtopic.php?p=17454#17454" "Mozilla/4.0 (compatible; MSIE 7.0; Windows NT 5.1)" "russiannavy.net"
88.101.147.68 - - [30/Jun/2008:14:48:26 -0700] "GET /models/a-20/IMGP9388.jpg HTTP/1.1" 200 85649 "http://www.acemodel.com.ua/forum/viewtopic.php?p=17454#17454" "Mozilla/4.0 (compatible; MSIE 7.0; Windows NT 5.1)" "russiannavy.net"
88.101.147.68 - - [30/Jun/2008:14:48:28 -0700] "GET /models/a-20/IMGP9379.jpg HTTP/1.1" 200 119887 "http://www.acemodel.com.ua/forum/viewtopic.php?p=17454#17454" "Mozilla/4.0 (compatible; MSIE 7.0; Windows NT 5.1)" "russiannavy.net"
88.101.147.68 - - [30/Jun/2008:14:48:28 -0700] "GET /models/a-20/IMGP9389.jpg HTTP/1.1" 200 86960 "http://www.acemodel.com.ua/forum/viewtopic.php?p=17454#17454" "Mozilla/4.0 (compatible; MSIE 7.0; Windows NT 5.1)" "russiannavy.net"
88.101.147.68 - - [30/Jun/2008:14:48:30 -0700] "GET /models/a-20/IMGP9624.jpg HTTP/1.1" 200 76944 "http://www.acemodel.com.ua/forum/viewtopic.php?p=17454#17454" "Mozilla/4.0 (compatible; MSIE 7.0; Windows NT 5.1)" "russiannavy.net"
88.101.147.68 - - [30/Jun/2008:14:48:30 -0700] "GET /models/a-20/IMGP9629.jpg HTTP/1.1" 200 79089 "http://www.acemodel.com.ua/forum/viewtopic.php?p=17454#17454" "Mozilla/4.0 (compatible; MSIE 7.0; Windows NT 5.1)" "russiannavy.net"
88.101.147.68 - - [30/Jun/2008:14:48:32 -0700] "GET /models/a-20/IMGP9626.jpg HTTP/1.1" 200 163735 "http://www.acemodel.com.ua/forum/viewtopic.php?p=17454#17454" "Mozilla/4.0 (compatible; MSIE 7.0; Windows NT 5.1)" "russiannavy.net"
88.101.147.68 - - [30/Jun/2008:14:48:32 -0700] "GET /models/a-20/IMGP9631.jpg HTTP/1.1" 200 116658 "http://www.acemodel.com.ua/forum/viewtopic.php?p=17454#17454" "Mozilla/4.0 (compatible; MSIE 7.0; Windows NT 5.1)" "russiannavy.net"
88.101.147.68 - - [30/Jun/2008:14:48:34 -0700] "GET /models/a-20/IMGP9633.jpg HTTP/1.1" 200 58384 "http://www.acemodel.com.ua/forum/viewtopic.php?p=17454#17454" "Mozilla/4.0 (compatible; MSIE 7.0; Windows NT 5.1)" "russiannavy.net"
66.249.70.219 - - [30/Jun/2008:14:51:15 -0700] "GET /robots.txt HTTP/1.1" 404 275 "-" "Mozilla/5.0 (compatible; Googlebot/2.1; +http://www.google.com/bot.html)" "russiannavy.net"
66.249.70.219 - - [30/Jun/2008:14:51:16 -0700] "GET /models/su-85m/ HTTP/1.1" 200 2092 "-" "Mozilla/5.0 (compatible; Googlebot/2.1; +http://www.google.com/bot.html)" "russiannavy.net"
74.6.18.228 - - [30/Jun/2008:14:54:29 -0700] "GET /photos/littlefield/old_visits/T-72/ HTTP/1.0" 200 3752 "-" "Mozilla/5.0 (compatible; Yahoo! Slurp; http://help.yahoo.com/help/us/ysearch/slurp)" "russiannavy.net"
66.249.70.219 - - [30/Jun/2008:14:56:35 -0700] "GET /photos/st_p_art_museum/pages/PICT0599.html HTTP/1.1" 200 11727 "-" "Mozilla/5.0 (compatible; Googlebot/2.1; +http://www.google.com/bot.html)" "www.russiannavy.net"
66.249.70.219 - - [30/Jun/2008:15:00:03 -0700] "GET /photos/st_p_art_museum/pages/PICT0600.html HTTP/1.1" 200 11727 "-" "Mozilla/5.0 (compatible; Googlebot/2.1; +http://www.google.com/bot.html)" "www.russiannavy.net"
74.6.18.228 - - [30/Jun/2008:15:00:06 -0700] "GET /photos/square1/pages/IMG_3789.html HTTP/1.0" 200 4195 "-" "Mozilla/5.0 (compatible; Yahoo! Slurp; http://help.yahoo.com/help/us/ysearch/slurp)" "russiannavy.net"
66.249.70.219 - - [30/Jun/2008:15:00:48 -0700] "GET /photos/st_p_art_museum/pages/PICT0739.html HTTP/1.1" 200 11728 "-" "Mozilla/5.0 (compatible; Googlebot/2.1; +http://www.google.com/bot.html)" "www.russiannavy.net"
65.55.212.189 - - [30/Jun/2008:15:04:17 -0700] "GET /photos/st_p_art_museum/pages/PICT0605.html HTTP/1.0" 200 11727 "-" "msnbot-media/1.0 (+http://search.msn.com/msnbot.htm)" "russiannavy.net"
65.55.212.189 - - [30/Jun/2008:15:04:19 -0700] "GET /photos/st_p_art_museum/pages/PICT0749.html HTTP/1.0" 200 11728 "-" "msnbot-media/1.0 (+http://search.msn.com/msnbot.htm)" "russiannavy.net"
65.55.212.189 - - [30/Jun/2008:15:08:07 -0700] "GET /robots.txt HTTP/1.0" 404 275 "-" "msnbot-media/1.0 (+http://search.msn.com/msnbot.htm)" "russiannavy.net"
65.55.212.189 - - [30/Jun/2008:15:08:09 -0700] "GET /photos/st_p_art_museum/pages/PICT0643.html HTTP/1.0" 200 11728 "-" "msnbot-media/1.0 (+http://search.msn.com/msnbot.htm)" "russiannavy.net"
74.6.18.228 - - [30/Jun/2008:15:08:19 -0700] "GET /photos/square1/pages/IMG_3769.html HTTP/1.0" 200 4192 "-" "Mozilla/5.0 (compatible; Yahoo! Slurp; http://help.yahoo.com/help/us/ysearch/slurp)" "russiannavy.net"
63.229.97.67 - - [30/Jun/2008:15:12:47 -0700] "GET /Ft_knox/P1130383.jpg HTTP/1.1" 200 41648 "http://www.ar15.com/forums/topic.html?b=1&f=5&t=726177&page=2" "Mozilla/4.0 (compatible; MSIE 6.0; Windows NT 5.1; SV1; .NET CLR 1.1.4322; .NET CLR 2.0.50727)" "russiannavy.net"
63.229.97.67 - - [30/Jun/2008:15:12:47 -0700] "GET /Ft_knox/P1130414.jpg HTTP/1.1" 200 52592 "http://www.ar15.com/forums/topic.html?b=1&f=5&t=726177&page=2" "Mozilla/4.0 (compatible; MSIE 6.0; Windows NT 5.1; SV1; .NET CLR 1.1.4322; .NET CLR 2.0.50727)" "russiannavy.net"
63.229.97.67 - - [30/Jun/2008:15:12:47 -0700] "GET /Ft_knox/P1130423.jpg HTTP/1.1" 200 41853 "http://www.ar15.com/forums/topic.html?b=1&f=5&t=726177&page=2" "Mozilla/4.0 (compatible; MSIE 6.0; Windows NT 5.1; SV1; .NET CLR 1.1.4322; .NET CLR 2.0.50727)" "russiannavy.net"
74.6.18.228 - - [30/Jun/2008:15:14:09 -0700] "GET /models/rossiya/rossiya.htm HTTP/1.0" 200 3599 "-" "Mozilla/5.0 (compatible; Yahoo! Slurp; http://help.yahoo.com/help/us/ysearch/slurp)" "russiannavy.net"
88.101.147.68 - - [30/Jun/2008:15:27:30 -0700] "GET /favicon.ico HTTP/1.1" 404 275 "-" "Mozilla/4.0 (compatible; MSIE 7.0; Windows NT 5.1)" "russiannavy.net"
88.101.147.68 - - [30/Jun/2008:15:27:30 -0700] "GET /models/a-20/IMGP9339.jpg HTTP/1.1" 200 49531 "http://www.acemodel.com.ua/forum/viewtopic.php?t=1419&postdays=0&postorder=asc&start=15" "Mozilla/4.0 (compatible; MSIE 7.0; Windows NT 5.1)" "russiannavy.net"
88.101.147.68 - - [30/Jun/2008:15:27:43 -0700] "GET /models/a-20/IMGP9340.jpg HTTP/1.1" 200 35007 "http://www.acemodel.com.ua/forum/viewtopic.php?t=1419&postdays=0&postorder=asc&start=15" "Mozilla/4.0 (compatible; MSIE 7.0; Windows NT 5.1)" "russiannavy.net"
88.101.147.68 - - [30/Jun/2008:15:27:58 -0700] "GET /models/a-20/ HTTP/1.1" 200 5303 "http://www.acemodel.com.ua/forum/viewtopic.php?t=1419&postdays=0&postorder=asc&start=15" "Mozilla/4.0 (compatible; MSIE 7.0; Windows NT 5.1)" "russiannavy.net"
88.101.147.68 - - [30/Jun/2008:15:28:02 -0700] "GET /models/a-20/IMGP9338.jpg HTTP/1.1" 200 80263 "http://russiannavy.net/models/a-20/" "Mozilla/4.0 (compatible; MSIE 7.0; Windows NT 5.1)" "russiannavy.net"
88.101.147.68 - - [30/Jun/2008:15:28:13 -0700] "GET /models/a-20/IMGP9337.jpg HTTP/1.1" 200 73414 "http://russiannavy.net/models/a-20/" "Mozilla/4.0 (compatible; MSIE 7.0; Windows NT 5.1)" "russiannavy.net"
88.101.147.68 - - [30/Jun/2008:15:28:21 -0700] "GET /models/a-20/IMGP9634.jpg HTTP/1.1" 200 62781 "http://russiannavy.net/models/a-20/" "Mozilla/4.0 (compatible; MSIE 7.0; Windows NT 5.1)" "russiannavy.net"
74.6.18.228 - - [30/Jun/2008:15:30:23 -0700] "GET /photos/st_p_art_museum/pages/PICT0744.html HTTP/1.0" 200 11728 "-" "Mozilla/5.0 (compatible; Yahoo! Slurp; http://help.yahoo.com/help/us/ysearch/slurp)" "russiannavy.net"
78.16.16.111 - - [30/Jun/2008:15:37:39 -0700] "GET /Ft_knox/P1130420.jpg HTTP/1.1" 200 46746 "http://www.boards.ie/vbulletin/showthread.php?t=2055150571&page=443" "Mozilla/4.0 (compatible; MSIE 7.0; Windows NT 6.0; SLCC1; .NET CLR 2.0.50727; Media Center PC 5.0; .NET CLR 3.0.04506)" "russiannavy.net"
89.100.44.49 - - [30/Jun/2008:15:38:28 -0700] "GET /Ft_knox/P1130420.jpg HTTP/1.1" 200 46746 "http://www.boards.ie/vbulletin/showthread.php?t=2055150571&page=443" "Mozilla/4.0 (compatible; MSIE 7.0; Windows NT 5.1; Mozilla/4.0 (compatible; MSIE 6.0; Windows NT 5.1; SV1) ; .NET CLR 1.1.4322; .NET CLR 2.0.50727; InfoPath.2)" "russiannavy.net"
74.6.18.228 - - [30/Jun/2008:15:52:07 -0700] "GET /photos/IandI/pages/IMGP6887.htm HTTP/1.0" 200 4808 "-" "Mozilla/5.0 (compatible; Yahoo! Slurp; http://help.yahoo.com/help/us/ysearch/slurp)" "russiannavy.net"
74.6.18.228 - - [30/Jun/2008:15:57:38 -0700] "GET /photos/littlefield/old_visits/T-72/pages/IMG_2239.html HTTP/1.0" 200 2845 "-" "Mozilla/5.0 (compatible; Yahoo! Slurp; http://help.yahoo.com/help/us/ysearch/slurp)" "russiannavy.net"
74.6.18.228 - - [30/Jun/2008:15:59:28 -0700] "GET /photos/littlefield/Sept_2004/Eland/index.html HTTP/1.0" 200 2015 "-" "Mozilla/5.0 (compatible; Yahoo! Slurp; http://help.yahoo.com/help/us/ysearch/slurp)" "russiannavy.net"
65.55.212.189 - - [30/Jun/2008:15:59:46 -0700] "GET /photos/st_p_art_museum/index_8.html HTTP/1.0" 200 8388 "-" "msnbot-media/1.0 (+http://search.msn.com/msnbot.htm)" "russiannavy.net"
74.6.18.228 - - [30/Jun/2008:16:02:09 -0700] "GET /photos/littlefield/Sept_2004/Eland/ HTTP/1.0" 200 2015 "-" "Mozilla/5.0 (compatible; Yahoo! Slurp; http://help.yahoo.com/help/us/ysearch/slurp)" "russiannavy.net"
74.6.18.228 - - [30/Jun/2008:16:05:16 -0700] "GET /photos/littlefield/Sept_2004/M26_Pershing/index.html HTTP/1.0" 200 2803 "-" "Mozilla/5.0 (compatible; Yahoo! Slurp; http://help.yahoo.com/help/us/ysearch/slurp)" "russiannavy.net"
128.59.23.45 - - [30/Jun/2008:16:05:40 -0700] "GET /photos/planes_of_fame/images/IMG_4101.jpg HTTP/1.0" 200 49878 "-" "Mozilla/5.0 (X11; U; Linux i686; en-US; rv:1.8.1.11) Gecko/20060601 Firefox/2.0.0.11 (Ubuntu-edgy)" "russiannavy.net"
74.6.18.228 - - [30/Jun/2008:16:11:19 -0700] "GET /photos/littlefield/Sept_2004/Rounds HTTP/1.0" 301 106 "-" "Mozilla/5.0 (compatible; Yahoo! Slurp; http://help.yahoo.com/help/us/ysearch/slurp)" "russiannavy.net"
74.6.18.228 - - [30/Jun/2008:16:11:19 -0700] "GET /photos/littlefield/Sept_2004/Rounds/ HTTP/1.0" 200 2416 "-" "Mozilla/5.0 (compatible; Yahoo! Slurp; http://help.yahoo.com/help/us/ysearch/slurp)" "russiannavy.net"
74.6.18.228 - - [30/Jun/2008:16:12:09 -0700] "GET /photos/littlefield/Sept_2004/Czech_half_tracks/pages/IMGP0805.html HTTP/1.0" 200 2460 "-" "Mozilla/5.0 (compatible; Yahoo! Slurp; http://help.yahoo.com/help/us/ysearch/slurp)" "russiannavy.net"
74.6.18.228 - - [30/Jun/2008:16:18:02 -0700] "GET /misc/copydirs.pl HTTP/1.0" 500 292 "-" "Mozilla/5.0 (compatible; Yahoo! Slurp; http://help.yahoo.com/help/us/ysearch/slurp)" "russiannavy.net"
74.6.18.228 - - [30/Jun/2008:16:18:48 -0700] "GET /misc/copydirs.pl HTTP/1.0" 500 292 "-" "Mozilla/5.0 (compatible; Yahoo! Slurp; http://help.yahoo.com/help/us/ysearch/slurp)" "russiannavy.net"
74.6.18.228 - - [30/Jun/2008:16:19:36 -0700] "GET /misc/copydirs.pl HTTP/1.0" 500 292 "-" "Mozilla/5.0 (compatible; Yahoo! Slurp; http://help.yahoo.com/help/us/ysearch/slurp)" "russiannavy.net"
24.1.68.3 - - [30/Jun/2008:16:24:49 -0700] "GET /Ft_knox/P1130383.jpg HTTP/1.1" 200 41648 "-" "Mozilla/5.0 (Windows; U; Windows NT 5.1; en-US; rv:1.8.1.14) Gecko/20080404 Firefox/2.0.0.14" "russiannavy.net"
24.1.68.3 - - [30/Jun/2008:16:24:49 -0700] "GET /Ft_knox/P1130414.jpg HTTP/1.1" 200 52592 "-" "Mozilla/5.0 (Windows; U; Windows NT 5.1; en-US; rv:1.8.1.14) Gecko/20080404 Firefox/2.0.0.14" "russiannavy.net"
24.1.68.3 - - [30/Jun/2008:16:24:51 -0700] "GET /Ft_knox/P1130423.jpg HTTP/1.1" 200 41853 "-" "Mozilla/5.0 (Windows; U; Windows NT 5.1; en-US; rv:1.8.1.14) Gecko/20080404 Firefox/2.0.0.14" "russiannavy.net"
99.228.94.75 - - [30/Jun/2008:16:31:38 -0700] "GET /Ft_knox/P1130423.jpg HTTP/1.1" 200 41853 "http://www.freethought-forum.com/forum/showthread.php?p=555512" "Mozilla/5.0 (Windows; U; Windows NT 6.0; en-US; rv:1.8.1.14) Gecko/20080404 Firefox/2.0.0.14" "russiannavy.net"
99.228.94.75 - - [30/Jun/2008:16:31:38 -0700] "GET /Ft_knox/P1130414.jpg HTTP/1.1" 200 52592 "http://www.freethought-forum.com/forum/showthread.php?p=555512" "Mozilla/5.0 (Windows; U; Windows NT 6.0; en-US; rv:1.8.1.14) Gecko/20080404 Firefox/2.0.0.14" "russiannavy.net"
99.228.94.75 - - [30/Jun/2008:16:31:39 -0700] "GET /Ft_knox/P1130420.jpg HTTP/1.1" 200 46746 "http://www.freethought-forum.com/forum/showthread.php?p=555512" "Mozilla/5.0 (Windows; U; Windows NT 6.0; en-US; rv:1.8.1.14) Gecko/20080404 Firefox/2.0.0.14" "russiannavy.net"
99.228.94.75 - - [30/Jun/2008:16:31:39 -0700] "GET /Ft_knox/P1130392.jpg HTTP/1.1" 200 87658 "http://www.freethought-forum.com/forum/showthread.php?p=555512" "Mozilla/5.0 (Windows; U; Windows NT 6.0; en-US; rv:1.8.1.14) Gecko/20080404 Firefox/2.0.0.14" "russiannavy.net"
66.249.73.208 - - [30/Jun/2008:16:36:04 -0700] "GET /photos/st_p_art_museum/pages/PICT0641.html HTTP/1.1" 200 11728 "-" "Mozilla/5.0 (compatible; Googlebot/2.1; +http://www.google.com/bot.html)" "www.russiannavy.net"
147.239.118.158 - - [30/Jun/2008:16:37:03 -0700] "GET /Ft_knox/P1130414.jpg HTTP/1.1" 200 52592 "http://www.jobrelatedstuff.com/forums/topic.html?b=1&f=5&t=726177&page=2" "Mozilla/4.0 (compatible; MSIE 7.0; Windows NT 5.1; .NET CLR 2.0.50727; .NET CLR 1.1.4322; .NET CLR 1.0.3705; InfoPath.2)" "russiannavy.net"
147.239.118.158 - - [30/Jun/2008:16:37:03 -0700] "GET /Ft_knox/P1130383.jpg HTTP/1.1" 200 41648 "http://www.jobrelatedstuff.com/forums/topic.html?b=1&f=5&t=726177&page=2" "Mozilla/4.0 (compatible; MSIE 7.0; Windows NT 5.1; .NET CLR 2.0.50727; .NET CLR 1.1.4322; .NET CLR 1.0.3705; InfoPath.2)" "russiannavy.net"
147.239.118.158 - - [30/Jun/2008:16:37:04 -0700] "GET /Ft_knox/P1130423.jpg HTTP/1.1" 200 41853 "http://www.jobrelatedstuff.com/forums/topic.html?b=1&f=5&t=726177&page=2" "Mozilla/4.0 (compatible; MSIE 7.0; Windows NT 5.1; .NET CLR 2.0.50727; .NET CLR 1.1.4322; .NET CLR 1.0.3705; InfoPath.2)" "russiannavy.net"
74.6.18.228 - - [30/Jun/2008:16:40:17 -0700] "GET /photos/littlefield/Sept_2004/BMP-1/pages/IMGP1104.html HTTP/1.0" 200 2712 "-" "Mozilla/5.0 (compatible; Yahoo! Slurp; http://help.yahoo.com/help/us/ysearch/slurp)" "russiannavy.net"
74.6.18.228 - - [30/Jun/2008:17:14:29 -0700] "GET /photos/events/tahoe_trip_17-19_march_06/pages/IMGP9217.htm HTTP/1.0" 200 5535 "-" "Mozilla/5.0 (compatible; Yahoo! Slurp; http://help.yahoo.com/help/us/ysearch/slurp)" "russiannavy.net"
99.194.224.50 - - [30/Jun/2008:17:29:13 -0700] "GET /Ft_knox/P1130414.jpg HTTP/1.1" 200 52592 "http://ar15.com/forums/topic.html?b=1&f=5&t=726177&page=2" "Mozilla/4.0 (compatible; MSIE 7.0; Windows NT 5.1; .NET CLR 1.0.3705)" "russiannavy.net"
99.194.224.50 - - [30/Jun/2008:17:29:13 -0700] "GET /Ft_knox/P1130383.jpg HTTP/1.1" 200 41648 "http://ar15.com/forums/topic.html?b=1&f=5&t=726177&page=2" "Mozilla/4.0 (compatible; MSIE 7.0; Windows NT 5.1; .NET CLR 1.0.3705)" "russiannavy.net"
99.194.224.50 - - [30/Jun/2008:17:29:14 -0700] "GET /Ft_knox/P1130423.jpg HTTP/1.1" 200 41853 "http://ar15.com/forums/topic.html?b=1&f=5&t=726177&page=2" "Mozilla/4.0 (compatible; MSIE 7.0; Windows NT 5.1; .NET CLR 1.0.3705)" "russiannavy.net"
71.205.233.115 - - [30/Jun/2008:17:33:40 -0700] "GET /models/rurik/rurik1sm_small.jpg HTTP/1.1" 200 2031 "http://63.99.108.76/forums/index.php?showtopic=16675&st=60" "Mozilla/4.0 (compatible; MSIE 7.0; Windows NT 6.0; FunWebProducts; SLCC1; .NET CLR 2.0.50727; Media Center PC 5.0; .NET CLR 3.0.04506)" "russiannavy.net"
66.249.73.208 - - [30/Jun/2008:17:40:36 -0700] "GET /photos/st_p_art_museum/pages/PICT0606.html HTTP/1.1" 200 11727 "-" "Mozilla/5.0 (compatible; Googlebot/2.1; +http://www.google.com/bot.html)" "www.russiannavy.net"
68.14.67.209 - - [30/Jun/2008:17:41:23 -0700] "GET /photos/st_p_art_museum/pages/PICT0693.html HTTP/1.1" 200 11728 "http://www.ww2f.com/weapons-wwii/23556-favorite-assault-gun-self-propelled-gun-2.html" "Mozilla/5.0 (Windows; U; Windows NT 6.0; en-US; rv:1.8.1.14) Gecko/20080404 Firefox/2.0.0.14" "russiannavy.net"
68.14.67.209 - - [30/Jun/2008:17:41:23 -0700] "GET /photos/st_p_art_museum/images/PICT0692.jpg HTTP/1.1" 200 125590 "http://www.ww2f.com/weapons-wwii/23556-favorite-assault-gun-self-propelled-gun-2.html" "Mozilla/5.0 (Windows; U; Windows NT 6.0; en-US; rv:1.8.1.14) Gecko/20080404 Firefox/2.0.0.14" "russiannavy.net"
68.14.67.209 - - [30/Jun/2008:17:41:43 -0700] "GET /photos/st_p_art_museum/pages/PICT0693.html HTTP/1.1" 200 11728 "http://www.ww2f.com/weapons-wwii/23556-favorite-assault-gun-self-propelled-gun-2.html" "Mozilla/5.0 (Windows; U; Windows NT 6.0; en-US; rv:1.8.1.14) Gecko/20080404 Firefox/2.0.0.14" "russiannavy.net"
70.176.57.45 - - [30/Jun/2008:17:44:21 -0700] "GET /Ft_knox/P1130414.jpg HTTP/1.1" 200 52592 "http://ar15.com/forums/topic.html?b=1&f=5&t=726177&page=2" "Mozilla/4.0 (compatible; MSIE 7.0; Windows NT 5.1; FunWebProducts; .NET CLR 1.0.3705; .NET CLR 1.1.4322; Media Center PC 4.0; .NET CLR 2.0.50727)" "russiannavy.net"
70.176.57.45 - - [30/Jun/2008:17:44:21 -0700] "GET /Ft_knox/P1130383.jpg HTTP/1.1" 200 41648 "http://ar15.com/forums/topic.html?b=1&f=5&t=726177&page=2" "Mozilla/4.0 (compatible; MSIE 7.0; Windows NT 5.1; FunWebProducts; .NET CLR 1.0.3705; .NET CLR 1.1.4322; Media Center PC 4.0; .NET CLR 2.0.50727)" "russiannavy.net"
70.176.57.45 - - [30/Jun/2008:17:44:22 -0700] "GET /Ft_knox/P1130423.jpg HTTP/1.1" 200 41853 "http://ar15.com/forums/topic.html?b=1&f=5&t=726177&page=2" "Mozilla/4.0 (compatible; MSIE 7.0; Windows NT 5.1; FunWebProducts; .NET CLR 1.0.3705; .NET CLR 1.1.4322; Media Center PC 4.0; .NET CLR 2.0.50727)" "russiannavy.net"
74.6.18.228 - - [30/Jun/2008:17:58:37 -0700] "GET /photos/littlefield/Sept_2004/Russian_Guns/pages/IMGP0752.html HTTP/1.0" 200 2488 "-" "Mozilla/5.0 (compatible; Yahoo! Slurp; http://help.yahoo.com/help/us/ysearch/slurp)" "russiannavy.net"
74.6.18.228 - - [30/Jun/2008:18:13:49 -0700] "GET /photos/littlefield/Sept_2004/Panzer_I HTTP/1.0" 301 108 "-" "Mozilla/5.0 (compatible; Yahoo! Slurp; http://help.yahoo.com/help/us/ysearch/slurp)" "russiannavy.net"
74.6.18.228 - - [30/Jun/2008:18:13:49 -0700] "GET /photos/littlefield/Sept_2004/Panzer_I/ HTTP/1.0" 200 2692 "-" "Mozilla/5.0 (compatible; Yahoo! Slurp; http://help.yahoo.com/help/us/ysearch/slurp)" "russiannavy.net"
74.6.18.228 - - [30/Jun/2008:18:14:03 -0700] "GET /models/a-20/?N=D HTTP/1.0" 200 5287 "-" "Mozilla/5.0 (compatible; Yahoo! Slurp; http://help.yahoo.com/help/us/ysearch/slurp)" "russiannavy.net"
74.6.18.228 - - [30/Jun/2008:18:17:59 -0700] "GET /photos/littlefield/Sept_2004/T-34-76/pages/IMGP1230.html HTTP/1.0" 200 2409 "-" "Mozilla/5.0 (compatible; Yahoo! Slurp; http://help.yahoo.com/help/us/ysearch/slurp)" "russiannavy.net"
66.249.73.208 - - [30/Jun/2008:18:21:49 -0700] "GET /photos/st_p_art_museum/pages/PICT0591.html HTTP/1.1" 200 11726 "-" "Mozilla/5.0 (compatible; Googlebot/2.1; +http://www.google.com/bot.html)" "www.russiannavy.net"
74.129.64.255 - - [30/Jun/2008:18:24:15 -0700] "GET /Ft_knox/P1130383.jpg HTTP/1.1" 200 41648 "http://www.ar15.com/forums/topic.html?b=1&f=5&t=726177&page=2" "Mozilla/4.0 (compatible; MSIE 6.0; Windows NT 5.1; SV1)" "russiannavy.net"
74.129.64.255 - - [30/Jun/2008:18:24:15 -0700] "GET /Ft_knox/P1130414.jpg HTTP/1.1" 200 52592 "http://www.ar15.com/forums/topic.html?b=1&f=5&t=726177&page=2" "Mozilla/4.0 (compatible; MSIE 6.0; Windows NT 5.1; SV1)" "russiannavy.net"
74.129.64.255 - - [30/Jun/2008:18:24:16 -0700] "GET /Ft_knox/P1130423.jpg HTTP/1.1" 200 41853 "http://www.ar15.com/forums/topic.html?b=1&f=5&t=726177&page=2" "Mozilla/4.0 (compatible; MSIE 6.0; Windows NT 5.1; SV1)" "russiannavy.net"
70.140.42.70 - - [30/Jun/2008:18:28:27 -0700] "GET /Ft_knox/P1130383.jpg HTTP/1.1" 200 41648 "http://www.ar15.com/forums/topic.html?b=1&f=5&t=726177&page=2" "Mozilla/4.0 (compatible; MSIE 7.0; Windows NT 6.0; SLCC1; .NET CLR 2.0.50727; Media Center PC 5.0; .NET CLR 3.0.04506; .NET CLR 1.1.4322)" "russiannavy.net"
70.140.42.70 - - [30/Jun/2008:18:28:27 -0700] "GET /Ft_knox/P1130423.jpg HTTP/1.1" 200 41853 "http://www.ar15.com/forums/topic.html?b=1&f=5&t=726177&page=2" "Mozilla/4.0 (compatible; MSIE 7.0; Windows NT 6.0; SLCC1; .NET CLR 2.0.50727; Media Center PC 5.0; .NET CLR 3.0.04506; .NET CLR 1.1.4322)" "russiannavy.net"
70.140.42.70 - - [30/Jun/2008:18:28:28 -0700] "GET /Ft_knox/P1130414.jpg HTTP/1.1" 200 52592 "http://www.ar15.com/forums/topic.html?b=1&f=5&t=726177&page=2" "Mozilla/4.0 (compatible; MSIE 7.0; Windows NT 6.0; SLCC1; .NET CLR 2.0.50727; Media Center PC 5.0; .NET CLR 3.0.04506; .NET CLR 1.1.4322)" "russiannavy.net"
68.189.140.69 - - [30/Jun/2008:18:28:31 -0700] "GET /Ft_knox/P1130383.jpg HTTP/1.1" 200 41648 "http://ar15.com/forums/topic.html?b=1&f=5&t=726177&page=2" "Mozilla/4.0 (compatible; MSIE 6.0; Windows NT 5.1; SV1)" "russiannavy.net"
68.189.140.69 - - [30/Jun/2008:18:28:32 -0700] "GET /Ft_knox/P1130414.jpg HTTP/1.1" 200 52592 "http://ar15.com/forums/topic.html?b=1&f=5&t=726177&page=2" "Mozilla/4.0 (compatible; MSIE 6.0; Windows NT 5.1; SV1)" "russiannavy.net"
68.189.140.69 - - [30/Jun/2008:18:28:34 -0700] "GET /Ft_knox/P1130423.jpg HTTP/1.1" 200 41853 "http://ar15.com/forums/topic.html?b=1&f=5&t=726177&page=2" "Mozilla/4.0 (compatible; MSIE 6.0; Windows NT 5.1; SV1)" "russiannavy.net"
167.239.219.218 - - [30/Jun/2008:18:29:58 -0700] "GET /Ft_knox/P1130383.jpg HTTP/1.1" 200 41648 "http://www.tacticalcourses.com/forums/topic.html?b=1&f=5&t=726177&page=2" "Mozilla/4.0 (compatible; MSIE 6.0; Windows NT 5.1; SV1; .NET CLR 1.1.4322; .NET CLR 2.0.50727)" "russiannavy.net"
167.239.219.218 - - [30/Jun/2008:18:29:58 -0700] "GET /Ft_knox/P1130414.jpg HTTP/1.1" 200 52592 "http://www.tacticalcourses.com/forums/topic.html?b=1&f=5&t=726177&page=2" "Mozilla/4.0 (compatible; MSIE 6.0; Windows NT 5.1; SV1; .NET CLR 1.1.4322; .NET CLR 2.0.50727)" "russiannavy.net"
167.239.219.218 - - [30/Jun/2008:18:29:58 -0700] "GET /Ft_knox/P1130423.jpg HTTP/1.1" 200 41853 "http://www.tacticalcourses.com/forums/topic.html?b=1&f=5&t=726177&page=2" "Mozilla/4.0 (compatible; MSIE 6.0; Windows NT 5.1; SV1; .NET CLR 1.1.4322; .NET CLR 2.0.50727)" "russiannavy.net"
74.6.18.228 - - [30/Jun/2008:18:30:42 -0700] "GET /photos/st_p_art_museum/pages/PICT0747.html HTTP/1.0" 200 11728 "-" "Mozilla/5.0 (compatible; Yahoo! Slurp; http://help.yahoo.com/help/us/ysearch/slurp)" "russiannavy.net"
76.169.187.103 - - [30/Jun/2008:18:33:35 -0700] "GET /Ft_knox/P1130383.jpg HTTP/1.1" 200 41648 "http://ar15.com/forums/topic.html?b=1&f=5&t=726177&page=2" "Mozilla/4.0 (compatible; MSIE 7.0; Windows NT 6.0; SLCC1; .NET CLR 2.0.50727; Media Center PC 5.0; .NET CLR 3.0.04506)" "russiannavy.net"
76.169.187.103 - - [30/Jun/2008:18:33:35 -0700] "GET /Ft_knox/P1130414.jpg HTTP/1.1" 200 52592 "http://ar15.com/forums/topic.html?b=1&f=5&t=726177&page=2" "Mozilla/4.0 (compatible; MSIE 7.0; Windows NT 6.0; SLCC1; .NET CLR 2.0.50727; Media Center PC 5.0; .NET CLR 3.0.04506)" "russiannavy.net"
76.169.187.103 - - [30/Jun/2008:18:33:36 -0700] "GET /Ft_knox/P1130423.jpg HTTP/1.1" 200 41853 "http://ar15.com/forums/topic.html?b=1&f=5&t=726177&page=2" "Mozilla/4.0 (compatible; MSIE 7.0; Windows NT 6.0; SLCC1; .NET CLR 2.0.50727; Media Center PC 5.0; .NET CLR 3.0.04506)" "russiannavy.net"
96.52.172.82 - - [30/Jun/2008:18:33:51 -0700] "GET /Ft_knox/P1130414.jpg HTTP/1.1" 200 52592 "http://www.ar15.com/forums/topic.html?b=1&f=5&t=726177&page=2" "Mozilla/4.0 (compatible; MSIE 6.0; Windows NT 5.1; SV1; .NET CLR 1.1.4322; .NET CLR 2.0.50727)" "russiannavy.net"
96.52.172.82 - - [30/Jun/2008:18:33:51 -0700] "GET /Ft_knox/P1130383.jpg HTTP/1.1" 200 41648 "http://www.ar15.com/forums/topic.html?b=1&f=5&t=726177&page=2" "Mozilla/4.0 (compatible; MSIE 6.0; Windows NT 5.1; SV1; .NET CLR 1.1.4322; .NET CLR 2.0.50727)" "russiannavy.net"
96.52.172.82 - - [30/Jun/2008:18:33:52 -0700] "GET /Ft_knox/P1130423.jpg HTTP/1.1" 200 41853 "http://www.ar15.com/forums/topic.html?b=1&f=5&t=726177&page=2" "Mozilla/4.0 (compatible; MSIE 6.0; Windows NT 5.1; SV1; .NET CLR 1.1.4322; .NET CLR 2.0.50727)" "russiannavy.net"
209.234.171.40 - - [30/Jun/2008:18:36:41 -0700] "GET /robots.txt HTTP/1.0" 404 275 "-" "ia_archiver" "russiannavy.net"
209.234.171.40 - - [30/Jun/2008:18:36:42 -0700] "GET /models/ HTTP/1.0" 200 4825 "-" "ia_archiver" "russiannavy.net"
66.249.73.208 - - [30/Jun/2008:18:42:07 -0700] "GET /models/t-34-85/ HTTP/1.1" 200 3283 "-" "Mozilla/5.0 (compatible; Googlebot/2.1; +http://www.google.com/bot.html)" "russiannavy.net"
66.249.73.208 - - [30/Jun/2008:18:42:08 -0700] "GET /models/rossiya/ HTTP/1.1" 200 2795 "-" "Mozilla/5.0 (compatible; Googlebot/2.1; +http://www.google.com/bot.html)" "russiannavy.net"
66.249.73.208 - - [30/Jun/2008:18:42:23 -0700] "GET /photos/st_p_art_museum/pages/PICT0700.html HTTP/1.1" 200 11728 "-" "Mozilla/5.0 (compatible; Googlebot/2.1; +http://www.google.com/bot.html)" "www.russiannavy.net"
66.249.73.208 - - [30/Jun/2008:18:44:25 -0700] "GET /photos/st_p_art_museum/pages/PICT0646.html HTTP/1.1" 200 11728 "-" "Mozilla/5.0 (compatible; Googlebot/2.1; +http://www.google.com/bot.html)" "www.russiannavy.net"
74.6.18.228 - - [30/Jun/2008:18:45:37 -0700] "GET /photos/littlefield/Sept_2004/BMP-1/pages/IMGP1106.html HTTP/1.0" 200 2713 "-" "Mozilla/5.0 (compatible; Yahoo! Slurp; http://help.yahoo.com/help/us/ysearch/slurp)" "russiannavy.net"
66.249.73.208 - - [30/Jun/2008:18:46:15 -0700] "GET /models/monomakh/ HTTP/1.1" 200 3445 "-" "Mozilla/5.0 (compatible; Googlebot/2.1; +http://www.google.com/bot.html)" "russiannavy.net"
98.242.85.231 - - [30/Jun/2008:18:47:45 -0700] "GET /Ft_knox/P1130383.jpg HTTP/1.1" 200 41648 "http://www.ar15.com/forums/topic.html?b=1&f=5&t=726177&page=2" "Mozilla/5.0 (Windows; U; Windows NT 5.1; en-US; rv:1.9) Gecko/2008052906 Firefox/3.0" "russiannavy.net"
98.242.85.231 - - [30/Jun/2008:18:47:45 -0700] "GET /Ft_knox/P1130414.jpg HTTP/1.1" 200 52592 "http://www.ar15.com/forums/topic.html?b=1&f=5&t=726177&page=2" "Mozilla/5.0 (Windows; U; Windows NT 5.1; en-US; rv:1.9) Gecko/2008052906 Firefox/3.0" "russiannavy.net"
98.242.85.231 - - [30/Jun/2008:18:47:45 -0700] "GET /Ft_knox/P1130423.jpg HTTP/1.1" 200 41853 "http://www.ar15.com/forums/topic.html?b=1&f=5&t=726177&page=2" "Mozilla/5.0 (Windows; U; Windows NT 5.1; en-US; rv:1.9) Gecko/2008052906 Firefox/3.0" "russiannavy.net"
74.6.18.228 - - [30/Jun/2008:18:53:02 -0700] "GET /photos/littlefield/Sept_2004/US_halftracks/pages/IMGP0918.html HTTP/1.0" 200 2687 "-" "Mozilla/5.0 (compatible; Yahoo! Slurp; http://help.yahoo.com/help/us/ysearch/slurp)" "russiannavy.net"
70.145.212.87 - - [30/Jun/2008:18:55:12 -0700] "GET /Ft_knox/P1130414.jpg HTTP/1.1" 200 52592 "-" "Mozilla/5.0 (Windows; U; Windows NT 5.1; en-US; rv:1.8.1.14) Gecko/20080404 Firefox/2.0.0.14" "russiannavy.net"
70.145.212.87 - - [30/Jun/2008:18:55:12 -0700] "GET /Ft_knox/P1130383.jpg HTTP/1.1" 200 41648 "-" "Mozilla/5.0 (Windows; U; Windows NT 5.1; en-US; rv:1.8.1.14) Gecko/20080404 Firefox/2.0.0.14" "russiannavy.net"
70.145.212.87 - - [30/Jun/2008:18:55:13 -0700] "GET /Ft_knox/P1130423.jpg HTTP/1.1" 200 41853 "-" "Mozilla/5.0 (Windows; U; Windows NT 5.1; en-US; rv:1.8.1.14) Gecko/20080404 Firefox/2.0.0.14" "russiannavy.net"
66.142.189.178 - - [30/Jun/2008:18:57:15 -0700] "GET /Ft_knox/P1130383.jpg HTTP/1.1" 200 41648 "http://www.ar15.com/forums/topic.html?b=1&f=5&t=726177&page=2" "Mozilla/4.0 (compatible; MSIE 7.0; Windows NT 5.1; .NET CLR 1.1.4322; MSN Optimized;US; .NET CLR 2.0.50727; .NET CLR 3.0.04506.30; MSN Optimized;US)" "russiannavy.net"
66.142.189.178 - - [30/Jun/2008:18:57:15 -0700] "GET /Ft_knox/P1130414.jpg HTTP/1.1" 200 52592 "http://www.ar15.com/forums/topic.html?b=1&f=5&t=726177&page=2" "Mozilla/4.0 (compatible; MSIE 7.0; Windows NT 5.1; .NET CLR 1.1.4322; MSN Optimized;US; .NET CLR 2.0.50727; .NET CLR 3.0.04506.30; MSN Optimized;US)" "russiannavy.net"
66.142.189.178 - - [30/Jun/2008:18:57:15 -0700] "GET /Ft_knox/P1130423.jpg HTTP/1.1" 200 41853 "http://www.ar15.com/forums/topic.html?b=1&f=5&t=726177&page=2" "Mozilla/4.0 (compatible; MSIE 7.0; Windows NT 5.1; .NET CLR 1.1.4322; MSN Optimized;US; .NET CLR 2.0.50727; .NET CLR 3.0.04506.30; MSN Optimized;US)" "russiannavy.net"
74.6.18.228 - - [30/Jun/2008:19:00:48 -0700] "GET /photos/littlefield/Sept_2004/Museum_Views/pages/ HTTP/1.0" 200 1607 "-" "Mozilla/5.0 (compatible; Yahoo! Slurp; http://help.yahoo.com/help/us/ysearch/slurp)" "russiannavy.net"
74.6.18.228 - - [30/Jun/2008:19:02:44 -0700] "GET /photos/events/red_marines/ HTTP/1.0" 200 8387 "-" "Mozilla/5.0 (compatible; Yahoo! Slurp; http://help.yahoo.com/help/us/ysearch/slurp)" "russiannavy.net"
66.249.73.208 - - [30/Jun/2008:19:10:50 -0700] "GET /photos/st_p_art_museum/index_11.html HTTP/1.1" 200 8391 "-" "Mozilla/5.0 (compatible; Googlebot/2.1; +http://www.google.com/bot.html)" "www.russiannavy.net"
66.249.73.208 - - [30/Jun/2008:19:13:05 -0700] "GET /models/ontheway/ HTTP/1.1" 200 684 "-" "Mozilla/5.0 (compatible; Googlebot/2.1; +http://www.google.com/bot.html)" "russiannavy.net"
209.234.171.40 - - [30/Jun/2008:19:16:38 -0700] "GET /photos/littlefield/ HTTP/1.0" 200 976 "-" "ia_archiver" "russiannavy.net"
74.6.18.228 - - [30/Jun/2008:19:21:33 -0700] "GET /photos/littlefield/Sept_2004/Valentine HTTP/1.0" 301 109 "-" "Mozilla/5.0 (compatible; Yahoo! Slurp; http://help.yahoo.com/help/us/ysearch/slurp)" "russiannavy.net"
74.6.18.228 - - [30/Jun/2008:19:21:33 -0700] "GET /photos/littlefield/Sept_2004/Valentine/ HTTP/1.0" 200 1871 "-" "Mozilla/5.0 (compatible; Yahoo! Slurp; http://help.yahoo.com/help/us/ysearch/slurp)" "russiannavy.net"
74.6.18.228 - - [30/Jun/2008:19:22:43 -0700] "GET /photos/st_p_art_museum/pages/PICT0709.html HTTP/1.0" 200 11728 "-" "Mozilla/5.0 (compatible; Yahoo! Slurp; http://help.yahoo.com/help/us/ysearch/slurp)" "russiannavy.net"
74.6.18.228 - - [30/Jun/2008:19:35:43 -0700] "GET /photos/littlefield/Sept_2004/M901/ HTTP/1.0" 200 1861 "-" "Mozilla/5.0 (compatible; Yahoo! Slurp; http://help.yahoo.com/help/us/ysearch/slurp)" "russiannavy.net"
74.6.18.228 - - [30/Jun/2008:19:37:50 -0700] "GET /photos/st_p_art_museum/pages/PICT0609.html HTTP/1.0" 200 11727 "-" "Mozilla/5.0 (compatible; Yahoo! Slurp; http://help.yahoo.com/help/us/ysearch/slurp)" "russiannavy.net"
74.6.18.228 - - [30/Jun/2008:19:38:13 -0700] "GET /photos/littlefield/Sept_2004/SCOT-64/pages/IMGP1074.html HTTP/1.0" 200 2352 "-" "Mozilla/5.0 (compatible; Yahoo! Slurp; http://help.yahoo.com/help/us/ysearch/slurp)" "russiannavy.net"
74.6.8.125 - - [30/Jun/2008:19:50:08 -0700] "GET /robots.txt HTTP/1.0" 404 275 "-" "Mozilla/5.0 (compatible; Yahoo! Slurp; http://help.yahoo.com/help/us/ysearch/slurp)" "russiannavy.net"
67.195.51.238 - - [30/Jun/2008:19:50:08 -0700] "GET /models/k-21/k-21.htm HTTP/1.0" 200 2245 "-" "Mozilla/5.0 (compatible; Yahoo! Slurp; http://help.yahoo.com/help/us/ysearch/slurp)" "russiannavy.net"
64.251.147.210 - - [30/Jun/2008:19:50:34 -0700] "GET /Ft_knox/P1130383.jpg HTTP/1.1" 200 41648 "http://www.ar15.com/forums/topic.html?b=1&f=5&t=726177&page=2" "Mozilla/5.0 (Windows; U; Windows NT 6.0; en-US; rv:1.8.1.14) Gecko/20080404 Firefox/2.0.0.14" "russiannavy.net"
64.251.147.210 - - [30/Jun/2008:19:50:34 -0700] "GET /Ft_knox/P1130414.jpg HTTP/1.1" 200 52592 "http://www.ar15.com/forums/topic.html?b=1&f=5&t=726177&page=2" "Mozilla/5.0 (Windows; U; Windows NT 6.0; en-US; rv:1.8.1.14) Gecko/20080404 Firefox/2.0.0.14" "russiannavy.net"
64.251.147.210 - - [30/Jun/2008:19:50:35 -0700] "GET /Ft_knox/P1130423.jpg HTTP/1.1" 200 41853 "http://www.ar15.com/forums/topic.html?b=1&f=5&t=726177&page=2" "Mozilla/5.0 (Windows; U; Windows NT 6.0; en-US; rv:1.8.1.14) Gecko/20080404 Firefox/2.0.0.14" "russiannavy.net"
24.184.55.61 - - [30/Jun/2008:19:52:03 -0700] "GET /models/a-20/IMGP9385.jpg HTTP/1.1" 200 112431 "http://www.acemodel.com.ua/forum/viewtopic.php?t=1419&start=0&sid=3138650399901e8501020d100f85a3df" "Mozilla/4.0 (compatible; MSIE 7.0; Windows NT 5.1; .NET CLR 1.1.4322; .NET CLR 2.0.50727; Dealio Toolbar 3.2)" "russiannavy.net"
24.184.55.61 - - [30/Jun/2008:19:52:03 -0700] "GET /models/a-20/IMGP9387.jpg HTTP/1.1" 200 82474 "http://www.acemodel.com.ua/forum/viewtopic.php?t=1419&start=0&sid=3138650399901e8501020d100f85a3df" "Mozilla/4.0 (compatible; MSIE 7.0; Windows NT 5.1; .NET CLR 1.1.4322; .NET CLR 2.0.50727; Dealio Toolbar 3.2)" "russiannavy.net"
24.184.55.61 - - [30/Jun/2008:19:52:03 -0700] "GET /models/a-20/IMGP9386.jpg HTTP/1.1" 200 100839 "http://www.acemodel.com.ua/forum/viewtopic.php?t=1419&start=0&sid=3138650399901e8501020d100f85a3df" "Mozilla/4.0 (compatible; MSIE 7.0; Windows NT 5.1; .NET CLR 1.1.4322; .NET CLR 2.0.50727; Dealio Toolbar 3.2)" "russiannavy.net"
24.184.55.61 - - [30/Jun/2008:19:52:03 -0700] "GET /models/a-20/IMGP9388.jpg HTTP/1.1" 200 85649 "http://www.acemodel.com.ua/forum/viewtopic.php?t=1419&start=0&sid=3138650399901e8501020d100f85a3df" "Mozilla/4.0 (compatible; MSIE 7.0; Windows NT 5.1; .NET CLR 1.1.4322; .NET CLR 2.0.50727; Dealio Toolbar 3.2)" "russiannavy.net"
24.184.55.61 - - [30/Jun/2008:19:52:04 -0700] "GET /models/a-20/IMGP9379.jpg HTTP/1.1" 200 119887 "http://www.acemodel.com.ua/forum/viewtopic.php?t=1419&start=0&sid=3138650399901e8501020d100f85a3df" "Mozilla/4.0 (compatible; MSIE 7.0; Windows NT 5.1; .NET CLR 1.1.4322; .NET CLR 2.0.50727; Dealio Toolbar 3.2)" "russiannavy.net"
24.184.55.61 - - [30/Jun/2008:19:52:04 -0700] "GET /models/a-20/IMGP9389.jpg HTTP/1.1" 200 86960 "http://www.acemodel.com.ua/forum/viewtopic.php?t=1419&start=0&sid=3138650399901e8501020d100f85a3df" "Mozilla/4.0 (compatible; MSIE 7.0; Windows NT 5.1; .NET CLR 1.1.4322; .NET CLR 2.0.50727; Dealio Toolbar 3.2)" "russiannavy.net"
24.184.55.61 - - [30/Jun/2008:19:52:04 -0700] "GET /models/a-20/IMGP9624.jpg HTTP/1.1" 200 76944 "http://www.acemodel.com.ua/forum/viewtopic.php?t=1419&start=0&sid=3138650399901e8501020d100f85a3df" "Mozilla/4.0 (compatible; MSIE 7.0; Windows NT 5.1; .NET CLR 1.1.4322; .NET CLR 2.0.50727; Dealio Toolbar 3.2)" "russiannavy.net"
24.184.55.61 - - [30/Jun/2008:19:52:04 -0700] "GET /models/a-20/IMGP9626.jpg HTTP/1.1" 200 163735 "http://www.acemodel.com.ua/forum/viewtopic.php?t=1419&start=0&sid=3138650399901e8501020d100f85a3df" "Mozilla/4.0 (compatible; MSIE 7.0; Windows NT 5.1; .NET CLR 1.1.4322; .NET CLR 2.0.50727; Dealio Toolbar 3.2)" "russiannavy.net"
24.184.55.61 - - [30/Jun/2008:19:52:05 -0700] "GET /models/a-20/IMGP9629.jpg HTTP/1.1" 200 79089 "http://www.acemodel.com.ua/forum/viewtopic.php?t=1419&start=0&sid=3138650399901e8501020d100f85a3df" "Mozilla/4.0 (compatible; MSIE 7.0; Windows NT 5.1; .NET CLR 1.1.4322; .NET CLR 2.0.50727; Dealio Toolbar 3.2)" "russiannavy.net"
24.184.55.61 - - [30/Jun/2008:19:52:05 -0700] "GET /models/a-20/IMGP9631.jpg HTTP/1.1" 200 116658 "http://www.acemodel.com.ua/forum/viewtopic.php?t=1419&start=0&sid=3138650399901e8501020d100f85a3df" "Mozilla/4.0 (compatible; MSIE 7.0; Windows NT 5.1; .NET CLR 1.1.4322; .NET CLR 2.0.50727; Dealio Toolbar 3.2)" "russiannavy.net"
24.184.55.61 - - [30/Jun/2008:19:52:05 -0700] "GET /models/a-20/IMGP9633.jpg HTTP/1.1" 200 58384 "http://www.acemodel.com.ua/forum/viewtopic.php?t=1419&start=0&sid=3138650399901e8501020d100f85a3df" "Mozilla/4.0 (compatible; MSIE 7.0; Windows NT 5.1; .NET CLR 1.1.4322; .NET CLR 2.0.50727; Dealio Toolbar 3.2)" "russiannavy.net"
98.112.55.234 - - [30/Jun/2008:19:56:20 -0700] "GET /Ft_knox/P1130400.jpg HTTP/1.1" 200 104167 "http://63.99.108.76/forums/index.php?showtopic=25284" "Mozilla/4.0 (compatible; MSIE 7.0; Windows NT 5.1; .NET CLR 1.1.4322)" "russiannavy.net"
98.112.55.234 - - [30/Jun/2008:19:56:22 -0700] "GET /favicon.ico HTTP/1.1" 404 275 "-" "Mozilla/4.0 (compatible; MSIE 7.0; Windows NT 5.1; .NET CLR 1.1.4322)" "russiannavy.net"
98.112.55.234 - - [30/Jun/2008:19:56:35 -0700] "GET /Ft_knox/P1130383.jpg HTTP/1.1" 200 41648 "http://63.99.108.76/forums/index.php?showtopic=25284" "Mozilla/4.0 (compatible; MSIE 7.0; Windows NT 5.1; .NET CLR 1.1.4322)" "russiannavy.net"
98.112.55.234 - - [30/Jun/2008:19:56:39 -0700] "GET /Ft_knox/P1130384.jpg HTTP/1.1" 200 34160 "http://63.99.108.76/forums/index.php?showtopic=25284" "Mozilla/4.0 (compatible; MSIE 7.0; Windows NT 5.1; .NET CLR 1.1.4322)" "russiannavy.net"
98.112.55.234 - - [30/Jun/2008:19:56:43 -0700] "GET /Ft_knox/P1130385.jpg HTTP/1.1" 200 51302 "http://63.99.108.76/forums/index.php?showtopic=25284" "Mozilla/4.0 (compatible; MSIE 7.0; Windows NT 5.1; .NET CLR 1.1.4322)" "russiannavy.net"
98.112.55.234 - - [30/Jun/2008:19:56:49 -0700] "GET /Ft_knox/P1130388.jpg HTTP/1.1" 200 104657 "http://63.99.108.76/forums/index.php?showtopic=25284" "Mozilla/4.0 (compatible; MSIE 7.0; Windows NT 5.1; .NET CLR 1.1.4322)" "russiannavy.net"
98.112.55.234 - - [30/Jun/2008:19:56:55 -0700] "GET /Ft_knox/P1130386.jpg HTTP/1.1" 200 167775 "http://63.99.108.76/forums/index.php?showtopic=25284" "Mozilla/4.0 (compatible; MSIE 7.0; Windows NT 5.1; .NET CLR 1.1.4322)" "russiannavy.net"
98.112.55.234 - - [30/Jun/2008:19:57:31 -0700] "GET /Ft_knox/P1130414.jpg HTTP/1.1" 200 52592 "http://63.99.108.76/forums/index.php?showtopic=25284" "Mozilla/4.0 (compatible; MSIE 7.0; Windows NT 5.1; .NET CLR 1.1.4322)" "russiannavy.net"
98.112.55.234 - - [30/Jun/2008:19:57:36 -0700] "GET /Ft_knox/P1130422.jpg HTTP/1.1" 200 61862 "http://63.99.108.76/forums/index.php?showtopic=25284" "Mozilla/4.0 (compatible; MSIE 7.0; Windows NT 5.1; .NET CLR 1.1.4322)" "russiannavy.net"
98.112.55.234 - - [30/Jun/2008:19:57:42 -0700] "GET /Ft_knox/P1130420.jpg HTTP/1.1" 200 46746 "http://63.99.108.76/forums/index.php?showtopic=25284" "Mozilla/4.0 (compatible; MSIE 7.0; Windows NT 5.1; .NET CLR 1.1.4322)" "russiannavy.net"
98.112.55.234 - - [30/Jun/2008:19:57:50 -0700] "GET /Ft_knox/P1130423.jpg HTTP/1.1" 200 41853 "http://63.99.108.76/forums/index.php?showtopic=25284" "Mozilla/4.0 (compatible; MSIE 7.0; Windows NT 5.1; .NET CLR 1.1.4322)" "russiannavy.net"
65.55.212.189 - - [30/Jun/2008:19:58:25 -0700] "GET /photos/st_p_art_museum/images/PICT0600.jpg HTTP/1.0" 200 71590 "-" "msnbot-media/1.0 (+http://search.msn.com/msnbot.htm)" "russiannavy.net"
65.55.212.189 - - [30/Jun/2008:19:58:26 -0700] "GET /photos/st_p_art_museum/images/PICT0598.jpg HTTP/1.0" 200 95586 "-" "msnbot-media/1.0 (+http://search.msn.com/msnbot.htm)" "russiannavy.net"
65.55.212.189 - - [30/Jun/2008:19:58:27 -0700] "GET /photos/st_p_art_museum/images/PICT0752.jpg HTTP/1.0" 200 67300 "-" "msnbot-media/1.0 (+http://search.msn.com/msnbot.htm)" "russiannavy.net"
65.55.212.189 - - [30/Jun/2008:19:58:28 -0700] "GET /photos/st_p_art_museum/images/PICT0763.jpg HTTP/1.0" 200 42631 "-" "msnbot-media/1.0 (+http://search.msn.com/msnbot.htm)" "russiannavy.net"
65.55.212.189 - - [30/Jun/2008:19:58:29 -0700] "GET /photos/st_p_art_museum/images/PICT0516.jpg HTTP/1.0" 200 105097 "-" "msnbot-media/1.0 (+http://search.msn.com/msnbot.htm)" "russiannavy.net"
65.55.212.189 - - [30/Jun/2008:19:58:30 -0700] "GET /photos/st_p_art_museum/images/PICT0725.jpg HTTP/1.0" 200 42344 "-" "msnbot-media/1.0 (+http://search.msn.com/msnbot.htm)" "russiannavy.net"
65.55.212.189 - - [30/Jun/2008:19:58:31 -0700] "GET /photos/st_p_art_museum/images/PICT0663.jpg HTTP/1.0" 200 136938 "-" "msnbot-media/1.0 (+http://search.msn.com/msnbot.htm)" "russiannavy.net"
65.55.212.189 - - [30/Jun/2008:19:58:32 -0700] "GET /photos/st_p_art_museum/images/PICT0746.jpg HTTP/1.0" 200 40037 "-" "msnbot-media/1.0 (+http://search.msn.com/msnbot.htm)" "russiannavy.net"
65.55.212.189 - - [30/Jun/2008:19:58:33 -0700] "GET /photos/st_p_art_museum/images/PICT0623.jpg HTTP/1.0" 200 108017 "-" "msnbot-media/1.0 (+http://search.msn.com/msnbot.htm)" "russiannavy.net"
65.55.212.189 - - [30/Jun/2008:19:58:34 -0700] "GET /photos/st_p_art_museum/images/PICT0771.jpg HTTP/1.0" 200 54421 "-" "msnbot-media/1.0 (+http://search.msn.com/msnbot.htm)" "russiannavy.net"
65.55.212.189 - - [30/Jun/2008:19:58:34 -0700] "GET /photos/st_p_art_museum/images/PICT0590.jpg HTTP/1.0" 200 94398 "-" "msnbot-media/1.0 (+http://search.msn.com/msnbot.htm)" "russiannavy.net"
65.55.212.189 - - [30/Jun/2008:19:58:36 -0700] "GET /photos/st_p_art_museum/images/PICT0706.jpg HTTP/1.0" 200 76282 "-" "msnbot-media/1.0 (+http://search.msn.com/msnbot.htm)" "russiannavy.net"
65.55.212.189 - - [30/Jun/2008:19:58:37 -0700] "GET /photos/st_p_art_museum/images/PICT0680.jpg HTTP/1.0" 200 124526 "-" "msnbot-media/1.0 (+http://search.msn.com/msnbot.htm)" "russiannavy.net"
65.55.212.189 - - [30/Jun/2008:19:58:38 -0700] "GET /photos/st_p_art_museum/images/PICT0556.jpg HTTP/1.0" 200 98525 "-" "msnbot-media/1.0 (+http://search.msn.com/msnbot.htm)" "russiannavy.net"
65.55.212.189 - - [30/Jun/2008:19:58:39 -0700] "GET /photos/st_p_art_museum/images/PICT0533.jpg HTTP/1.0" 200 118229 "-" "msnbot-media/1.0 (+http://search.msn.com/msnbot.htm)" "russiannavy.net"
65.55.212.189 - - [30/Jun/2008:19:58:40 -0700] "GET /photos/st_p_art_museum/pages/PICT0778.html HTTP/1.0" 200 11728 "-" "msnbot-media/1.0 (+http://search.msn.com/msnbot.htm)" "russiannavy.net"
74.6.18.228 - - [30/Jun/2008:20:03:29 -0700] "GET /photos/st_p_art_museum/pages/PICT0727.html HTTP/1.0" 200 11728 "-" "Mozilla/5.0 (compatible; Yahoo! Slurp; http://help.yahoo.com/help/us/ysearch/slurp)" "russiannavy.net"
64.12.116.20 - - [30/Jun/2008:20:04:03 -0700] "GET /Ft_knox/P1130383.jpg HTTP/1.1" 200 41648 "http://ar15.com/lite/topic.html?b=1&f=5&t=726177&page=2" "Mozilla/4.0 (compatible; MSIE 7.0; AOL 9.0; Windows NT 5.1; .NET CLR 1.0.3705; .NET CLR 1.1.4322; Media Center PC 3.1; PeoplePal 3.0; .NET CLR 2.0.50727)" "russiannavy.net"
66.249.73.208 - - [30/Jun/2008:20:04:11 -0700] "GET /photos/st_p_art_museum/images/PICT0692.jpg HTTP/1.1" 304 - "-" "Googlebot-Image/1.0" "russiannavy.net"
64.12.116.15 - - [30/Jun/2008:20:04:25 -0700] "GET /Ft_knox/P1130414.jpg HTTP/1.1" 200 52592 "http://ar15.com/lite/topic.html?b=1&f=5&t=726177&page=2" "Mozilla/4.0 (compatible; MSIE 7.0; AOL 9.0; Windows NT 5.1; .NET CLR 1.0.3705; .NET CLR 1.1.4322; Media Center PC 3.1; PeoplePal 3.0; .NET CLR 2.0.50727)" "russiannavy.net"
74.6.18.228 - - [30/Jun/2008:20:04:41 -0700] "GET /photos/littlefield/Sept_2004/BMP-1/ HTTP/1.0" 200 3752 "-" "Mozilla/5.0 (compatible; Yahoo! Slurp; http://help.yahoo.com/help/us/ysearch/slurp)" "russiannavy.net"
64.12.116.15 - - [30/Jun/2008:20:04:45 -0700] "GET /Ft_knox/P1130423.jpg HTTP/1.1" 200 41853 "http://ar15.com/lite/topic.html?b=1&f=5&t=726177&page=2" "Mozilla/4.0 (compatible; MSIE 7.0; AOL 9.0; Windows NT 5.1; .NET CLR 1.0.3705; .NET CLR 1.1.4322; Media Center PC 3.1; PeoplePal 3.0; .NET CLR 2.0.50727)" "russiannavy.net"
76.169.187.103 - - [30/Jun/2008:20:06:00 -0700] "GET /Ft_knox/P1130383.jpg HTTP/1.1" 200 41648 "http://ar15.com/forums/topic.html?b=1&f=5&t=726177&page=2" "Mozilla/4.0 (compatible; MSIE 6.0; Windows NT 5.1; SV1; Tablet PC 1.7; .NET CLR 1.0.3705; .NET CLR 1.1.4322)" "russiannavy.net"
76.169.187.103 - - [30/Jun/2008:20:06:00 -0700] "GET /Ft_knox/P1130414.jpg HTTP/1.1" 200 52592 "http://ar15.com/forums/topic.html?b=1&f=5&t=726177&page=2" "Mozilla/4.0 (compatible; MSIE 6.0; Windows NT 5.1; SV1; Tablet PC 1.7; .NET CLR 1.0.3705; .NET CLR 1.1.4322)" "russiannavy.net"
76.169.187.103 - - [30/Jun/2008:20:06:01 -0700] "GET /Ft_knox/P1130423.jpg HTTP/1.1" 200 41853 "http://ar15.com/forums/topic.html?b=1&f=5&t=726177&page=2" "Mozilla/4.0 (compatible; MSIE 6.0; Windows NT 5.1; SV1; Tablet PC 1.7; .NET CLR 1.0.3705; .NET CLR 1.1.4322)" "russiannavy.net"
66.249.73.208 - - [30/Jun/2008:20:12:15 -0700] "GET /models/collection/ HTTP/1.1" 200 1255 "-" "Mozilla/5.0 (compatible; Googlebot/2.1; +http://www.google.com/bot.html)" "russiannavy.net"
66.249.73.208 - - [30/Jun/2008:20:12:55 -0700] "GET /photos/st_p_art_museum/index_16.html HTTP/1.1" 200 8391 "-" "Mozilla/5.0 (compatible; Googlebot/2.1; +http://www.google.com/bot.html)" "www.russiannavy.net"
74.6.18.228 - - [30/Jun/2008:20:15:21 -0700] "GET /photos/littlefield/old_visits/BTR-70/pages/IMG_2411.html HTTP/1.0" 200 2848 "-" "Mozilla/5.0 (compatible; Yahoo! Slurp; http://help.yahoo.com/help/us/ysearch/slurp)" "russiannavy.net"
74.6.87.50 - - [30/Jun/2008:20:17:19 -0700] "GET /photos/st_p_art_museum/pages/PICT0503.html HTTP/1.0" 304 - "-" "Mozilla/5.0 (compatible; Yahoo! Slurp; http://help.yahoo.com/help/us/ysearch/slurp)" "russiannavy.net"
66.249.73.208 - - [30/Jun/2008:20:18:35 -0700] "GET /gallery/main.php?g2_view=core.ShowItem&g2_itemId=15591 HTTP/1.1" 200 3634 "-" "Mozilla/5.0 (compatible; Googlebot/2.1; +http://www.google.com/bot.html)" "russiannavy.net"
74.6.18.228 - - [30/Jun/2008:20:20:18 -0700] "GET /photos/st_p_art_museum/pages/PICT0723.html HTTP/1.0" 200 11728 "-" "Mozilla/5.0 (compatible; Yahoo! Slurp; http://help.yahoo.com/help/us/ysearch/slurp)" "russiannavy.net"
74.6.18.228 - - [30/Jun/2008:20:21:56 -0700] "GET /photos/st_p_art_museum/pages/PICT0767.html HTTP/1.0" 200 11728 "-" "Mozilla/5.0 (compatible; Yahoo! Slurp; http://help.yahoo.com/help/us/ysearch/slurp)" "russiannavy.net"
66.249.73.208 - - [30/Jun/2008:20:24:00 -0700] "GET /models/storozhevoi/ HTTP/1.1" 200 2080 "-" "Mozilla/5.0 (compatible; Googlebot/2.1; +http://www.google.com/bot.html)" "russiannavy.net"
66.249.73.208 - - [30/Jun/2008:20:24:29 -0700] "GET /models/diorama-stor/ HTTP/1.1" 200 1810 "-" "Mozilla/5.0 (compatible; Googlebot/2.1; +http://www.google.com/bot.html)" "russiannavy.net"
68.39.71.59 - - [30/Jun/2008:20:32:15 -0700] "GET /Ft_knox/P1130383.jpg HTTP/1.1" 200 41648 "http://ar15.com/forums/topic.html?b=1&f=5&t=726177&page=2" "Mozilla/5.0 (Windows; U; Windows NT 5.1; en-GB; rv:1.9) Gecko/2008052906 Firefox/3.0" "russiannavy.net"
68.39.71.59 - - [30/Jun/2008:20:32:15 -0700] "GET /Ft_knox/P1130423.jpg HTTP/1.1" 200 41853 "http://ar15.com/forums/topic.html?b=1&f=5&t=726177&page=2" "Mozilla/5.0 (Windows; U; Windows NT 5.1; en-GB; rv:1.9) Gecko/2008052906 Firefox/3.0" "russiannavy.net"
68.39.71.59 - - [30/Jun/2008:20:32:15 -0700] "GET /Ft_knox/P1130414.jpg HTTP/1.1" 200 52592 "http://ar15.com/forums/topic.html?b=1&f=5&t=726177&page=2" "Mozilla/5.0 (Windows; U; Windows NT 5.1; en-GB; rv:1.9) Gecko/2008052906 Firefox/3.0" "russiannavy.net"
66.249.73.208 - - [30/Jun/2008:20:37:09 -0700] "GET /gallery/main.php?g2_view=core.ShowItem&g2_itemId=15697 HTTP/1.1" 200 3630 "-" "Mozilla/5.0 (compatible; Googlebot/2.1; +http://www.google.com/bot.html)" "russiannavy.net"
15.251.169.69 - - [30/Jun/2008:20:38:00 -0700] "GET /Ft_knox/P1130383.jpg HTTP/1.1" 200 41648 "http://www.souls.org/forums/topic.html?b=1&f=5&t=726177&page=2" "Mozilla/4.0 (compatible; MSIE 6.0; Windows NT 5.1; SV1; .NET CLR 1.0.3705; .NET CLR 1.1.4322; .NET CLR 2.0.50727)" "russiannavy.net"
15.251.169.69 - - [30/Jun/2008:20:38:01 -0700] "GET /Ft_knox/P1130414.jpg HTTP/1.1" 200 52592 "http://www.souls.org/forums/topic.html?b=1&f=5&t=726177&page=2" "Mozilla/4.0 (compatible; MSIE 6.0; Windows NT 5.1; SV1; .NET CLR 1.0.3705; .NET CLR 1.1.4322; .NET CLR 2.0.50727)" "russiannavy.net"
15.251.169.69 - - [30/Jun/2008:20:38:02 -0700] "GET /Ft_knox/P1130423.jpg HTTP/1.1" 200 41853 "http://www.souls.org/forums/topic.html?b=1&f=5&t=726177&page=2" "Mozilla/4.0 (compatible; MSIE 6.0; Windows NT 5.1; SV1; .NET CLR 1.0.3705; .NET CLR 1.1.4322; .NET CLR 2.0.50727)" "russiannavy.net"
66.249.73.208 - - [30/Jun/2008:20:45:05 -0700] "GET /gallery/main.php?g2_view=core.ShowItem&g2_itemId=15594 HTTP/1.1" 200 3634 "-" "Mozilla/5.0 (compatible; Googlebot/2.1; +http://www.google.com/bot.html)" "russiannavy.net"
74.6.18.228 - - [30/Jun/2008:20:46:50 -0700] "GET /photos/littlefield/old_visits/SCOT-64/pages/ HTTP/1.0" 200 2707 "-" "Mozilla/5.0 (compatible; Yahoo! Slurp; http://help.yahoo.com/help/us/ysearch/slurp)" "russiannavy.net"
74.6.18.228 - - [30/Jun/2008:20:57:22 -0700] "GET /models/monomakh/ HTTP/1.0" 200 3429 "-" "Mozilla/5.0 (compatible; Yahoo! Slurp; http://help.yahoo.com/help/us/ysearch/slurp)" "russiannavy.net"
74.6.18.228 - - [30/Jun/2008:20:58:47 -0700] "GET /models/monomakh/?N=D HTTP/1.0" 200 3429 "-" "Mozilla/5.0 (compatible; Yahoo! Slurp; http://help.yahoo.com/help/us/ysearch/slurp)" "russiannavy.net"
75.137.174.80 - - [30/Jun/2008:21:03:58 -0700] "GET /Ft_knox/P1130383.jpg HTTP/1.1" 200 41648 "http://www.ar15.com/forums/topic.html?b=1&f=5&t=726177&page=2" "Mozilla/5.0 (Windows; U; Windows NT 5.1; en-US; rv:1.8.1.14) Gecko/20080404 Firefox/2.0.0.14" "russiannavy.net"
75.137.174.80 - - [30/Jun/2008:21:03:58 -0700] "GET /Ft_knox/P1130414.jpg HTTP/1.1" 200 52592 "http://www.ar15.com/forums/topic.html?b=1&f=5&t=726177&page=2" "Mozilla/5.0 (Windows; U; Windows NT 5.1; en-US; rv:1.8.1.14) Gecko/20080404 Firefox/2.0.0.14" "russiannavy.net"
