207.177.32.70 - - [01/Jul/2008:17:50:00 -0700] "GET /Ft_knox/P1130423.jpg HTTP/1.1" 200 41853 "http://www.freethought-forum.com/forum/showthread.php?t=11085&page=13" "Mozilla/4.0 (compatible; MSIE 7.0; Windows NT 6.0; SLCC1; .NET CLR 2.0.50727; Media Center PC 5.0; .NET CLR 3.0.04506)" "russiannavy.net"
207.177.32.70 - - [01/Jul/2008:17:50:02 -0700] "GET /Ft_knox/P1130420.jpg HTTP/1.1" 200 46746 "http://www.freethought-forum.com/forum/showthread.php?t=11085&page=13" "Mozilla/4.0 (compatible; MSIE 7.0; Windows NT 6.0; SLCC1; .NET CLR 2.0.50727; Media Center PC 5.0; .NET CLR 3.0.04506)" "russiannavy.net"
207.177.32.70 - - [01/Jul/2008:17:50:02 -0700] "GET /Ft_knox/P1130392.jpg HTTP/1.1" 200 87658 "http://www.freethought-forum.com/forum/showthread.php?t=11085&page=13" "Mozilla/4.0 (compatible; MSIE 7.0; Windows NT 6.0; SLCC1; .NET CLR 2.0.50727; Media Center PC 5.0; .NET CLR 3.0.04506)" "russiannavy.net"
82.36.226.193 - - [01/Jul/2008:17:58:08 -0700] "GET /favicon.ico HTTP/1.1" 404 275 "-" "Mozilla/4.0 (compatible; MSIE 7.0; Windows NT 5.1; .NET CLR 1.1.4322; InfoPath.1)" "russiannavy.net"
82.36.226.193 - - [01/Jul/2008:17:58:10 -0700] "GET /photos/misc/2004_5_6_65264_65265.jpg HTTP/1.1" 200 403505 "http://63.99.108.76/forums/index.php?showtopic=24674&st=20" "Mozilla/4.0 (compatible; MSIE 7.0; Windows NT 5.1; .NET CLR 1.1.4322; InfoPath.1)" "russiannavy.net"
82.36.226.193 - - [01/Jul/2008:17:58:22 -0700] "GET /photos/misc/krim_02.jpg HTTP/1.1" 200 51094 "http://63.99.108.76/forums/index.php?showtopic=24674&st=20" "Mozilla/4.0 (compatible; MSIE 7.0; Windows NT 5.1; .NET CLR 1.1.4322; InfoPath.1)" "russiannavy.net"
74.6.18.228 - - [01/Jul/2008:17:58:43 -0700] "GET /photos/littlefield/old_visits/BTR-70 HTTP/1.0" 301 107 "-" "Mozilla/5.0 (compatible; Yahoo! Slurp; http://help.yahoo.com/help/us/ysearch/slurp)" "russiannavy.net"
74.6.18.228 - - [01/Jul/2008:17:58:43 -0700] "GET /photos/littlefield/old_visits/BTR-70/ HTTP/1.0" 200 3754 "-" "Mozilla/5.0 (compatible; Yahoo! Slurp; http://help.yahoo.com/help/us/ysearch/slurp)" "russiannavy.net"
201.230.119.164 - - [01/Jul/2008:18:28:38 -0700] "GET /photos/misc/i11749-image-original.jpg HTTP/1.1" 200 295629 "http://www.militaryphotos.net/forums/showthread.php?t=99988&page=142" "Mozilla/4.0 (compatible; MSIE 7.0; Windows NT 5.1; InfoPath.2)" "russiannavy.net"
24.5.244.57 - - [01/Jul/2008:18:31:36 -0700] "GET /gallery/main.php?g2_view=core.ShowItem&g2_itemId=16316 HTTP/1.1" 200 5 "http://russiannavy.net/gallery/main.php?g2_view=core.ShowItem&g2_itemId=15533" "Mozilla/4.0 (compatible; MSIE 7.0; Windows NT 6.0; SLCC1; .NET CLR 2.0.50727; .NET CLR 3.0.04506; InfoPath.2; ZangoToolbar 4.8.3)" "russiannavy.net"
24.5.244.57 - - [01/Jul/2008:18:31:50 -0700] "GET /gallery/main.php?g2_view=core.ShowItem&g2_itemId=15533 HTTP/1.1" 200 5 "http://russiannavy.net/gallery/main.php?g2_view=core.ShowItem&g2_itemId=16316" "Mozilla/4.0 (compatible; MSIE 7.0; Windows NT 6.0; SLCC1; .NET CLR 2.0.50727; .NET CLR 3.0.04506; InfoPath.2; ZangoToolbar 4.8.3)" "russiannavy.net"
24.5.244.57 - - [01/Jul/2008:18:31:59 -0700] "GET /gallery/main.php?g2_view=core.ShowItem&g2_itemId=15533 HTTP/1.1" 200 5 "http://russiannavy.net/gallery/main.php?g2_view=core.ShowItem&g2_itemId=16316" "Mozilla/4.0 (compatible; MSIE 7.0; Windows NT 6.0; SLCC1; .NET CLR 2.0.50727; .NET CLR 3.0.04506; InfoPath.2; ZangoToolbar 4.8.3)" "russiannavy.net"
24.5.244.57 - - [01/Jul/2008:18:32:24 -0700] "GET /gallery/main.php?g2_view=core.ShowItem&g2_itemId=15533 HTTP/1.1" 200 5 "http://russiannavy.net/gallery/main.php?g2_view=core.ShowItem&g2_itemId=16316" "Mozilla/4.0 (compatible; MSIE 7.0; Windows NT 6.0; SLCC1; .NET CLR 2.0.50727; .NET CLR 3.0.04506; InfoPath.2; ZangoToolbar 4.8.3)" "russiannavy.net"
24.5.244.57 - - [01/Jul/2008:18:32:29 -0700] "GET /gallery/main.php?g2_view=core.ShowItem&g2_itemId=16322 HTTP/1.1" 200 5 "http://russiannavy.net/gallery/main.php?g2_view=core.ShowItem&g2_itemId=16320" "Mozilla/4.0 (compatible; MSIE 7.0; Windows NT 6.0; SLCC1; .NET CLR 2.0.50727; .NET CLR 3.0.04506; InfoPath.2; ZangoToolbar 4.8.3)" "russiannavy.net"
24.5.244.57 - - [01/Jul/2008:18:32:30 -0700] "GET /gallery/main.php?g2_view=core.ShowItem&g2_itemId=16320 HTTP/1.1" 200 5 "http://russiannavy.net/gallery/main.php?g2_view=core.ShowItem&g2_itemId=16324" "Mozilla/4.0 (compatible; MSIE 7.0; Windows NT 6.0; SLCC1; .NET CLR 2.0.50727; .NET CLR 3.0.04506; InfoPath.2; ZangoToolbar 4.8.3)" "russiannavy.net"
24.5.244.57 - - [01/Jul/2008:18:32:40 -0700] "GET /gallery/main.php?g2_view=core.ShowItem&g2_itemId=16320 HTTP/1.1" 200 5 "http://russiannavy.net/gallery/main.php?g2_view=core.ShowItem&g2_itemId=16324" "Mozilla/4.0 (compatible; MSIE 7.0; Windows NT 6.0; SLCC1; .NET CLR 2.0.50727; .NET CLR 3.0.04506; InfoPath.2; ZangoToolbar 4.8.3)" "russiannavy.net"
24.5.244.57 - - [01/Jul/2008:18:32:49 -0700] "GET /gallery HTTP/1.1" 301 94 "-" "Mozilla/4.0 (compatible; MSIE 7.0; Windows NT 6.0; SLCC1; .NET CLR 2.0.50727; .NET CLR 3.0.04506; InfoPath.2; ZangoToolbar 4.8.3)" "russiannavy.net"
24.5.244.57 - - [01/Jul/2008:18:32:50 -0700] "GET /gallery/ HTTP/1.1" 302 5 "-" "Mozilla/4.0 (compatible; MSIE 7.0; Windows NT 6.0; SLCC1; .NET CLR 2.0.50727; .NET CLR 3.0.04506; InfoPath.2; ZangoToolbar 4.8.3)" "russiannavy.net"
24.5.244.57 - - [01/Jul/2008:18:32:50 -0700] "GET /gallery/main.php HTTP/1.1" 200 5 "-" "Mozilla/4.0 (compatible; MSIE 7.0; Windows NT 6.0; SLCC1; .NET CLR 2.0.50727; .NET CLR 3.0.04506; InfoPath.2; ZangoToolbar 4.8.3)" "russiannavy.net"
24.5.244.57 - - [01/Jul/2008:18:33:14 -0700] "GET /gallery/main.php?g2_view=slideshow.Slideshow&g2_itemId=3842 HTTP/1.1" 200 5 "-" "Mozilla/4.0 (compatible; MSIE 7.0; Windows NT 6.0; SLCC1; .NET CLR 2.0.50727; .NET CLR 3.0.04506; InfoPath.2; ZangoToolbar 4.8.3)" "russiannavy.net"
24.5.244.57 - - [01/Jul/2008:18:33:18 -0700] "GET /gallery/main.php?g2_view=slideshow.Slideshow&g2_itemId=3842 HTTP/1.1" 200 5 "-" "Mozilla/4.0 (compatible; MSIE 7.0; Windows NT 6.0; SLCC1; .NET CLR 2.0.50727; .NET CLR 3.0.04506; InfoPath.2; ZangoToolbar 4.8.3)" "russiannavy.net"
24.5.244.57 - - [01/Jul/2008:18:33:27 -0700] "GET / HTTP/1.1" 200 1315 "-" "Mozilla/4.0 (compatible; MSIE 7.0; Windows NT 6.0; SLCC1; .NET CLR 2.0.50727; .NET CLR 3.0.04506; InfoPath.2; ZangoToolbar 4.8.3)" "russiannavy.net"
24.5.244.57 - - [01/Jul/2008:18:34:03 -0700] "GET / HTTP/1.1" 200 1315 "-" "Mozilla/4.0 (compatible; MSIE 7.0; Windows NT 6.0; SLCC1; .NET CLR 2.0.50727; .NET CLR 3.0.04506; InfoPath.2; ZangoToolbar 4.8.3)" "www.russiannavy.net"
24.5.244.57 - - [01/Jul/2008:18:34:04 -0700] "GET /favicon.ico HTTP/1.1" 404 275 "-" "Mozilla/4.0 (compatible; MSIE 7.0; Windows NT 6.0; SLCC1; .NET CLR 2.0.50727; .NET CLR 3.0.04506; InfoPath.2; ZangoToolbar 4.8.3)" "www.russiannavy.net"
24.5.244.57 - - [01/Jul/2008:18:34:06 -0700] "GET /favicon.ico HTTP/1.1" 404 275 "-" "Mozilla/5.0 (compatible; Google Desktop)" "www.russiannavy.net"
24.5.244.57 - - [01/Jul/2008:18:35:02 -0700] "GET /gallery/main.php?g2_view=core.ShowItem&g2_itemId=15533&g2_highlightId=16316 HTTP/1.1" 200 5 "http://russiannavy.net/gallery/main.php?g2_view=core.ShowItem&g2_itemId=16316" "Mozilla/4.0 (compatible; MSIE 7.0; Windows NT 6.0; SLCC1; .NET CLR 2.0.50727; .NET CLR 3.0.04506; InfoPath.2; ZangoToolbar 4.8.3)" "russiannavy.net"
24.5.244.57 - - [01/Jul/2008:18:35:10 -0700] "GET /gallery/main.php?g2_view=core.ShowItem&g2_itemId=16316 HTTP/1.1" 200 5 "http://russiannavy.net/gallery/main.php?g2_view=core.ShowItem&g2_itemId=16317" "Mozilla/4.0 (compatible; MSIE 7.0; Windows NT 6.0; SLCC1; .NET CLR 2.0.50727; .NET CLR 3.0.04506; InfoPath.2; ZangoToolbar 4.8.3)" "russiannavy.net"
66.68.140.147 - - [01/Jul/2008:18:38:15 -0700] "GET /Ft_knox/P1130420.jpg HTTP/1.1" 200 46746 "http://www.freethought-forum.com/forum/showthread.php?p=557984" "Mozilla/5.0 (Macintosh; U; Intel Mac OS X 10.5; en-US; rv:1.9) Gecko/2008061004 Firefox/3.0" "russiannavy.net"
66.68.140.147 - - [01/Jul/2008:18:38:15 -0700] "GET /Ft_knox/P1130423.jpg HTTP/1.1" 200 41853 "http://www.freethought-forum.com/forum/showthread.php?p=557984" "Mozilla/5.0 (Macintosh; U; Intel Mac OS X 10.5; en-US; rv:1.9) Gecko/2008061004 Firefox/3.0" "russiannavy.net"
66.68.140.147 - - [01/Jul/2008:18:38:15 -0700] "GET /Ft_knox/P1130414.jpg HTTP/1.1" 200 52592 "http://www.freethought-forum.com/forum/showthread.php?p=557984" "Mozilla/5.0 (Macintosh; U; Intel Mac OS X 10.5; en-US; rv:1.9) Gecko/2008061004 Firefox/3.0" "russiannavy.net"
66.68.140.147 - - [01/Jul/2008:18:38:15 -0700] "GET /Ft_knox/P1130392.jpg HTTP/1.1" 200 87658 "http://www.freethought-forum.com/forum/showthread.php?p=557984" "Mozilla/5.0 (Macintosh; U; Intel Mac OS X 10.5; en-US; rv:1.9) Gecko/2008061004 Firefox/3.0" "russiannavy.net"
74.6.18.244 - - [01/Jul/2008:18:45:49 -0700] "GET /robots.txt HTTP/1.0" 404 275 "-" "Mozilla/5.0 (compatible; Yahoo! Slurp; http://help.yahoo.com/help/us/ysearch/slurp)" "www.russiannavy.net"
74.6.18.244 - - [01/Jul/2008:18:45:50 -0700] "GET /gallery/main.php?g2_view=core.ShowItem&g2_itemId=3460 HTTP/1.0" 200 0 "-" "Mozilla/5.0 (compatible; Yahoo! Slurp; http://help.yahoo.com/help/us/ysearch/slurp)" "www.russiannavy.net"
84.51.153.181 - - [01/Jul/2008:18:52:39 -0700] "GET /Ft_knox/P1130423.jpg HTTP/1.1" 200 41853 "http://www.freethought-forum.com/forum/showthread.php?t=11085" "Mozilla/5.0 (Macintosh; U; PPC Mac OS X 10_4_11; en) AppleWebKit/525.18 (KHTML, like Gecko) Version/3.1.1 Safari/525.18" "russiannavy.net"
84.51.153.181 - - [01/Jul/2008:18:52:39 -0700] "GET /Ft_knox/P1130392.jpg HTTP/1.1" 200 87658 "http://www.freethought-forum.com/forum/showthread.php?t=11085" "Mozilla/5.0 (Macintosh; U; PPC Mac OS X 10_4_11; en) AppleWebKit/525.18 (KHTML, like Gecko) Version/3.1.1 Safari/525.18" "russiannavy.net"
84.51.153.181 - - [01/Jul/2008:18:52:39 -0700] "GET /Ft_knox/P1130420.jpg HTTP/1.1" 200 46746 "http://www.freethought-forum.com/forum/showthread.php?t=11085" "Mozilla/5.0 (Macintosh; U; PPC Mac OS X 10_4_11; en) AppleWebKit/525.18 (KHTML, like Gecko) Version/3.1.1 Safari/525.18" "russiannavy.net"
84.51.153.181 - - [01/Jul/2008:18:52:39 -0700] "GET /Ft_knox/P1130414.jpg HTTP/1.1" 200 52592 "http://www.freethought-forum.com/forum/showthread.php?t=11085" "Mozilla/5.0 (Macintosh; U; PPC Mac OS X 10_4_11; en) AppleWebKit/525.18 (KHTML, like Gecko) Version/3.1.1 Safari/525.18" "russiannavy.net"
74.6.18.228 - - [01/Jul/2008:18:52:49 -0700] "GET /photos/tanknet/?N=A HTTP/1.0" 200 1093 "-" "Mozilla/5.0 (compatible; Yahoo! Slurp; http://help.yahoo.com/help/us/ysearch/slurp)" "russiannavy.net"
74.6.18.228 - - [01/Jul/2008:19:00:40 -0700] "GET /photos/st_p_art_museum/pages/PICT0551.html HTTP/1.0" 200 11726 "-" "Mozilla/5.0 (compatible; Yahoo! Slurp; http://help.yahoo.com/help/us/ysearch/slurp)" "russiannavy.net"
74.6.18.228 - - [01/Jul/2008:19:08:09 -0700] "GET /photos/st_p_art_museum/pages/PICT0646.html HTTP/1.0" 200 11728 "-" "Mozilla/5.0 (compatible; Yahoo! Slurp; http://help.yahoo.com/help/us/ysearch/slurp)" "russiannavy.net"
131.217.6.7 - - [01/Jul/2008:19:10:59 -0700] "GET /models/a-20/IMGP9642s.jpg HTTP/1.0" 200 86588 "http://www.acemodel.com.ua/forum/viewtopic.php?t=1419&start=15&sid=aa5efd1ad66446b0bf34c16a2a3fd944" "Mozilla/5.0 (Windows; U; Windows NT 5.1; en-US; rv:1.7.12) Gecko/20050915 Firefox/1.0.7" "russiannavy.net"
131.217.6.7 - - [01/Jul/2008:19:10:59 -0700] "GET /models/a-20/IMGP9641s.jpg HTTP/1.0" 200 99388 "http://www.acemodel.com.ua/forum/viewtopic.php?t=1419&start=15&sid=aa5efd1ad66446b0bf34c16a2a3fd944" "Mozilla/5.0 (Windows; U; Windows NT 5.1; en-US; rv:1.7.12) Gecko/20050915 Firefox/1.0.7" "russiannavy.net"
131.217.6.7 - - [01/Jul/2008:19:10:59 -0700] "GET /models/a-20/IMGP9640s.jpg HTTP/1.0" 200 107325 "http://www.acemodel.com.ua/forum/viewtopic.php?t=1419&start=15&sid=aa5efd1ad66446b0bf34c16a2a3fd944" "Mozilla/5.0 (Windows; U; Windows NT 5.1; en-US; rv:1.7.12) Gecko/20050915 Firefox/1.0.7" "russiannavy.net"
131.217.6.7 - - [01/Jul/2008:19:11:00 -0700] "GET /models/a-20/IMGP9637s.jpg HTTP/1.0" 200 107360 "http://www.acemodel.com.ua/forum/viewtopic.php?t=1419&start=15&sid=aa5efd1ad66446b0bf34c16a2a3fd944" "Mozilla/5.0 (Windows; U; Windows NT 5.1; en-US; rv:1.7.12) Gecko/20050915 Firefox/1.0.7" "russiannavy.net"
74.6.18.228 - - [01/Jul/2008:19:12:38 -0700] "GET /photos/littlefield/Sept_2004/Russian_Radar HTTP/1.0" 301 113 "-" "Mozilla/5.0 (compatible; Yahoo! Slurp; http://help.yahoo.com/help/us/ysearch/slurp)" "russiannavy.net"
74.6.18.228 - - [01/Jul/2008:19:12:38 -0700] "GET /photos/littlefield/Sept_2004/Russian_Radar/ HTTP/1.0" 200 3375 "-" "Mozilla/5.0 (compatible; Yahoo! Slurp; http://help.yahoo.com/help/us/ysearch/slurp)" "russiannavy.net"
24.117.5.250 - - [01/Jul/2008:19:25:44 -0700] "GET /Ft_knox/P1130414.jpg HTTP/1.1" 200 52592 "http://www.ar15.com/forums/topic.html?b=1&f=5&t=726177&page=2" "Mozilla/5.0 (Windows; U; Windows NT 5.1; en-US; rv:1.8.1.14) Gecko/20080404 Firefox/2.0.0.14" "russiannavy.net"
24.117.5.250 - - [01/Jul/2008:19:25:44 -0700] "GET /Ft_knox/P1130383.jpg HTTP/1.1" 200 41648 "http://www.ar15.com/forums/topic.html?b=1&f=5&t=726177&page=2" "Mozilla/5.0 (Windows; U; Windows NT 5.1; en-US; rv:1.8.1.14) Gecko/20080404 Firefox/2.0.0.14" "russiannavy.net"
24.117.5.250 - - [01/Jul/2008:19:25:44 -0700] "GET /Ft_knox/P1130423.jpg HTTP/1.1" 200 41853 "http://www.ar15.com/forums/topic.html?b=1&f=5&t=726177&page=2" "Mozilla/5.0 (Windows; U; Windows NT 5.1; en-US; rv:1.8.1.14) Gecko/20080404 Firefox/2.0.0.14" "russiannavy.net"
74.6.18.228 - - [01/Jul/2008:19:30:36 -0700] "GET /photos/littlefield/Sept_2004/BMP-1/pages/IMGP1111.html HTTP/1.0" 200 2715 "-" "Mozilla/5.0 (compatible; Yahoo! Slurp; http://help.yahoo.com/help/us/ysearch/slurp)" "russiannavy.net"
24.5.244.73 - - [01/Jul/2008:19:39:27 -0700] "GET /gallery/main.php HTTP/1.1" 200 5 "-" "Mozilla/5.0 (Windows; U; Windows NT 5.1; en-US; rv:1.8.1.12) Gecko/20080201 SeaMonkey/1.1.8" "russiannavy.net"
24.5.244.73 - - [01/Jul/2008:19:39:33 -0700] "GET /gallery/ HTTP/1.1" 302 5 "-" "Mozilla/5.0 (Windows; U; Windows NT 5.1; en-US; rv:1.8.1.12) Gecko/20080201 SeaMonkey/1.1.8" "russiannavy.net"
24.5.244.73 - - [01/Jul/2008:19:39:33 -0700] "GET /gallery/main.php HTTP/1.1" 200 5 "-" "Mozilla/5.0 (Windows; U; Windows NT 5.1; en-US; rv:1.8.1.12) Gecko/20080201 SeaMonkey/1.1.8" "russiannavy.net"
24.5.244.73 - - [01/Jul/2008:19:39:43 -0700] "GET /gallery/update.php HTTP/1.1" 404 275 "-" "Mozilla/5.0 (Windows; U; Windows NT 5.1; en-US; rv:1.8.1.12) Gecko/20080201 SeaMonkey/1.1.8" "russiannavy.net"
24.5.244.73 - - [01/Jul/2008:19:39:46 -0700] "GET /gallery/ HTTP/1.1" 302 5 "-" "Mozilla/5.0 (Windows; U; Windows NT 5.1; en-US; rv:1.8.1.12) Gecko/20080201 SeaMonkey/1.1.8" "russiannavy.net"
24.5.244.73 - - [01/Jul/2008:19:39:47 -0700] "GET /gallery/main.php HTTP/1.1" 200 5 "-" "Mozilla/5.0 (Windows; U; Windows NT 5.1; en-US; rv:1.8.1.12) Gecko/20080201 SeaMonkey/1.1.8" "russiannavy.net"
24.5.244.73 - - [01/Jul/2008:19:41:24 -0700] "GET /gallery/main.php HTTP/1.1" 200 5 "-" "Mozilla/5.0 (Windows; U; Windows NT 5.1; en-US; rv:1.8.1.12) Gecko/20080201 SeaMonkey/1.1.8" "russiannavy.net"
24.5.244.73 - - [01/Jul/2008:19:41:28 -0700] "GET /gallery/ HTTP/1.1" 302 5 "-" "Mozilla/5.0 (Windows; U; Windows NT 5.1; en-US; rv:1.8.1.12) Gecko/20080201 SeaMonkey/1.1.8" "russiannavy.net"
24.5.244.73 - - [01/Jul/2008:19:41:28 -0700] "GET /gallery/main.php HTTP/1.1" 200 5 "-" "Mozilla/5.0 (Windows; U; Windows NT 5.1; en-US; rv:1.8.1.12) Gecko/20080201 SeaMonkey/1.1.8" "russiannavy.net"
74.6.18.228 - - [01/Jul/2008:19:43:38 -0700] "GET /photos/planes_of_fame/pages/IMG_3829.html HTTP/1.0" 200 12844 "-" "Mozilla/5.0 (compatible; Yahoo! Slurp; http://help.yahoo.com/help/us/ysearch/slurp)" "russiannavy.net"
24.5.244.73 - - [01/Jul/2008:19:44:50 -0700] "GET /gallery/upgrade HTTP/1.1" 301 102 "-" "Mozilla/5.0 (Windows; U; Windows NT 5.1; en-US; rv:1.8.1.12) Gecko/20080201 SeaMonkey/1.1.8" "russiannavy.net"
24.5.244.73 - - [01/Jul/2008:19:44:51 -0700] "GET /gallery/upgrade/ HTTP/1.1" 200 145 "-" "Mozilla/5.0 (Windows; U; Windows NT 5.1; en-US; rv:1.8.1.12) Gecko/20080201 SeaMonkey/1.1.8" "russiannavy.net"
24.5.244.73 - - [01/Jul/2008:19:45:00 -0700] "GET /gallery/ HTTP/1.1" 302 5 "-" "Mozilla/5.0 (Windows; U; Windows NT 5.1; en-US; rv:1.8.1.12) Gecko/20080201 SeaMonkey/1.1.8" "russiannavy.net"
24.5.244.73 - - [01/Jul/2008:19:45:00 -0700] "GET /gallery/main.php HTTP/1.1" 200 5 "-" "Mozilla/5.0 (Windows; U; Windows NT 5.1; en-US; rv:1.8.1.12) Gecko/20080201 SeaMonkey/1.1.8" "russiannavy.net"
24.5.244.73 - - [01/Jul/2008:19:45:22 -0700] "GET /gallery/upgrade/index.php HTTP/1.1" 200 145 "-" "Mozilla/5.0 (Windows; U; Windows NT 5.1; en-US; rv:1.8.1.12) Gecko/20080201 SeaMonkey/1.1.8" "russiannavy.net"
24.5.244.73 - - [01/Jul/2008:19:47:20 -0700] "GET /gallery/upgrade/index.php HTTP/1.1" 200 145 "-" "Mozilla/5.0 (Windows; U; Windows NT 5.1; en-US; rv:1.8.1.12) Gecko/20080201 SeaMonkey/1.1.8" "russiannavy.net"
198.95.226.230 - - [01/Jul/2008:19:56:53 -0700] "GET /gallery/upgrade/index.php HTTP/1.1" 200 145 "-" "Mozilla/5.0 (Windows; U; Windows NT 5.1; en-US; rv:1.8.1.12) Gecko/20080201 SeaMonkey/1.1.8" "russiannavy.net"
198.95.226.230 - - [01/Jul/2008:19:56:56 -0700] "GET /gallery/ HTTP/1.1" 302 5 "-" "Mozilla/5.0 (Windows; U; Windows NT 5.1; en-US; rv:1.8.1.12) Gecko/20080201 SeaMonkey/1.1.8" "russiannavy.net"
198.95.226.230 - - [01/Jul/2008:19:56:57 -0700] "GET /gallery/main.php HTTP/1.1" 200 5 "-" "Mozilla/5.0 (Windows; U; Windows NT 5.1; en-US; rv:1.8.1.12) Gecko/20080201 SeaMonkey/1.1.8" "russiannavy.net"
74.6.17.156 - - [01/Jul/2008:20:02:20 -0700] "GET /robots.txt HTTP/1.0" 404 275 "-" "Mozilla/5.0 (compatible; Yahoo! Slurp; http://help.yahoo.com/help/us/ysearch/slurp)" "russiannavy.net"
74.6.86.177 - - [01/Jul/2008:20:02:21 -0700] "GET / HTTP/1.0" 200 1315 "-" "Mozilla/5.0 (compatible; Yahoo! Slurp; http://help.yahoo.com/help/us/ysearch/slurp)" "russiannavy.net"
198.95.226.230 - - [01/Jul/2008:20:04:35 -0700] "GET /gallery/main.php HTTP/1.1" 200 5 "-" "Mozilla/5.0 (Windows; U; Windows NT 5.1; en-US; rv:1.8.1.12) Gecko/20080201 SeaMonkey/1.1.8" "russiannavy.net"
74.6.18.228 - - [01/Jul/2008:20:05:24 -0700] "GET /models/s-75/S-75.htm HTTP/1.0" 200 3282 "-" "Mozilla/5.0 (compatible; Yahoo! Slurp; http://help.yahoo.com/help/us/ysearch/slurp)" "russiannavy.net"
198.95.226.230 - - [01/Jul/2008:20:09:25 -0700] "GET /gallery/main.php HTTP/1.1" 200 5 "-" "Mozilla/5.0 (Windows; U; Windows NT 5.1; en-US; rv:1.8.1.12) Gecko/20080201 SeaMonkey/1.1.8" "russiannavy.net"
203.87.188.130 - - [01/Jul/2008:20:09:26 -0700] "GET /models/rurik/rurik1sm_small.jpg HTTP/1.1" 200 2031 "http://63.99.108.76/forums/index.php?showtopic=23063&pid=581113&st=0&" "Mozilla/5.0 (Windows; U; Windows NT 5.1; en-US; rv:1.9) Gecko/2008052906 Firefox/3.0" "russiannavy.net"
203.87.188.130 - - [01/Jul/2008:20:09:26 -0700] "GET /models/a-20/IMGP9388.jpg HTTP/1.1" 200 85649 "http://63.99.108.76/forums/index.php?showtopic=23063&pid=581113&st=0&" "Mozilla/5.0 (Windows; U; Windows NT 5.1; en-US; rv:1.9) Gecko/2008052906 Firefox/3.0" "russiannavy.net"
203.87.188.130 - - [01/Jul/2008:20:09:26 -0700] "GET /models/a-20/IMGP9386.jpg HTTP/1.1" 200 100839 "http://63.99.108.76/forums/index.php?showtopic=23063&pid=581113&st=0&" "Mozilla/5.0 (Windows; U; Windows NT 5.1; en-US; rv:1.9) Gecko/2008052906 Firefox/3.0" "russiannavy.net"
203.87.188.130 - - [01/Jul/2008:20:09:26 -0700] "GET /models/a-20/IMGP9387.jpg HTTP/1.1" 200 82474 "http://63.99.108.76/forums/index.php?showtopic=23063&pid=581113&st=0&" "Mozilla/5.0 (Windows; U; Windows NT 5.1; en-US; rv:1.9) Gecko/2008052906 Firefox/3.0" "russiannavy.net"
203.87.188.130 - - [01/Jul/2008:20:09:26 -0700] "GET /models/a-20/IMGP9379.jpg HTTP/1.1" 200 119887 "http://63.99.108.76/forums/index.php?showtopic=23063&pid=581113&st=0&" "Mozilla/5.0 (Windows; U; Windows NT 5.1; en-US; rv:1.9) Gecko/2008052906 Firefox/3.0" "russiannavy.net"
203.87.188.130 - - [01/Jul/2008:20:09:26 -0700] "GET /models/a-20/IMGP9385.jpg HTTP/1.1" 200 112431 "http://63.99.108.76/forums/index.php?showtopic=23063&pid=581113&st=0&" "Mozilla/5.0 (Windows; U; Windows NT 5.1; en-US; rv:1.9) Gecko/2008052906 Firefox/3.0" "russiannavy.net"
203.87.188.130 - - [01/Jul/2008:20:09:28 -0700] "GET /models/a-20/IMGP9389.jpg HTTP/1.1" 200 86960 "http://63.99.108.76/forums/index.php?showtopic=23063&pid=581113&st=0&" "Mozilla/5.0 (Windows; U; Windows NT 5.1; en-US; rv:1.9) Gecko/2008052906 Firefox/3.0" "russiannavy.net"
203.87.188.130 - - [01/Jul/2008:20:09:28 -0700] "GET /models/a-20/IMGP9624.jpg HTTP/1.1" 200 76944 "http://63.99.108.76/forums/index.php?showtopic=23063&pid=581113&st=0&" "Mozilla/5.0 (Windows; U; Windows NT 5.1; en-US; rv:1.9) Gecko/2008052906 Firefox/3.0" "russiannavy.net"
203.87.188.130 - - [01/Jul/2008:20:09:33 -0700] "GET /models/a-20/IMGP9626.jpg HTTP/1.1" 200 163735 "http://63.99.108.76/forums/index.php?showtopic=23063&pid=581113&st=0&" "Mozilla/5.0 (Windows; U; Windows NT 5.1; en-US; rv:1.9) Gecko/2008052906 Firefox/3.0" "russiannavy.net"
203.87.188.130 - - [01/Jul/2008:20:09:33 -0700] "GET /models/a-20/IMGP9629.jpg HTTP/1.1" 200 79089 "http://63.99.108.76/forums/index.php?showtopic=23063&pid=581113&st=0&" "Mozilla/5.0 (Windows; U; Windows NT 5.1; en-US; rv:1.9) Gecko/2008052906 Firefox/3.0" "russiannavy.net"
203.87.188.130 - - [01/Jul/2008:20:09:47 -0700] "GET /models/a-20/IMGP9631.jpg HTTP/1.1" 200 116658 "http://63.99.108.76/forums/index.php?showtopic=23063&pid=581113&st=0&" "Mozilla/5.0 (Windows; U; Windows NT 5.1; en-US; rv:1.9) Gecko/2008052906 Firefox/3.0" "russiannavy.net"
203.87.188.130 - - [01/Jul/2008:20:09:49 -0700] "GET /models/a-20/IMGP9633.jpg HTTP/1.1" 200 58384 "http://63.99.108.76/forums/index.php?showtopic=23063&pid=581113&st=0&" "Mozilla/5.0 (Windows; U; Windows NT 5.1; en-US; rv:1.9) Gecko/2008052906 Firefox/3.0" "russiannavy.net"
203.87.188.130 - - [01/Jul/2008:20:09:50 -0700] "GET /models/a-20/IMGP9640s.jpg HTTP/1.1" 200 107325 "http://63.99.108.76/forums/index.php?showtopic=23063&pid=581113&st=0&" "Mozilla/5.0 (Windows; U; Windows NT 5.1; en-US; rv:1.9) Gecko/2008052906 Firefox/3.0" "russiannavy.net"
203.87.188.130 - - [01/Jul/2008:20:09:51 -0700] "GET /models/a-20/IMGP9642s.jpg HTTP/1.1" 200 86588 "http://63.99.108.76/forums/index.php?showtopic=23063&pid=581113&st=0&" "Mozilla/5.0 (Windows; U; Windows NT 5.1; en-US; rv:1.9) Gecko/2008052906 Firefox/3.0" "russiannavy.net"
203.87.188.130 - - [01/Jul/2008:20:09:54 -0700] "GET /models/a-20/IMGP9641s.jpg HTTP/1.1" 200 99388 "http://63.99.108.76/forums/index.php?showtopic=23063&pid=581113&st=0&" "Mozilla/5.0 (Windows; U; Windows NT 5.1; en-US; rv:1.9) Gecko/2008052906 Firefox/3.0" "russiannavy.net"
203.87.188.130 - - [01/Jul/2008:20:10:01 -0700] "GET /models/a-20/IMGP9637s.jpg HTTP/1.1" 200 107360 "http://63.99.108.76/forums/index.php?showtopic=23063&pid=581113&st=0&" "Mozilla/5.0 (Windows; U; Windows NT 5.1; en-US; rv:1.9) Gecko/2008052906 Firefox/3.0" "russiannavy.net"
198.95.226.230 - - [01/Jul/2008:20:10:04 -0700] "GET /gallery/upgrade/index.php HTTP/1.1" 200 145 "-" "Mozilla/5.0 (Windows; U; Windows NT 5.1; en-US; rv:1.8.1.12) Gecko/20080201 SeaMonkey/1.1.8" "russiannavy.net"
198.95.226.230 - - [01/Jul/2008:20:10:06 -0700] "GET /gallery/upgrade/index.php HTTP/1.1" 200 145 "-" "Mozilla/5.0 (Windows; U; Windows NT 5.1; en-US; rv:1.8.1.12) Gecko/20080201 SeaMonkey/1.1.8" "russiannavy.net"
198.95.226.230 - - [01/Jul/2008:20:10:08 -0700] "GET /gallery/upgrade/index.php HTTP/1.1" 200 145 "-" "Mozilla/5.0 (Windows; U; Windows NT 5.1; en-US; rv:1.8.1.12) Gecko/20080201 SeaMonkey/1.1.8" "russiannavy.net"
198.95.226.230 - - [01/Jul/2008:20:13:22 -0700] "GET /gallery/main.php HTTP/1.1" 200 5 "-" "Mozilla/5.0 (Windows; U; Windows NT 5.1; en-US; rv:1.8.1.12) Gecko/20080201 SeaMonkey/1.1.8" "russiannavy.net"
198.95.226.230 - - [01/Jul/2008:20:13:28 -0700] "GET /gallery/upgrade/index.php HTTP/1.1" 200 145 "-" "Mozilla/5.0 (Windows; U; Windows NT 5.1; en-US; rv:1.8.1.12) Gecko/20080201 SeaMonkey/1.1.8" "russiannavy.net"
74.6.18.228 - - [01/Jul/2008:20:16:01 -0700] "GET /photos/st_p_art_museum/index_11.html HTTP/1.0" 200 8391 "-" "Mozilla/5.0 (compatible; Yahoo! Slurp; http://help.yahoo.com/help/us/ysearch/slurp)" "russiannavy.net"
74.6.18.228 - - [01/Jul/2008:20:16:39 -0700] "GET /photos/st_p_art_museum/pages/PICT0647.html HTTP/1.0" 200 11728 "-" "Mozilla/5.0 (compatible; Yahoo! Slurp; http://help.yahoo.com/help/us/ysearch/slurp)" "russiannavy.net"
198.95.226.230 - - [01/Jul/2008:20:19:56 -0700] "GET /gallery/upgrade/index.php HTTP/1.1" 200 145 "-" "Mozilla/5.0 (Windows; U; Windows NT 5.1; en-US; rv:1.8.1.12) Gecko/20080201 SeaMonkey/1.1.8" "russiannavy.net"
198.95.226.230 - - [01/Jul/2008:20:20:01 -0700] "GET /gallery/main.php HTTP/1.1" 200 5 "-" "Mozilla/5.0 (Windows; U; Windows NT 5.1; en-US; rv:1.8.1.12) Gecko/20080201 SeaMonkey/1.1.8" "russiannavy.net"
198.95.226.230 - - [01/Jul/2008:20:20:26 -0700] "GET /gallery/config.php HTTP/1.1" 200 5 "-" "Mozilla/5.0 (Windows; U; Windows NT 5.1; en-US; rv:1.8.1.12) Gecko/20080201 SeaMonkey/1.1.8" "russiannavy.net"
89.178.219.120 - - [01/Jul/2008:20:22:54 -0700] "GET /models/a-20/IMGP9387.jpg HTTP/1.1" 200 82474 "http://www.acemodel.com.ua/forum/viewtopic.php?t=1419&start=0&sid=3eb3cd028db8e846cfeb10e5d7e73c70" "Mozilla/5.0 (Windows; U; Windows NT 5.1; ru; rv:1.8.1.14) Gecko/20080404 Firefox/2.0.0.3;MEGAUPLOAD 1.0" "russiannavy.net"
89.178.219.120 - - [01/Jul/2008:20:22:54 -0700] "GET /models/a-20/IMGP9385.jpg HTTP/1.1" 200 112431 "http://www.acemodel.com.ua/forum/viewtopic.php?t=1419&start=0&sid=3eb3cd028db8e846cfeb10e5d7e73c70" "Mozilla/5.0 (Windows; U; Windows NT 5.1; ru; rv:1.8.1.14) Gecko/20080404 Firefox/2.0.0.3;MEGAUPLOAD 1.0" "russiannavy.net"
89.178.219.120 - - [01/Jul/2008:20:22:54 -0700] "GET /models/a-20/IMGP9386.jpg HTTP/1.1" 200 100839 "http://www.acemodel.com.ua/forum/viewtopic.php?t=1419&start=0&sid=3eb3cd028db8e846cfeb10e5d7e73c70" "Mozilla/5.0 (Windows; U; Windows NT 5.1; ru; rv:1.8.1.14) Gecko/20080404 Firefox/2.0.0.3;MEGAUPLOAD 1.0" "russiannavy.net"
89.178.219.120 - - [01/Jul/2008:20:22:54 -0700] "GET /models/a-20/IMGP9388.jpg HTTP/1.1" 200 85649 "http://www.acemodel.com.ua/forum/viewtopic.php?t=1419&start=0&sid=3eb3cd028db8e846cfeb10e5d7e73c70" "Mozilla/5.0 (Windows; U; Windows NT 5.1; ru; rv:1.8.1.14) Gecko/20080404 Firefox/2.0.0.3;MEGAUPLOAD 1.0" "russiannavy.net"
89.178.219.120 - - [01/Jul/2008:20:22:55 -0700] "GET /models/a-20/IMGP9379.jpg HTTP/1.1" 200 119887 "http://www.acemodel.com.ua/forum/viewtopic.php?t=1419&start=0&sid=3eb3cd028db8e846cfeb10e5d7e73c70" "Mozilla/5.0 (Windows; U; Windows NT 5.1; ru; rv:1.8.1.14) Gecko/20080404 Firefox/2.0.0.3;MEGAUPLOAD 1.0" "russiannavy.net"
89.178.219.120 - - [01/Jul/2008:20:22:55 -0700] "GET /models/a-20/IMGP9389.jpg HTTP/1.1" 200 86960 "http://www.acemodel.com.ua/forum/viewtopic.php?t=1419&start=0&sid=3eb3cd028db8e846cfeb10e5d7e73c70" "Mozilla/5.0 (Windows; U; Windows NT 5.1; ru; rv:1.8.1.14) Gecko/20080404 Firefox/2.0.0.3;MEGAUPLOAD 1.0" "russiannavy.net"
89.178.219.120 - - [01/Jul/2008:20:22:56 -0700] "GET /models/a-20/IMGP9624.jpg HTTP/1.1" 200 76944 "http://www.acemodel.com.ua/forum/viewtopic.php?t=1419&start=0&sid=3eb3cd028db8e846cfeb10e5d7e73c70" "Mozilla/5.0 (Windows; U; Windows NT 5.1; ru; rv:1.8.1.14) Gecko/20080404 Firefox/2.0.0.3;MEGAUPLOAD 1.0" "russiannavy.net"
89.178.219.120 - - [01/Jul/2008:20:22:56 -0700] "GET /models/a-20/IMGP9626.jpg HTTP/1.1" 200 163735 "http://www.acemodel.com.ua/forum/viewtopic.php?t=1419&start=0&sid=3eb3cd028db8e846cfeb10e5d7e73c70" "Mozilla/5.0 (Windows; U; Windows NT 5.1; ru; rv:1.8.1.14) Gecko/20080404 Firefox/2.0.0.3;MEGAUPLOAD 1.0" "russiannavy.net"
89.178.219.120 - - [01/Jul/2008:20:22:57 -0700] "GET /models/a-20/IMGP9629.jpg HTTP/1.1" 200 79089 "http://www.acemodel.com.ua/forum/viewtopic.php?t=1419&start=0&sid=3eb3cd028db8e846cfeb10e5d7e73c70" "Mozilla/5.0 (Windows; U; Windows NT 5.1; ru; rv:1.8.1.14) Gecko/20080404 Firefox/2.0.0.3;MEGAUPLOAD 1.0" "russiannavy.net"
198.95.226.230 - - [01/Jul/2008:20:23:24 -0700] "GET /gallery/config.php HTTP/1.1" 200 5 "-" "Mozilla/5.0 (Windows; U; Windows NT 5.1; en-US; rv:1.8.1.12) Gecko/20080201 SeaMonkey/1.1.8" "russiannavy.net"
198.95.226.230 - - [01/Jul/2008:20:23:27 -0700] "GET /gallery/main.php HTTP/1.1" 200 5 "-" "Mozilla/5.0 (Windows; U; Windows NT 5.1; en-US; rv:1.8.1.12) Gecko/20080201 SeaMonkey/1.1.8" "russiannavy.net"
74.6.18.244 - - [01/Jul/2008:20:27:40 -0700] "GET /gallery/main.php?g2_view=core.ShowItem&g2_itemId=4001 HTTP/1.0" 200 0 "-" "Mozilla/5.0 (compatible; Yahoo! Slurp; http://help.yahoo.com/help/us/ysearch/slurp)" "www.russiannavy.net"
72.183.208.251 - - [01/Jul/2008:20:29:55 -0700] "GET /models/a-20/IMGP9387.jpg HTTP/1.1" 200 82474 "http://63.99.108.76/forums/index.php?showtopic=23063&st=0&" "Mozilla/5.0 (Windows; U; Windows NT 5.1; en-US; rv:1.8.1.14) Gecko/20080404 Firefox/2.0.0.14" "russiannavy.net"
72.183.208.251 - - [01/Jul/2008:20:29:55 -0700] "GET /models/rurik/rurik1sm_small.jpg HTTP/1.1" 200 2031 "http://63.99.108.76/forums/index.php?showtopic=23063&st=0&" "Mozilla/5.0 (Windows; U; Windows NT 5.1; en-US; rv:1.8.1.14) Gecko/20080404 Firefox/2.0.0.14" "russiannavy.net"
72.183.208.251 - - [01/Jul/2008:20:29:55 -0700] "GET /models/a-20/IMGP9385.jpg HTTP/1.1" 200 112431 "http://63.99.108.76/forums/index.php?showtopic=23063&st=0&" "Mozilla/5.0 (Windows; U; Windows NT 5.1; en-US; rv:1.8.1.14) Gecko/20080404 Firefox/2.0.0.14" "russiannavy.net"
72.183.208.251 - - [01/Jul/2008:20:29:55 -0700] "GET /models/a-20/IMGP9388.jpg HTTP/1.1" 200 85649 "http://63.99.108.76/forums/index.php?showtopic=23063&st=0&" "Mozilla/5.0 (Windows; U; Windows NT 5.1; en-US; rv:1.8.1.14) Gecko/20080404 Firefox/2.0.0.14" "russiannavy.net"
72.183.208.251 - - [01/Jul/2008:20:29:55 -0700] "GET /models/a-20/IMGP9379.jpg HTTP/1.1" 200 119887 "http://63.99.108.76/forums/index.php?showtopic=23063&st=0&" "Mozilla/5.0 (Windows; U; Windows NT 5.1; en-US; rv:1.8.1.14) Gecko/20080404 Firefox/2.0.0.14" "russiannavy.net"
72.183.208.251 - - [01/Jul/2008:20:29:55 -0700] "GET /models/a-20/IMGP9389.jpg HTTP/1.1" 200 86960 "http://63.99.108.76/forums/index.php?showtopic=23063&st=0&" "Mozilla/5.0 (Windows; U; Windows NT 5.1; en-US; rv:1.8.1.14) Gecko/20080404 Firefox/2.0.0.14" "russiannavy.net"
72.183.208.251 - - [01/Jul/2008:20:29:55 -0700] "GET /models/a-20/IMGP9624.jpg HTTP/1.1" 200 76944 "http://63.99.108.76/forums/index.php?showtopic=23063&st=0&" "Mozilla/5.0 (Windows; U; Windows NT 5.1; en-US; rv:1.8.1.14) Gecko/20080404 Firefox/2.0.0.14" "russiannavy.net"
72.183.208.251 - - [01/Jul/2008:20:29:56 -0700] "GET /models/a-20/IMGP9626.jpg HTTP/1.1" 200 163735 "http://63.99.108.76/forums/index.php?showtopic=23063&st=0&" "Mozilla/5.0 (Windows; U; Windows NT 5.1; en-US; rv:1.8.1.14) Gecko/20080404 Firefox/2.0.0.14" "russiannavy.net"
72.183.208.251 - - [01/Jul/2008:20:29:56 -0700] "GET /models/a-20/IMGP9629.jpg HTTP/1.1" 200 79089 "http://63.99.108.76/forums/index.php?showtopic=23063&st=0&" "Mozilla/5.0 (Windows; U; Windows NT 5.1; en-US; rv:1.8.1.14) Gecko/20080404 Firefox/2.0.0.14" "russiannavy.net"
72.183.208.251 - - [01/Jul/2008:20:29:56 -0700] "GET /models/a-20/IMGP9386.jpg HTTP/1.1" 200 100839 "http://63.99.108.76/forums/index.php?showtopic=23063&st=0&" "Mozilla/5.0 (Windows; U; Windows NT 5.1; en-US; rv:1.8.1.14) Gecko/20080404 Firefox/2.0.0.14" "russiannavy.net"
72.183.208.251 - - [01/Jul/2008:20:29:56 -0700] "GET /models/a-20/IMGP9631.jpg HTTP/1.1" 200 116658 "http://63.99.108.76/forums/index.php?showtopic=23063&st=0&" "Mozilla/5.0 (Windows; U; Windows NT 5.1; en-US; rv:1.8.1.14) Gecko/20080404 Firefox/2.0.0.14" "russiannavy.net"
72.183.208.251 - - [01/Jul/2008:20:29:56 -0700] "GET /models/a-20/IMGP9633.jpg HTTP/1.1" 200 58384 "http://63.99.108.76/forums/index.php?showtopic=23063&st=0&" "Mozilla/5.0 (Windows; U; Windows NT 5.1; en-US; rv:1.8.1.14) Gecko/20080404 Firefox/2.0.0.14" "russiannavy.net"
72.183.208.251 - - [01/Jul/2008:20:29:56 -0700] "GET /models/a-20/IMGP9640s.jpg HTTP/1.1" 200 107325 "http://63.99.108.76/forums/index.php?showtopic=23063&st=0&" "Mozilla/5.0 (Windows; U; Windows NT 5.1; en-US; rv:1.8.1.14) Gecko/20080404 Firefox/2.0.0.14" "russiannavy.net"
72.183.208.251 - - [01/Jul/2008:20:29:56 -0700] "GET /models/a-20/IMGP9641s.jpg HTTP/1.1" 200 99388 "http://63.99.108.76/forums/index.php?showtopic=23063&st=0&" "Mozilla/5.0 (Windows; U; Windows NT 5.1; en-US; rv:1.8.1.14) Gecko/20080404 Firefox/2.0.0.14" "russiannavy.net"
72.183.208.251 - - [01/Jul/2008:20:29:57 -0700] "GET /models/a-20/IMGP9642s.jpg HTTP/1.1" 200 86588 "http://63.99.108.76/forums/index.php?showtopic=23063&st=0&" "Mozilla/5.0 (Windows; U; Windows NT 5.1; en-US; rv:1.8.1.14) Gecko/20080404 Firefox/2.0.0.14" "russiannavy.net"
72.183.208.251 - - [01/Jul/2008:20:29:57 -0700] "GET /models/a-20/IMGP9637s.jpg HTTP/1.1" 200 107360 "http://63.99.108.76/forums/index.php?showtopic=23063&st=0&" "Mozilla/5.0 (Windows; U; Windows NT 5.1; en-US; rv:1.8.1.14) Gecko/20080404 Firefox/2.0.0.14" "russiannavy.net"
222.253.218.141 - - [01/Jul/2008:20:33:41 -0700] "GET /photos/misc/i11749-image-original.jpg HTTP/1.1" 200 295629 "http://vndefence.info/modules.php?name=Forums&file=viewtopic&t=81&postdays=0&postorder=asc&start=60" "Mozilla/4.0 (compatible; MSIE 7.0; Windows NT 5.1)" "russiannavy.net"
74.6.18.228 - - [01/Jul/2008:20:42:43 -0700] "GET /photos/events/camping/?M=D HTTP/1.0" 200 974 "-" "Mozilla/5.0 (compatible; Yahoo! Slurp; http://help.yahoo.com/help/us/ysearch/slurp)" "russiannavy.net"
74.6.18.228 - - [01/Jul/2008:20:44:13 -0700] "GET /photos/littlefield/old_visits/SCUD/pages/IMG_0641.html HTTP/1.0" 200 3207 "-" "Mozilla/5.0 (compatible; Yahoo! Slurp; http://help.yahoo.com/help/us/ysearch/slurp)" "russiannavy.net"
74.6.18.228 - - [01/Jul/2008:20:57:34 -0700] "GET /photos/littlefield/Sept_2004/PT-76/pages/IMGP0974.html HTTP/1.0" 200 2448 "-" "Mozilla/5.0 (compatible; Yahoo! Slurp; http://help.yahoo.com/help/us/ysearch/slurp)" "russiannavy.net"
74.6.18.228 - - [01/Jul/2008:20:57:57 -0700] "GET /photos/littlefield/Sept_2004/Crusader/pages/ HTTP/1.0" 200 1873 "-" "Mozilla/5.0 (compatible; Yahoo! Slurp; http://help.yahoo.com/help/us/ysearch/slurp)" "russiannavy.net"
74.6.18.228 - - [01/Jul/2008:21:06:38 -0700] "GET /photos/st_p_art_museum/pages/PICT0618.html HTTP/1.0" 200 11727 "-" "Mozilla/5.0 (compatible; Yahoo! Slurp; http://help.yahoo.com/help/us/ysearch/slurp)" "russiannavy.net"
74.6.86.177 - - [01/Jul/2008:21:07:52 -0700] "GET /photos/st_p_art_museum/pages/PICT0500.html HTTP/1.0" 200 11723 "-" "Mozilla/5.0 (compatible; Yahoo! Slurp; http://help.yahoo.com/help/us/ysearch/slurp)" "russiannavy.net"
74.6.86.177 - - [01/Jul/2008:21:07:53 -0700] "GET /photos/st_p_art_museum/pages/PICT0502.html HTTP/1.0" 200 11724 "-" "Mozilla/5.0 (compatible; Yahoo! Slurp; http://help.yahoo.com/help/us/ysearch/slurp)" "russiannavy.net"
74.6.86.177 - - [01/Jul/2008:21:08:02 -0700] "GET /photos/st_p_art_museum/pages/PICT0493.html HTTP/1.0" 200 11575 "-" "Mozilla/5.0 (compatible; Yahoo! Slurp; http://help.yahoo.com/help/us/ysearch/slurp)" "russiannavy.net"
74.6.18.228 - - [01/Jul/2008:21:15:24 -0700] "GET /models/udarny/?M=D HTTP/1.0" 200 7013 "-" "Mozilla/5.0 (compatible; Yahoo! Slurp; http://help.yahoo.com/help/us/ysearch/slurp)" "russiannavy.net"
68.147.52.153 - - [01/Jul/2008:21:25:40 -0700] "GET /photos/misc/i11749-image-original.jpg HTTP/1.1" 200 295629 "http://www.militaryphotos.net/forums/showthread.php?t=99988&page=142" "Mozilla/5.0 (Windows; U; Windows NT 5.1; en-US; rv:1.9) Gecko/2008052906 Firefox/3.0" "russiannavy.net"
74.6.18.228 - - [01/Jul/2008:21:27:39 -0700] "GET /photos/st_p_art_museum/pages/PICT0550.html HTTP/1.0" 200 11726 "-" "Mozilla/5.0 (compatible; Yahoo! Slurp; http://help.yahoo.com/help/us/ysearch/slurp)" "russiannavy.net"
74.6.18.228 - - [01/Jul/2008:21:28:12 -0700] "GET /photos/littlefield/Sept_2004/BTR-152/pages/IMGP0764.html HTTP/1.0" 200 2516 "-" "Mozilla/5.0 (compatible; Yahoo! Slurp; http://help.yahoo.com/help/us/ysearch/slurp)" "russiannavy.net"
74.6.18.228 - - [01/Jul/2008:21:31:31 -0700] "GET /photos/vegas_trip/pages/IMGP7773.htm HTTP/1.0" 200 3610 "-" "Mozilla/5.0 (compatible; Yahoo! Slurp; http://help.yahoo.com/help/us/ysearch/slurp)" "russiannavy.net"
198.95.226.230 - - [01/Jul/2008:21:37:56 -0700] "GET /gallery/main.php HTTP/1.1" 302 238 "-" "Mozilla/5.0 (Windows; U; Windows NT 5.1; en-US; rv:1.8.1.12) Gecko/20080201 SeaMonkey/1.1.8" "russiannavy.net"
198.95.226.230 - - [01/Jul/2008:21:37:57 -0700] "GET /gallery/upgrade/index.php HTTP/1.1" 200 6410 "-" "Mozilla/5.0 (Windows; U; Windows NT 5.1; en-US; rv:1.8.1.12) Gecko/20080201 SeaMonkey/1.1.8" "russiannavy.net"
198.95.226.230 - - [01/Jul/2008:21:38:00 -0700] "GET /gallery/upgrade/upgrade.css HTTP/1.1" 200 8473 "http://russiannavy.net/gallery/upgrade/index.php" "Mozilla/5.0 (Windows; U; Windows NT 5.1; en-US; rv:1.8.1.12) Gecko/20080201 SeaMonkey/1.1.8" "russiannavy.net"
198.95.226.230 - - [01/Jul/2008:21:38:01 -0700] "GET /gallery/upgrade/images/g2Logo_upgrade_head.png HTTP/1.1" 200 16688 "http://russiannavy.net/gallery/upgrade/index.php" "Mozilla/5.0 (Windows; U; Windows NT 5.1; en-US; rv:1.8.1.12) Gecko/20080201 SeaMonkey/1.1.8" "russiannavy.net"
198.95.226.230 - - [01/Jul/2008:21:38:01 -0700] "GET /gallery/upgrade/images/btnBGgrn.gif HTTP/1.1" 200 173 "http://russiannavy.net/gallery/upgrade/upgrade.css" "Mozilla/5.0 (Windows; U; Windows NT 5.1; en-US; rv:1.8.1.12) Gecko/20080201 SeaMonkey/1.1.8" "russiannavy.net"
198.95.226.230 - - [01/Jul/2008:21:38:01 -0700] "GET /gallery/upgrade/images/pixgrn.gif HTTP/1.1" 200 35 "http://russiannavy.net/gallery/upgrade/upgrade.css" "Mozilla/5.0 (Windows; U; Windows NT 5.1; en-US; rv:1.8.1.12) Gecko/20080201 SeaMonkey/1.1.8" "russiannavy.net"
198.95.226.230 - - [01/Jul/2008:21:38:01 -0700] "GET /gallery/upgrade/images/btnTLgrn.gif HTTP/1.1" 200 171 "http://russiannavy.net/gallery/upgrade/upgrade.css" "Mozilla/5.0 (Windows; U; Windows NT 5.1; en-US; rv:1.8.1.12) Gecko/20080201 SeaMonkey/1.1.8" "russiannavy.net"
198.95.226.230 - - [01/Jul/2008:21:38:01 -0700] "GET /gallery/upgrade/images/btnTRgrn.gif HTTP/1.1" 200 169 "http://russiannavy.net/gallery/upgrade/upgrade.css" "Mozilla/5.0 (Windows; U; Windows NT 5.1; en-US; rv:1.8.1.12) Gecko/20080201 SeaMonkey/1.1.8" "russiannavy.net"
198.95.226.230 - - [01/Jul/2008:21:38:01 -0700] "GET /gallery/upgrade/images/btnBRgrn.gif HTTP/1.1" 200 172 "http://russiannavy.net/gallery/upgrade/upgrade.css" "Mozilla/5.0 (Windows; U; Windows NT 5.1; en-US; rv:1.8.1.12) Gecko/20080201 SeaMonkey/1.1.8" "russiannavy.net"
198.95.226.230 - - [01/Jul/2008:21:38:01 -0700] "GET /gallery/upgrade/images/btnBLgrn.gif HTTP/1.1" 200 171 "http://russiannavy.net/gallery/upgrade/upgrade.css" "Mozilla/5.0 (Windows; U; Windows NT 5.1; en-US; rv:1.8.1.12) Gecko/20080201 SeaMonkey/1.1.8" "russiannavy.net"
198.95.226.230 - - [01/Jul/2008:21:38:05 -0700] "GET /gallery/upgrade/index.php?step=1&G2SETUPSID=66ddd8e4a6ce8ac65c12ebb0229f8204 HTTP/1.1" 200 4088 "http://russiannavy.net/gallery/upgrade/index.php" "Mozilla/5.0 (Windows; U; Windows NT 5.1; en-US; rv:1.8.1.12) Gecko/20080201 SeaMonkey/1.1.8" "russiannavy.net"
198.95.226.230 - - [01/Jul/2008:21:38:11 -0700] "POST /gallery/upgrade/index.php?step=1&G2SETUPSID=66ddd8e4a6ce8ac65c12ebb0229f8204 HTTP/1.1" 200 3671 "http://russiannavy.net/gallery/upgrade/index.php?step=1&G2SETUPSID=66ddd8e4a6ce8ac65c12ebb0229f8204" "Mozilla/5.0 (Windows; U; Windows NT 5.1; en-US; rv:1.8.1.12) Gecko/20080201 SeaMonkey/1.1.8" "russiannavy.net"
198.95.226.230 - - [01/Jul/2008:21:38:11 -0700] "GET /gallery/upgrade/images/btnBGor.gif HTTP/1.1" 200 173 "http://russiannavy.net/gallery/upgrade/upgrade.css" "Mozilla/5.0 (Windows; U; Windows NT 5.1; en-US; rv:1.8.1.12) Gecko/20080201 SeaMonkey/1.1.8" "russiannavy.net"
198.95.226.230 - - [01/Jul/2008:21:38:11 -0700] "GET /gallery/upgrade/images/ico_success.gif HTTP/1.1" 200 1629 "http://russiannavy.net/gallery/upgrade/upgrade.css" "Mozilla/5.0 (Windows; U; Windows NT 5.1; en-US; rv:1.8.1.12) Gecko/20080201 SeaMonkey/1.1.8" "russiannavy.net"
198.95.226.230 - - [01/Jul/2008:21:38:24 -0700] "GET /gallery/upgrade/index.php?step=2 HTTP/1.1" 200 155068 "http://russiannavy.net/gallery/upgrade/index.php?step=1&G2SETUPSID=66ddd8e4a6ce8ac65c12ebb0229f8204" "Mozilla/5.0 (Windows; U; Windows NT 5.1; en-US; rv:1.8.1.12) Gecko/20080201 SeaMonkey/1.1.8" "russiannavy.net"
198.95.226.230 - - [01/Jul/2008:21:38:24 -0700] "GET /gallery/upgrade/images/ico_warning.gif HTTP/1.1" 200 1589 "http://russiannavy.net/gallery/upgrade/upgrade.css" "Mozilla/5.0 (Windows; U; Windows NT 5.1; en-US; rv:1.8.1.12) Gecko/20080201 SeaMonkey/1.1.8" "russiannavy.net"
198.95.226.230 - - [01/Jul/2008:21:39:20 -0700] "GET /gallery/upgrade/index.php?step=3 HTTP/1.1" 200 5111 "http://russiannavy.net/gallery/upgrade/index.php?step=2" "Mozilla/5.0 (Windows; U; Windows NT 5.1; en-US; rv:1.8.1.12) Gecko/20080201 SeaMonkey/1.1.8" "russiannavy.net"
198.95.226.230 - - [01/Jul/2008:21:39:20 -0700] "GET /gallery/upgrade/upgrade.css HTTP/1.1" 304 - "http://russiannavy.net/gallery/upgrade/index.php?step=3" "Mozilla/5.0 (Windows; U; Windows NT 5.1; en-US; rv:1.8.1.12) Gecko/20080201 SeaMonkey/1.1.8" "russiannavy.net"
198.95.226.230 - - [01/Jul/2008:21:40:26 -0700] "POST /gallery/upgrade/index.php?step=3 HTTP/1.1" 200 62615 "http://russiannavy.net/gallery/upgrade/index.php?step=3" "Mozilla/5.0 (Windows; U; Windows NT 5.1; en-US; rv:1.8.1.12) Gecko/20080201 SeaMonkey/1.1.8" "russiannavy.net"
198.95.226.230 - - [01/Jul/2008:21:40:27 -0700] "GET /gallery/upgrade/upgrade.css HTTP/1.1" 304 - "http://russiannavy.net/gallery/upgrade/index.php?step=3" "Mozilla/5.0 (Windows; U; Windows NT 5.1; en-US; rv:1.8.1.12) Gecko/20080201 SeaMonkey/1.1.8" "russiannavy.net"
198.95.226.230 - - [01/Jul/2008:21:41:12 -0700] "GET /gallery/upgrade/index.php?step=3 HTTP/1.1" 200 5111 "http://russiannavy.net/gallery/upgrade/index.php?step=2" "Mozilla/5.0 (Windows; U; Windows NT 5.1; en-US; rv:1.8.1.12) Gecko/20080201 SeaMonkey/1.1.8" "russiannavy.net"
198.95.226.230 - - [01/Jul/2008:21:41:16 -0700] "POST /gallery/upgrade/index.php?step=3 HTTP/1.1" 200 62615 "http://russiannavy.net/gallery/upgrade/index.php?step=3" "Mozilla/5.0 (Windows; U; Windows NT 5.1; en-US; rv:1.8.1.12) Gecko/20080201 SeaMonkey/1.1.8" "russiannavy.net"
74.6.18.228 - - [01/Jul/2008:21:42:51 -0700] "GET /models/diorama-stor/ HTTP/1.0" 200 1794 "-" "Mozilla/5.0 (compatible; Yahoo! Slurp; http://help.yahoo.com/help/us/ysearch/slurp)" "russiannavy.net"
203.160.1.54 - - [01/Jul/2008:21:43:19 -0700] "GET /photos/misc/i11749-image-original.jpg HTTP/1.1" 200 295629 "http://vndefence.info/modules.php?name=Forums&file=viewtopic&t=81&postdays=0&postorder=asc&start=60" "Mozilla/4.0 (compatible; MSIE 7.0; Windows NT 5.1)" "russiannavy.net"
74.6.18.228 - - [01/Jul/2008:21:44:16 -0700] "GET /models/rurik/ HTTP/1.0" 200 3375 "-" "Mozilla/5.0 (compatible; Yahoo! Slurp; http://help.yahoo.com/help/us/ysearch/slurp)" "russiannavy.net"
198.95.226.230 - - [01/Jul/2008:21:47:07 -0700] "GET /gallery/upgrade/index.php?step=3 HTTP/1.1" 200 5111 "http://russiannavy.net/gallery/upgrade/index.php?step=2" "Mozilla/5.0 (Windows; U; Windows NT 5.1; en-US; rv:1.8.1.12) Gecko/20080201 SeaMonkey/1.1.8" "russiannavy.net"
74.6.18.228 - - [01/Jul/2008:21:52:39 -0700] "GET /models/diorama-stor/?D=A HTTP/1.0" 200 1794 "-" "Mozilla/5.0 (compatible; Yahoo! Slurp; http://help.yahoo.com/help/us/ysearch/slurp)" "russiannavy.net"
74.6.18.228 - - [01/Jul/2008:21:53:27 -0700] "GET /photos/events/nick_wedding/index_2.htm HTTP/1.0" 200 8483 "-" "Mozilla/5.0 (compatible; Yahoo! Slurp; http://help.yahoo.com/help/us/ysearch/slurp)" "russiannavy.net"
74.6.18.228 - - [01/Jul/2008:21:57:56 -0700] "GET /photos/?M=A HTTP/1.0" 200 2311 "-" "Mozilla/5.0 (compatible; Yahoo! Slurp; http://help.yahoo.com/help/us/ysearch/slurp)" "russiannavy.net"
74.6.18.228 - - [01/Jul/2008:22:03:31 -0700] "GET /photos/?M=D HTTP/1.0" 200 2311 "-" "Mozilla/5.0 (compatible; Yahoo! Slurp; http://help.yahoo.com/help/us/ysearch/slurp)" "russiannavy.net"
74.6.18.228 - - [01/Jul/2008:22:03:33 -0700] "GET /photos/events/nadya_bachelotette_party/pages/IMGP5088.htm HTTP/1.0" 200 2737 "-" "Mozilla/5.0 (compatible; Yahoo! Slurp; http://help.yahoo.com/help/us/ysearch/slurp)" "russiannavy.net"
24.155.34.209 - - [01/Jul/2008:22:04:47 -0700] "GET /bk.html HTTP/1.1" 200 220690 "-" "Mozilla/5.0 (Windows; U; Windows NT 5.1; en-US; rv:1.8.1.14) Gecko/20080404 Firefox/2.0.0.14" "russiannavy.net"
24.155.34.209 - - [01/Jul/2008:22:04:48 -0700] "GET /favicon.ico HTTP/1.1" 404 275 "-" "Mozilla/5.0 (Windows; U; Windows NT 5.1; en-US; rv:1.8.1.14) Gecko/20080404 Firefox/2.0.0.14" "russiannavy.net"
24.155.34.209 - - [01/Jul/2008:22:04:48 -0700] "GET /favicon.ico HTTP/1.1" 404 275 "-" "Mozilla/5.0 (Windows; U; Windows NT 5.1; en-US; rv:1.8.1.14) Gecko/20080404 Firefox/2.0.0.14" "russiannavy.net"
74.6.18.228 - - [01/Jul/2008:22:08:14 -0700] "GET /photos/littlefield/Sept_2004/88mm/index.html HTTP/1.0" 200 2694 "-" "Mozilla/5.0 (compatible; Yahoo! Slurp; http://help.yahoo.com/help/us/ysearch/slurp)" "russiannavy.net"
74.6.18.228 - - [01/Jul/2008:22:16:07 -0700] "GET /photos/st_p_art_museum/pages/PICT0755.html HTTP/1.0" 200 11728 "-" "Mozilla/5.0 (compatible; Yahoo! Slurp; http://help.yahoo.com/help/us/ysearch/slurp)" "russiannavy.net"
74.6.18.228 - - [01/Jul/2008:22:17:18 -0700] "GET /photos/st_p_art_museum/pages/PICT0655.html HTTP/1.0" 200 11728 "-" "Mozilla/5.0 (compatible; Yahoo! Slurp; http://help.yahoo.com/help/us/ysearch/slurp)" "russiannavy.net"
198.95.226.230 - - [01/Jul/2008:22:24:30 -0700] "POST /gallery/upgrade/index.php?step=3 HTTP/1.1" 200 62615 "http://russiannavy.net/gallery/upgrade/index.php?step=3" "Mozilla/5.0 (Windows; U; Windows NT 5.1; en-US; rv:1.8.1.12) Gecko/20080201 SeaMonkey/1.1.8" "russiannavy.net"
198.95.226.230 - - [01/Jul/2008:22:24:31 -0700] "GET /gallery/upgrade/upgrade.css HTTP/1.1" 304 - "http://russiannavy.net/gallery/upgrade/index.php?step=3" "Mozilla/5.0 (Windows; U; Windows NT 5.1; en-US; rv:1.8.1.12) Gecko/20080201 SeaMonkey/1.1.8" "russiannavy.net"
198.95.226.230 - - [01/Jul/2008:22:26:04 -0700] "GET /Myphp/ HTTP/1.1" 200 12406 "-" "Mozilla/5.0 (Windows; U; Windows NT 5.1; en-US; rv:1.8.1.12) Gecko/20080201 SeaMonkey/1.1.8" "russiannavy.net"
198.95.226.230 - - [01/Jul/2008:22:26:05 -0700] "GET /Myphp/css/phpmyadmin.css.php?lang=en&js_frame=right&js_isDOM=1 HTTP/1.1" 200 12256 "http://russiannavy.net/Myphp/" "Mozilla/5.0 (Windows; U; Windows NT 5.1; en-US; rv:1.8.1.12) Gecko/20080201 SeaMonkey/1.1.8" "russiannavy.net"
198.95.226.230 - - [01/Jul/2008:22:26:05 -0700] "GET /Myphp/themes/original/img/vertical_line.png HTTP/1.1" 200 83 "http://russiannavy.net/Myphp/css/phpmyadmin.css.php?lang=en&js_frame=right&js_isDOM=1" "Mozilla/5.0 (Windows; U; Windows NT 5.1; en-US; rv:1.8.1.12) Gecko/20080201 SeaMonkey/1.1.8" "russiannavy.net"
198.95.226.230 - - [01/Jul/2008:22:26:05 -0700] "GET /Myphp/themes/original/img/logo_right.png HTTP/1.1" 200 5658 "http://russiannavy.net/Myphp/" "Mozilla/5.0 (Windows; U; Windows NT 5.1; en-US; rv:1.8.1.12) Gecko/20080201 SeaMonkey/1.1.8" "russiannavy.net"
198.95.226.230 - - [01/Jul/2008:22:26:13 -0700] "POST /Myphp/index.php HTTP/1.1" 302 5 "http://russiannavy.net/Myphp/" "Mozilla/5.0 (Windows; U; Windows NT 5.1; en-US; rv:1.8.1.12) Gecko/20080201 SeaMonkey/1.1.8" "russiannavy.net"
198.95.226.230 - - [01/Jul/2008:22:26:13 -0700] "GET /Myphp/index.php?lang=en-iso-8859-1&server=1 HTTP/1.1" 200 2936 "http://russiannavy.net/Myphp/" "Mozilla/5.0 (Windows; U; Windows NT 5.1; en-US; rv:1.8.1.12) Gecko/20080201 SeaMonkey/1.1.8" "russiannavy.net"
198.95.226.230 - - [01/Jul/2008:22:26:13 -0700] "GET /Myphp/css/phpmyadmin.css.php?lang=en-utf-8&js_frame=right HTTP/1.1" 200 11220 "http://russiannavy.net/Myphp/index.php?lang=en-iso-8859-1&server=1" "Mozilla/5.0 (Windows; U; Windows NT 5.1; en-US; rv:1.8.1.12) Gecko/20080201 SeaMonkey/1.1.8" "russiannavy.net"
198.95.226.230 - - [01/Jul/2008:22:26:14 -0700] "GET /Myphp/queryframe.php?lang=en-utf-8&server=1&collation_connection=utf8_general_ci&hash=91ea14630f68505a8ca507ae3e7a2cd41214976373 HTTP/1.1" 200 8671 "http://russiannavy.net/Myphp/index.php?lang=en-iso-8859-1&server=1" "Mozilla/5.0 (Windows; U; Windows NT 5.1; en-US; rv:1.8.1.12) Gecko/20080201 SeaMonkey/1.1.8" "russiannavy.net"
198.95.226.230 - - [01/Jul/2008:22:26:14 -0700] "GET /Myphp/left.php?lang=en-utf-8&server=1&collation_connection=utf8_general_ci&hash=91ea14630f68505a8ca507ae3e7a2cd41214976373 HTTP/1.1" 200 1989 "http://russiannavy.net/Myphp/index.php?lang=en-iso-8859-1&server=1" "Mozilla/5.0 (Windows; U; Windows NT 5.1; en-US; rv:1.8.1.12) Gecko/20080201 SeaMonkey/1.1.8" "russiannavy.net"
198.95.226.230 - - [01/Jul/2008:22:26:14 -0700] "GET /Myphp/css/phpmyadmin.css.php?js_frame=left&num_dbs=0 HTTP/1.1" 200 2337 "http://russiannavy.net/Myphp/left.php?lang=en-utf-8&server=1&collation_connection=utf8_general_ci&hash=91ea14630f68505a8ca507ae3e7a2cd41214976373" "Mozilla/5.0 (Windows; U; Windows NT 5.1; en-US; rv:1.8.1.12) Gecko/20080201 SeaMonkey/1.1.8" "russiannavy.net"
198.95.226.230 - - [01/Jul/2008:22:26:14 -0700] "GET /Myphp/main.php?lang=en-utf-8&server=1&collation_connection=utf8_general_ci HTTP/1.1" 200 50241 "http://russiannavy.net/Myphp/index.php?lang=en-iso-8859-1&server=1" "Mozilla/5.0 (Windows; U; Windows NT 5.1; en-US; rv:1.8.1.12) Gecko/20080201 SeaMonkey/1.1.8" "russiannavy.net"
198.95.226.230 - - [01/Jul/2008:22:26:14 -0700] "GET /Myphp/css/phpmyadmin.css.php?lang=en-utf-8&js_frame=left&num_dbs=0 HTTP/1.1" 200 2337 "http://russiannavy.net/Myphp/queryframe.php?lang=en-utf-8&server=1&collation_connection=utf8_general_ci&hash=91ea14630f68505a8ca507ae3e7a2cd41214976373" "Mozilla/5.0 (Windows; U; Windows NT 5.1; en-US; rv:1.8.1.12) Gecko/20080201 SeaMonkey/1.1.8" "russiannavy.net"
