157.24.9.5 - - [02/Jul/2008:01:50:39 -0700] "GET /models/a-20/IMGP9388.jpg HTTP/1.1" 200 85649 "http://63.99.108.76/forums/index.php?showtopic=23063&pid=581113&st=0&#entry581113" "Mozilla/4.0 (compatible; MSIE 6.0; Windows NT 5.1; SV1; InfoPath.1; .NET CLR 2.0.50727; .NET CLR 3.0.04506.30)" "russiannavy.net"
157.24.9.5 - - [02/Jul/2008:01:50:40 -0700] "GET /models/a-20/IMGP9379.jpg HTTP/1.1" 200 119887 "http://63.99.108.76/forums/index.php?showtopic=23063&pid=581113&st=0&#entry581113" "Mozilla/4.0 (compatible; MSIE 6.0; Windows NT 5.1; SV1; InfoPath.1; .NET CLR 2.0.50727; .NET CLR 3.0.04506.30)" "russiannavy.net"
157.24.9.5 - - [02/Jul/2008:01:50:40 -0700] "GET /models/a-20/IMGP9389.jpg HTTP/1.1" 200 86960 "http://63.99.108.76/forums/index.php?showtopic=23063&pid=581113&st=0&#entry581113" "Mozilla/4.0 (compatible; MSIE 6.0; Windows NT 5.1; SV1; InfoPath.1; .NET CLR 2.0.50727; .NET CLR 3.0.04506.30)" "russiannavy.net"
157.24.9.5 - - [02/Jul/2008:01:50:41 -0700] "GET /models/a-20/IMGP9626.jpg HTTP/1.1" 200 163735 "http://63.99.108.76/forums/index.php?showtopic=23063&pid=581113&st=0&#entry581113" "Mozilla/4.0 (compatible; MSIE 6.0; Windows NT 5.1; SV1; InfoPath.1; .NET CLR 2.0.50727; .NET CLR 3.0.04506.30)" "russiannavy.net"
157.24.9.5 - - [02/Jul/2008:01:50:42 -0700] "GET /models/a-20/IMGP9629.jpg HTTP/1.1" 200 79089 "http://63.99.108.76/forums/index.php?showtopic=23063&pid=581113&st=0&#entry581113" "Mozilla/4.0 (compatible; MSIE 6.0; Windows NT 5.1; SV1; InfoPath.1; .NET CLR 2.0.50727; .NET CLR 3.0.04506.30)" "russiannavy.net"
157.24.9.5 - - [02/Jul/2008:01:50:43 -0700] "GET /models/a-20/IMGP9631.jpg HTTP/1.1" 200 116658 "http://63.99.108.76/forums/index.php?showtopic=23063&pid=581113&st=0&#entry581113" "Mozilla/4.0 (compatible; MSIE 6.0; Windows NT 5.1; SV1; InfoPath.1; .NET CLR 2.0.50727; .NET CLR 3.0.04506.30)" "russiannavy.net"
157.24.9.5 - - [02/Jul/2008:01:50:43 -0700] "GET /models/a-20/IMGP9633.jpg HTTP/1.1" 200 58384 "http://63.99.108.76/forums/index.php?showtopic=23063&pid=581113&st=0&#entry581113" "Mozilla/4.0 (compatible; MSIE 6.0; Windows NT 5.1; SV1; InfoPath.1; .NET CLR 2.0.50727; .NET CLR 3.0.04506.30)" "russiannavy.net"
157.24.9.5 - - [02/Jul/2008:01:50:44 -0700] "GET /models/a-20/IMGP9624.jpg HTTP/1.1" 200 76944 "http://63.99.108.76/forums/index.php?showtopic=23063&pid=581113&st=0&#entry581113" "Mozilla/4.0 (compatible; MSIE 6.0; Windows NT 5.1; SV1; InfoPath.1; .NET CLR 2.0.50727; .NET CLR 3.0.04506.30)" "russiannavy.net"
157.24.9.5 - - [02/Jul/2008:01:50:44 -0700] "GET /models/a-20/IMGP9640s.jpg HTTP/1.1" 200 107325 "http://63.99.108.76/forums/index.php?showtopic=23063&pid=581113&st=0&#entry581113" "Mozilla/4.0 (compatible; MSIE 6.0; Windows NT 5.1; SV1; InfoPath.1; .NET CLR 2.0.50727; .NET CLR 3.0.04506.30)" "russiannavy.net"
157.24.9.5 - - [02/Jul/2008:01:50:46 -0700] "GET /models/a-20/IMGP9641s.jpg HTTP/1.1" 200 99388 "http://63.99.108.76/forums/index.php?showtopic=23063&pid=581113&st=0&#entry581113" "Mozilla/4.0 (compatible; MSIE 6.0; Windows NT 5.1; SV1; InfoPath.1; .NET CLR 2.0.50727; .NET CLR 3.0.04506.30)" "russiannavy.net"
157.24.9.5 - - [02/Jul/2008:01:50:46 -0700] "GET /models/a-20/IMGP9642s.jpg HTTP/1.1" 200 86588 "http://63.99.108.76/forums/index.php?showtopic=23063&pid=581113&st=0&#entry581113" "Mozilla/4.0 (compatible; MSIE 6.0; Windows NT 5.1; SV1; InfoPath.1; .NET CLR 2.0.50727; .NET CLR 3.0.04506.30)" "russiannavy.net"
157.24.9.5 - - [02/Jul/2008:01:50:47 -0700] "GET /models/a-20/IMGP9637s.jpg HTTP/1.1" 200 107360 "http://63.99.108.76/forums/index.php?showtopic=23063&pid=581113&st=0&#entry581113" "Mozilla/4.0 (compatible; MSIE 6.0; Windows NT 5.1; SV1; InfoPath.1; .NET CLR 2.0.50727; .NET CLR 3.0.04506.30)" "russiannavy.net"
65.55.210.81 - - [02/Jul/2008:01:56:18 -0700] "GET /robots.txt HTTP/1.1" 404 275 "-" "msnbot/1.1 (+http://search.msn.com/msnbot.htm)" "russiannavy.net"
65.55.210.81 - - [02/Jul/2008:01:56:18 -0700] "GET / HTTP/1.1" 304 - "-" "msnbot/1.1 (+http://search.msn.com/msnbot.htm)" "russiannavy.net"
65.55.110.18 - - [02/Jul/2008:01:57:22 -0700] "GET / HTTP/1.0" 200 1315 "http://search.live.com/results.aspx?q=under&form=QBHP" "Mozilla/4.0 (compatible; MSIE 7.0; Windows NT 5.2; .NET CLR 1.1.4322)" "russiannavy.net"
194.67.12.92 - - [02/Jul/2008:02:00:20 -0700] "GET /models/a-20/IMGP9640s.jpg HTTP/1.1" 200 107325 "http://www.acemodel.com.ua/forum/viewtopic.php?t=1419&start=15" "Mozilla/5.0 (Windows; U; Windows NT 5.1; ru; rv:1.8.1.14) Gecko/20080404 Firefox/2.0.0.14" "russiannavy.net"
194.67.12.92 - - [02/Jul/2008:02:00:20 -0700] "GET /models/a-20/IMGP9641s.jpg HTTP/1.1" 200 99388 "http://www.acemodel.com.ua/forum/viewtopic.php?t=1419&start=15" "Mozilla/5.0 (Windows; U; Windows NT 5.1; ru; rv:1.8.1.14) Gecko/20080404 Firefox/2.0.0.14" "russiannavy.net"
194.67.12.92 - - [02/Jul/2008:02:00:22 -0700] "GET /models/a-20/IMGP9642s.jpg HTTP/1.1" 200 86588 "http://www.acemodel.com.ua/forum/viewtopic.php?t=1419&start=15" "Mozilla/5.0 (Windows; U; Windows NT 5.1; ru; rv:1.8.1.14) Gecko/20080404 Firefox/2.0.0.14" "russiannavy.net"
194.67.12.92 - - [02/Jul/2008:02:00:22 -0700] "GET /models/a-20/IMGP9637s.jpg HTTP/1.1" 200 107360 "http://www.acemodel.com.ua/forum/viewtopic.php?t=1419&start=15" "Mozilla/5.0 (Windows; U; Windows NT 5.1; ru; rv:1.8.1.14) Gecko/20080404 Firefox/2.0.0.14" "russiannavy.net"
74.6.18.228 - - [02/Jul/2008:02:06:34 -0700] "GET /photos/st_p_art_museum/pages/PICT0548.html HTTP/1.0" 200 11726 "-" "Mozilla/5.0 (compatible; Yahoo! Slurp; http://help.yahoo.com/help/us/ysearch/slurp)" "russiannavy.net"
82.198.22.2 - - [02/Jul/2008:02:12:59 -0700] "GET /models/a-20/IMGP9641s.jpg HTTP/1.0" 200 99388 "http://www.acemodel.com.ua/forum/viewtopic.php?t=1419&start=15&sid=a6adc1e5f4f939bb18528deeeb505976" "Mozilla/4.0 (compatible; MSIE 6.0; Windows NT 5.1; SV1; MRA 5.1 (build 02228); MRSPUTNIK 2, 0, 0, 36 SW; .NET CLR 2.0.50727)" "russiannavy.net"
82.198.22.2 - - [02/Jul/2008:02:12:59 -0700] "GET /models/a-20/IMGP9640s.jpg HTTP/1.0" 200 107325 "http://www.acemodel.com.ua/forum/viewtopic.php?t=1419&start=15&sid=a6adc1e5f4f939bb18528deeeb505976" "Mozilla/4.0 (compatible; MSIE 6.0; Windows NT 5.1; SV1; MRA 5.1 (build 02228); MRSPUTNIK 2, 0, 0, 36 SW; .NET CLR 2.0.50727)" "russiannavy.net"
82.198.22.2 - - [02/Jul/2008:02:13:27 -0700] "GET /models/a-20/IMGP9642s.jpg HTTP/1.0" 200 86588 "http://www.acemodel.com.ua/forum/viewtopic.php?t=1419&start=15&sid=a6adc1e5f4f939bb18528deeeb505976" "Mozilla/4.0 (compatible; MSIE 6.0; Windows NT 5.1; SV1; MRA 5.1 (build 02228); MRSPUTNIK 2, 0, 0, 36 SW; .NET CLR 2.0.50727)" "russiannavy.net"
82.198.22.2 - - [02/Jul/2008:02:13:27 -0700] "GET /models/a-20/IMGP9637s.jpg HTTP/1.0" 200 107360 "http://www.acemodel.com.ua/forum/viewtopic.php?t=1419&start=15&sid=a6adc1e5f4f939bb18528deeeb505976" "Mozilla/4.0 (compatible; MSIE 6.0; Windows NT 5.1; SV1; MRA 5.1 (build 02228); MRSPUTNIK 2, 0, 0, 36 SW; .NET CLR 2.0.50727)" "russiannavy.net"
66.249.73.34 - - [02/Jul/2008:02:15:50 -0700] "GET /gallery/main.php?g2_view=core.ShowItem&g2_itemId=15682 HTTP/1.1" 200 2762 "-" "Mozilla/5.0 (compatible; Googlebot/2.1; +http://www.google.com/bot.html)" "russiannavy.net"
66.249.73.34 - - [02/Jul/2008:02:15:51 -0700] "GET /gallery/main.php?g2_view=core.ShowItem&g2_itemId=15564 HTTP/1.1" 200 2762 "-" "Mozilla/5.0 (compatible; Googlebot/2.1; +http://www.google.com/bot.html)" "russiannavy.net"
74.6.18.228 - - [02/Jul/2008:02:16:11 -0700] "GET /photos/littlefield/Sept_2004/Russian_Guns/pages/IMGP0754.html HTTP/1.0" 200 2488 "-" "Mozilla/5.0 (compatible; Yahoo! Slurp; http://help.yahoo.com/help/us/ysearch/slurp)" "russiannavy.net"
85.193.251.177 - - [02/Jul/2008:02:20:40 -0700] "GET /favicon.ico HTTP/1.1" 404 275 "-" "Mozilla/4.0 (compatible; GoogleToolbar 4.0.1601.5904-big; Windows XP 5.1; MSIE 7.0.5730.11)" "russiannavy.net"
85.193.251.177 - - [02/Jul/2008:02:20:40 -0700] "GET /favicon.gif HTTP/1.1" 404 275 "-" "Mozilla/4.0 (compatible; GoogleToolbar 4.0.1601.5904-big; Windows XP 5.1; MSIE 7.0.5730.11)" "russiannavy.net"
82.198.22.2 - - [02/Jul/2008:02:21:42 -0700] "GET /models/a-20/IMGP9387.jpg HTTP/1.0" 200 82474 "http://www.acemodel.com.ua/forum/viewtopic.php?t=1419&postdays=0&postorder=asc&start=0" "Mozilla/4.0 (compatible; MSIE 6.0; Windows NT 5.1; SV1; MRA 5.1 (build 02228); MRSPUTNIK 2, 0, 0, 36 SW; .NET CLR 2.0.50727)" "russiannavy.net"
82.198.22.2 - - [02/Jul/2008:02:21:42 -0700] "GET /models/a-20/IMGP9385.jpg HTTP/1.0" 200 112431 "http://www.acemodel.com.ua/forum/viewtopic.php?t=1419&postdays=0&postorder=asc&start=0" "Mozilla/4.0 (compatible; MSIE 6.0; Windows NT 5.1; SV1; MRA 5.1 (build 02228); MRSPUTNIK 2, 0, 0, 36 SW; .NET CLR 2.0.50727)" "russiannavy.net"
82.198.22.2 - - [02/Jul/2008:02:22:04 -0700] "GET /models/a-20/IMGP9386.jpg HTTP/1.0" 200 100839 "http://www.acemodel.com.ua/forum/viewtopic.php?t=1419&postdays=0&postorder=asc&start=0" "Mozilla/4.0 (compatible; MSIE 6.0; Windows NT 5.1; SV1; MRA 5.1 (build 02228); MRSPUTNIK 2, 0, 0, 36 SW; .NET CLR 2.0.50727)" "russiannavy.net"
82.198.22.2 - - [02/Jul/2008:02:22:06 -0700] "GET /models/a-20/IMGP9388.jpg HTTP/1.0" 200 85649 "http://www.acemodel.com.ua/forum/viewtopic.php?t=1419&postdays=0&postorder=asc&start=0" "Mozilla/4.0 (compatible; MSIE 6.0; Windows NT 5.1; SV1; MRA 5.1 (build 02228); MRSPUTNIK 2, 0, 0, 36 SW; .NET CLR 2.0.50727)" "russiannavy.net"
82.198.22.2 - - [02/Jul/2008:02:22:33 -0700] "GET /models/a-20/IMGP9389.jpg HTTP/1.0" 200 86960 "http://www.acemodel.com.ua/forum/viewtopic.php?t=1419&postdays=0&postorder=asc&start=0" "Mozilla/4.0 (compatible; MSIE 6.0; Windows NT 5.1; SV1; MRA 5.1 (build 02228); MRSPUTNIK 2, 0, 0, 36 SW; .NET CLR 2.0.50727)" "russiannavy.net"
82.198.22.2 - - [02/Jul/2008:02:22:35 -0700] "GET /models/a-20/IMGP9379.jpg HTTP/1.0" 200 119887 "http://www.acemodel.com.ua/forum/viewtopic.php?t=1419&postdays=0&postorder=asc&start=0" "Mozilla/4.0 (compatible; MSIE 6.0; Windows NT 5.1; SV1; MRA 5.1 (build 02228); MRSPUTNIK 2, 0, 0, 36 SW; .NET CLR 2.0.50727)" "russiannavy.net"
82.198.22.2 - - [02/Jul/2008:02:22:43 -0700] "GET /models/a-20/IMGP9624.jpg HTTP/1.0" 200 76944 "http://www.acemodel.com.ua/forum/viewtopic.php?t=1419&postdays=0&postorder=asc&start=0" "Mozilla/4.0 (compatible; MSIE 6.0; Windows NT 5.1; SV1; MRA 5.1 (build 02228); MRSPUTNIK 2, 0, 0, 36 SW; .NET CLR 2.0.50727)" "russiannavy.net"
82.198.22.2 - - [02/Jul/2008:02:22:54 -0700] "GET /models/a-20/IMGP9626.jpg HTTP/1.0" 200 163735 "http://www.acemodel.com.ua/forum/viewtopic.php?t=1419&postdays=0&postorder=asc&start=0" "Mozilla/4.0 (compatible; MSIE 6.0; Windows NT 5.1; SV1; MRA 5.1 (build 02228); MRSPUTNIK 2, 0, 0, 36 SW; .NET CLR 2.0.50727)" "russiannavy.net"
82.198.22.2 - - [02/Jul/2008:02:23:14 -0700] "GET /models/a-20/IMGP9629.jpg HTTP/1.0" 200 79089 "http://www.acemodel.com.ua/forum/viewtopic.php?t=1419&postdays=0&postorder=asc&start=0" "Mozilla/4.0 (compatible; MSIE 6.0; Windows NT 5.1; SV1; MRA 5.1 (build 02228); MRSPUTNIK 2, 0, 0, 36 SW; .NET CLR 2.0.50727)" "russiannavy.net"
82.198.22.2 - - [02/Jul/2008:02:23:23 -0700] "GET /models/a-20/IMGP9631.jpg HTTP/1.0" 200 116658 "http://www.acemodel.com.ua/forum/viewtopic.php?t=1419&postdays=0&postorder=asc&start=0" "Mozilla/4.0 (compatible; MSIE 6.0; Windows NT 5.1; SV1; MRA 5.1 (build 02228); MRSPUTNIK 2, 0, 0, 36 SW; .NET CLR 2.0.50727)" "russiannavy.net"
82.198.22.2 - - [02/Jul/2008:02:23:40 -0700] "GET /models/a-20/IMGP9633.jpg HTTP/1.0" 200 58384 "http://www.acemodel.com.ua/forum/viewtopic.php?t=1419&postdays=0&postorder=asc&start=0" "Mozilla/4.0 (compatible; MSIE 6.0; Windows NT 5.1; SV1; MRA 5.1 (build 02228); MRSPUTNIK 2, 0, 0, 36 SW; .NET CLR 2.0.50727)" "russiannavy.net"
74.6.18.228 - - [02/Jul/2008:02:31:14 -0700] "GET /photos/littlefield/old_visits/Matilda/pages/IMG_2183.html HTTP/1.0" 200 2410 "-" "Mozilla/5.0 (compatible; Yahoo! Slurp; http://help.yahoo.com/help/us/ysearch/slurp)" "russiannavy.net"
74.6.18.228 - - [02/Jul/2008:02:38:04 -0700] "GET /photos/littlefield/Sept_2004/BTR-152/pages/IMGP0758.html HTTP/1.0" 200 2368 "-" "Mozilla/5.0 (compatible; Yahoo! Slurp; http://help.yahoo.com/help/us/ysearch/slurp)" "russiannavy.net"
77.52.201.73 - - [02/Jul/2008:02:42:14 -0700] "GET /models/a-20/IMGP9640s.jpg HTTP/1.1" 200 107325 "http://www.acemodel.com.ua/forum/viewtopic.php?t=1419&start=15&sid=f9b12a7315768a1ea6319aa0125c0a28" "Opera/9.26 (Windows NT 5.1; U; ru)" "russiannavy.net"
77.52.201.73 - - [02/Jul/2008:02:42:14 -0700] "GET /models/a-20/IMGP9641s.jpg HTTP/1.1" 200 99388 "http://www.acemodel.com.ua/forum/viewtopic.php?t=1419&start=15&sid=f9b12a7315768a1ea6319aa0125c0a28" "Opera/9.26 (Windows NT 5.1; U; ru)" "russiannavy.net"
77.52.201.73 - - [02/Jul/2008:02:42:15 -0700] "GET /models/a-20/IMGP9642s.jpg HTTP/1.1" 200 86588 "http://www.acemodel.com.ua/forum/viewtopic.php?t=1419&start=15&sid=f9b12a7315768a1ea6319aa0125c0a28" "Opera/9.26 (Windows NT 5.1; U; ru)" "russiannavy.net"
77.52.201.73 - - [02/Jul/2008:02:42:15 -0700] "GET /models/a-20/IMGP9637s.jpg HTTP/1.1" 200 107360 "http://www.acemodel.com.ua/forum/viewtopic.php?t=1419&start=15&sid=f9b12a7315768a1ea6319aa0125c0a28" "Opera/9.26 (Windows NT 5.1; U; ru)" "russiannavy.net"
74.6.18.228 - - [02/Jul/2008:02:52:55 -0700] "GET /models/monomakh/?M=D HTTP/1.0" 200 3429 "-" "Mozilla/5.0 (compatible; Yahoo! Slurp; http://help.yahoo.com/help/us/ysearch/slurp)" "russiannavy.net"
217.9.225.6 - - [02/Jul/2008:02:54:57 -0700] "GET /models/a-20/IMGP9640s.jpg HTTP/1.0" 200 107325 "http://www.acemodel.com.ua/forum/viewtopic.php?t=1419&start=15&sid=03787e6ff5a7c8dd566673225d632f1b" "Mozilla/4.0 (compatible; MSIE 7.0; Windows NT 5.1; .NET CLR 2.0.50727)" "russiannavy.net"
217.9.225.6 - - [02/Jul/2008:02:54:57 -0700] "GET /models/a-20/IMGP9642s.jpg HTTP/1.0" 200 86588 "http://www.acemodel.com.ua/forum/viewtopic.php?t=1419&start=15&sid=03787e6ff5a7c8dd566673225d632f1b" "Mozilla/4.0 (compatible; MSIE 7.0; Windows NT 5.1; .NET CLR 2.0.50727)" "russiannavy.net"
217.9.225.6 - - [02/Jul/2008:02:54:57 -0700] "GET /models/a-20/IMGP9641s.jpg HTTP/1.0" 200 99388 "http://www.acemodel.com.ua/forum/viewtopic.php?t=1419&start=15&sid=03787e6ff5a7c8dd566673225d632f1b" "Mozilla/4.0 (compatible; MSIE 7.0; Windows NT 5.1; .NET CLR 2.0.50727)" "russiannavy.net"
217.9.225.6 - - [02/Jul/2008:02:54:57 -0700] "GET /models/a-20/IMGP9637s.jpg HTTP/1.0" 200 107360 "http://www.acemodel.com.ua/forum/viewtopic.php?t=1419&start=15&sid=03787e6ff5a7c8dd566673225d632f1b" "Mozilla/4.0 (compatible; MSIE 7.0; Windows NT 5.1; .NET CLR 2.0.50727)" "russiannavy.net"
74.6.18.228 - - [02/Jul/2008:02:57:21 -0700] "GET /photos/littlefield/Sept_2004/M3_Lee/pages/IMGP1162.html HTTP/1.0" 200 2408 "-" "Mozilla/5.0 (compatible; Yahoo! Slurp; http://help.yahoo.com/help/us/ysearch/slurp)" "russiannavy.net"
66.249.73.34 - - [02/Jul/2008:03:07:57 -0700] "GET /photos/st_p_art_museum/images/PICT0503.jpg HTTP/1.1" 304 - "-" "Googlebot-Image/1.0" "russiannavy.net"
89.202.144.80 - - [02/Jul/2008:03:31:23 -0700] "GET /photos/misc/i11749-image-original.jpg HTTP/1.0" 200 295629 "http://63.99.108.76/forums/lofiversion/index.php/t14200-800.html" "Mozilla/4.0 (compatible; MSIE 6.0; Windows NT 5.1; SV1; .NET CLR 1.1.4322)" "russiannavy.net"
66.249.73.34 - - [02/Jul/2008:03:32:12 -0700] "GET /photos/st_p_art_museum/pages/PICT0662.html HTTP/1.1" 200 11728 "-" "Mozilla/5.0 (compatible; Googlebot/2.1; +http://www.google.com/bot.html)" "russiannavy.net"
124.106.235.221 - - [02/Jul/2008:03:47:44 -0700] "GET /misc/ya_ischu_na_parkinge_mest.mp3 HTTP/1.1" 200 4941152 "http://www.dizzler.com/player/pod.swf" "Mozilla/4.0 (compatible; MSIE 6.0; Windows NT 5.1; SV1)" "russiannavy.net"
74.6.18.228 - - [02/Jul/2008:03:51:12 -0700] "GET /photos/st_p_art_museum/pages/PICT0511.html HTTP/1.0" 200 11726 "-" "Mozilla/5.0 (compatible; Yahoo! Slurp; http://help.yahoo.com/help/us/ysearch/slurp)" "russiannavy.net"
74.6.18.228 - - [02/Jul/2008:03:56:43 -0700] "GET /photos/littlefield/Sept_2004/Crusader/pages/IMGP1129.html HTTP/1.0" 200 2385 "-" "Mozilla/5.0 (compatible; Yahoo! Slurp; http://help.yahoo.com/help/us/ysearch/slurp)" "russiannavy.net"
74.6.18.228 - - [02/Jul/2008:04:00:15 -0700] "GET /models/monomakh/?S=A HTTP/1.0" 200 3429 "-" "Mozilla/5.0 (compatible; Yahoo! Slurp; http://help.yahoo.com/help/us/ysearch/slurp)" "russiannavy.net"
89.236.140.216 - - [02/Jul/2008:04:06:53 -0700] "GET /models/storozhevoi/diorama1.jpg HTTP/1.1" 200 131830 "http://modellbauer.foren-city.de/topic,6698,15,-u-boot-diorama.html" "Mozilla/4.0 (compatible; MSIE 7.0; Windows NT 5.1; .NET CLR 2.0.50727)" "www.russiannavy.net"
66.249.73.34 - - [02/Jul/2008:04:08:01 -0700] "GET /gallery/main.php?g2_view=core.ShowItem&g2_itemId=15718 HTTP/1.1" 200 2762 "-" "Mozilla/5.0 (compatible; Googlebot/2.1; +http://www.google.com/bot.html)" "russiannavy.net"
157.24.9.5 - - [02/Jul/2008:04:10:10 -0700] "GET /models/rurik/rurik1sm_small.jpg HTTP/1.1" 200 2031 "http://63.99.108.76/forums/index.php?showtopic=25215" "Mozilla/4.0 (compatible; MSIE 6.0; Windows NT 5.1; SV1; InfoPath.1; .NET CLR 2.0.50727; .NET CLR 3.0.04506.30)" "russiannavy.net"
66.249.73.34 - - [02/Jul/2008:04:24:56 -0700] "GET /photos/st_p_art_museum/pages/PICT0556.html HTTP/1.1" 200 11726 "-" "Mozilla/5.0 (compatible; Googlebot/2.1; +http://www.google.com/bot.html)" "russiannavy.net"
208.36.144.10 - - [02/Jul/2008:04:28:43 -0700] "GET /robots.txt HTTP/1.0" 404 275 "-" "Mozilla/5.0 (Twiceler-0.9 http://www.cuill.com/twiceler/robot.html)" "russiannavy.net"
74.6.18.228 - - [02/Jul/2008:04:39:40 -0700] "GET /models/smk/?M=A HTTP/1.0" 200 945 "-" "Mozilla/5.0 (compatible; Yahoo! Slurp; http://help.yahoo.com/help/us/ysearch/slurp)" "russiannavy.net"
85.9.129.58 - - [02/Jul/2008:04:40:43 -0700] "GET /models/k-21/k-21.htm HTTP/1.1" 200 2245 "http://vif2ne.ru/smf/forum/2/gallery/Megas/000007F4C01FEE6E/get" "Mozilla/4.0 (compatible; MSIE 6.0; Windows NT 5.1; SV1; WebMoney Advisor; MRA 4.10 (build 01952); .NET CLR 1.1.4322; InfoPath.1; .NET CLR 2.0.50727)" "russiannavy.net"
85.9.129.58 - - [02/Jul/2008:04:40:45 -0700] "GET /models/k-21/k-21-2.jpg HTTP/1.1" 200 94942 "http://russiannavy.net/models/k-21/k-21.htm" "Mozilla/4.0 (compatible; MSIE 6.0; Windows NT 5.1; SV1; WebMoney Advisor; MRA 4.10 (build 01952); .NET CLR 1.1.4322; InfoPath.1; .NET CLR 2.0.50727)" "russiannavy.net"
85.9.129.58 - - [02/Jul/2008:04:40:45 -0700] "GET /models/k-21/k-21-1bw.jpg HTTP/1.1" 200 92389 "http://russiannavy.net/models/k-21/k-21.htm" "Mozilla/4.0 (compatible; MSIE 6.0; Windows NT 5.1; SV1; WebMoney Advisor; MRA 4.10 (build 01952); .NET CLR 1.1.4322; InfoPath.1; .NET CLR 2.0.50727)" "russiannavy.net"
85.9.129.58 - - [02/Jul/2008:04:40:50 -0700] "GET /models/k-21/k-21-3.jpg HTTP/1.1" 200 121292 "http://russiannavy.net/models/k-21/k-21.htm" "Mozilla/4.0 (compatible; MSIE 6.0; Windows NT 5.1; SV1; WebMoney Advisor; MRA 4.10 (build 01952); .NET CLR 1.1.4322; InfoPath.1; .NET CLR 2.0.50727)" "russiannavy.net"
85.9.129.58 - - [02/Jul/2008:04:40:54 -0700] "GET /models/k-21/k-21-4.jpg HTTP/1.1" 200 94032 "http://russiannavy.net/models/k-21/k-21.htm" "Mozilla/4.0 (compatible; MSIE 6.0; Windows NT 5.1; SV1; WebMoney Advisor; MRA 4.10 (build 01952); .NET CLR 1.1.4322; InfoPath.1; .NET CLR 2.0.50727)" "russiannavy.net"
85.9.129.58 - - [02/Jul/2008:04:41:00 -0700] "GET /models/k-21/k-21-5.jpg HTTP/1.1" 200 92636 "http://russiannavy.net/models/k-21/k-21.htm" "Mozilla/4.0 (compatible; MSIE 6.0; Windows NT 5.1; SV1; WebMoney Advisor; MRA 4.10 (build 01952); .NET CLR 1.1.4322; InfoPath.1; .NET CLR 2.0.50727)" "russiannavy.net"
85.9.129.58 - - [02/Jul/2008:04:41:05 -0700] "GET /models/k-21/k-21-6.jpg HTTP/1.1" 200 79271 "http://russiannavy.net/models/k-21/k-21.htm" "Mozilla/4.0 (compatible; MSIE 6.0; Windows NT 5.1; SV1; WebMoney Advisor; MRA 4.10 (build 01952); .NET CLR 1.1.4322; InfoPath.1; .NET CLR 2.0.50727)" "russiannavy.net"
85.9.129.58 - - [02/Jul/2008:04:41:07 -0700] "GET /models/k-21/k-21-7.jpg HTTP/1.1" 200 110709 "http://russiannavy.net/models/k-21/k-21.htm" "Mozilla/4.0 (compatible; MSIE 6.0; Windows NT 5.1; SV1; WebMoney Advisor; MRA 4.10 (build 01952); .NET CLR 1.1.4322; InfoPath.1; .NET CLR 2.0.50727)" "russiannavy.net"
85.9.129.58 - - [02/Jul/2008:04:41:11 -0700] "GET /models/k-21/k-21-1.jpg HTTP/1.1" 200 87781 "http://russiannavy.net/models/k-21/k-21.htm" "Mozilla/4.0 (compatible; MSIE 6.0; Windows NT 5.1; SV1; WebMoney Advisor; MRA 4.10 (build 01952); .NET CLR 1.1.4322; InfoPath.1; .NET CLR 2.0.50727)" "russiannavy.net"
74.6.18.228 - - [02/Jul/2008:04:41:49 -0700] "GET /photos/littlefield/Sept_2004/PT-76/ HTTP/1.0" 200 3155 "-" "Mozilla/5.0 (compatible; Yahoo! Slurp; http://help.yahoo.com/help/us/ysearch/slurp)" "russiannavy.net"
193.71.65.5 - - [02/Jul/2008:04:43:21 -0700] "GET /photos/misc/i11749-image-original.jpg HTTP/1.0" 200 295629 "http://www.militaryphotos.net/forums/showthread.php?t=99988&page=430" "Mozilla/4.0 (compatible; MSIE 6.0; Windows NT 5.1; SV1; .NET CLR 2.0.50727; .NET CLR 3.0.04506.30; .NET CLR 1.1.4322; InfoPath.1)" "russiannavy.net"
66.249.73.34 - - [02/Jul/2008:04:43:30 -0700] "GET /gallery/main.php?g2_view=core.ShowItem&g2_itemId=15709 HTTP/1.1" 200 2762 "-" "Mozilla/5.0 (compatible; Googlebot/2.1; +http://www.google.com/bot.html)" "russiannavy.net"
83.6.115.5 - - [02/Jul/2008:04:46:15 -0700] "GET /photos/misc/i11749-image-original.jpg HTTP/1.1" 200 295629 "http://www.militaryphotos.net/forums/showthread.php?t=99988&page=142" "Mozilla/4.0 (compatible; MSIE 6.0; Windows NT 5.1)" "russiannavy.net"
213.179.252.98 - - [02/Jul/2008:04:50:33 -0700] "GET / HTTP/1.1" 200 1315 "-" "Opera/9.26 (Windows NT 5.1; U; ru)" "russiannavy.net"
66.249.73.34 - - [02/Jul/2008:04:50:37 -0700] "GET /photos/st_p_art_museum/pages/PICT0750.html HTTP/1.1" 304 - "-" "Mozilla/5.0 (compatible; Googlebot/2.1; +http://www.google.com/bot.html)" "russiannavy.net"
74.6.18.228 - - [02/Jul/2008:04:53:14 -0700] "GET /models/storozhevoi/ HTTP/1.0" 200 2064 "-" "Mozilla/5.0 (compatible; Yahoo! Slurp; http://help.yahoo.com/help/us/ysearch/slurp)" "russiannavy.net"
74.6.18.228 - - [02/Jul/2008:04:54:32 -0700] "GET /photos/littlefield/old_visits/US_halftracks/pages/IMG_0567.html HTTP/1.0" 200 2540 "-" "Mozilla/5.0 (compatible; Yahoo! Slurp; http://help.yahoo.com/help/us/ysearch/slurp)" "russiannavy.net"
66.249.73.34 - - [02/Jul/2008:04:59:04 -0700] "GET /photos/st_p_art_museum/index_3.html HTTP/1.1" 200 8373 "-" "Mozilla/5.0 (compatible; Googlebot/2.1; +http://www.google.com/bot.html)" "russiannavy.net"
62.69.4.49 - - [02/Jul/2008:05:01:21 -0700] "GET /models/bt-2/IMGP9615.jpg HTTP/1.1" 200 33915 "http://www.acemodel.com.ua/forum/viewtopic.php?t=1849&sid=989ff245c4a995df9ebb5a07e585a785" "Mozilla/4.0 (compatible; MSIE 6.0; Windows NT 5.1; SV1; .NET CLR 1.1.4322)" "russiannavy.net"
62.69.4.49 - - [02/Jul/2008:05:01:24 -0700] "GET /models/bt-2/IMGP9614.jpg HTTP/1.1" 200 30144 "http://www.acemodel.com.ua/forum/viewtopic.php?t=1849&sid=989ff245c4a995df9ebb5a07e585a785" "Mozilla/4.0 (compatible; MSIE 6.0; Windows NT 5.1; SV1; .NET CLR 1.1.4322)" "russiannavy.net"
62.69.4.49 - - [02/Jul/2008:05:01:33 -0700] "GET /models/bt-2/IMGP9616.jpg HTTP/1.1" 200 30482 "http://www.acemodel.com.ua/forum/viewtopic.php?t=1849&sid=989ff245c4a995df9ebb5a07e585a785" "Mozilla/4.0 (compatible; MSIE 6.0; Windows NT 5.1; SV1; .NET CLR 1.1.4322)" "russiannavy.net"
192.248.32.34 - - [02/Jul/2008:05:03:06 -0700] "GET /photos/misc/i11749-image-original.jpg HTTP/1.0" 200 295629 "http://www.militaryphotos.net/forums/showthread.php?t=99988&page=142" "Mozilla/4.0 (compatible; MSIE 6.0; Windows NT 5.1; SV1; .NET CLR 2.0.50727)" "russiannavy.net"
66.249.73.34 - - [02/Jul/2008:05:05:34 -0700] "GET /gallery/main.php?g2_view=core.ShowItem&g2_itemId=15606 HTTP/1.1" 200 2762 "-" "Mozilla/5.0 (compatible; Googlebot/2.1; +http://www.google.com/bot.html)" "russiannavy.net"
74.6.18.228 - - [02/Jul/2008:05:07:39 -0700] "GET /photos/st_p_art_museum/pages/PICT0699.html HTTP/1.0" 200 11728 "-" "Mozilla/5.0 (compatible; Yahoo! Slurp; http://help.yahoo.com/help/us/ysearch/slurp)" "russiannavy.net"
66.249.73.34 - - [02/Jul/2008:05:09:18 -0700] "GET /photos/st_p_art_museum/pages/PICT0603.html HTTP/1.1" 200 11727 "-" "Mozilla/5.0 (compatible; Googlebot/2.1; +http://www.google.com/bot.html)" "russiannavy.net"
74.6.18.228 - - [02/Jul/2008:05:11:32 -0700] "GET /photos/st_p_art_museum/pages/PICT0505.html HTTP/1.0" 200 11724 "-" "Mozilla/5.0 (compatible; Yahoo! Slurp; http://help.yahoo.com/help/us/ysearch/slurp)" "russiannavy.net"
213.33.222.246 - - [02/Jul/2008:05:14:25 -0700] "GET /models/a-20/IMGP9387.jpg HTTP/1.1" 200 82474 "http://www.acemodel.com.ua/forum/viewtopic.php?t=1419&sid=507cc1a891020f76441c2b41e9aac6b8" "Mozilla/5.0 (Windows; U; Windows NT 5.1; en-US; rv:1.9) Gecko/2008052906 Firefox/3.0" "russiannavy.net"
213.33.222.246 - - [02/Jul/2008:05:14:25 -0700] "GET /models/a-20/IMGP9388.jpg HTTP/1.1" 200 85649 "http://www.acemodel.com.ua/forum/viewtopic.php?t=1419&sid=507cc1a891020f76441c2b41e9aac6b8" "Mozilla/5.0 (Windows; U; Windows NT 5.1; en-US; rv:1.9) Gecko/2008052906 Firefox/3.0" "russiannavy.net"
213.33.222.246 - - [02/Jul/2008:05:14:25 -0700] "GET /models/a-20/IMGP9386.jpg HTTP/1.1" 200 100839 "http://www.acemodel.com.ua/forum/viewtopic.php?t=1419&sid=507cc1a891020f76441c2b41e9aac6b8" "Mozilla/5.0 (Windows; U; Windows NT 5.1; en-US; rv:1.9) Gecko/2008052906 Firefox/3.0" "russiannavy.net"
213.33.222.246 - - [02/Jul/2008:05:14:25 -0700] "GET /models/a-20/IMGP9385.jpg HTTP/1.1" 200 112431 "http://www.acemodel.com.ua/forum/viewtopic.php?t=1419&sid=507cc1a891020f76441c2b41e9aac6b8" "Mozilla/5.0 (Windows; U; Windows NT 5.1; en-US; rv:1.9) Gecko/2008052906 Firefox/3.0" "russiannavy.net"
213.33.222.246 - - [02/Jul/2008:05:14:26 -0700] "GET /models/a-20/IMGP9389.jpg HTTP/1.1" 200 86960 "http://www.acemodel.com.ua/forum/viewtopic.php?t=1419&sid=507cc1a891020f76441c2b41e9aac6b8" "Mozilla/5.0 (Windows; U; Windows NT 5.1; en-US; rv:1.9) Gecko/2008052906 Firefox/3.0" "russiannavy.net"
213.33.222.246 - - [02/Jul/2008:05:14:26 -0700] "GET /models/a-20/IMGP9379.jpg HTTP/1.1" 200 119887 "http://www.acemodel.com.ua/forum/viewtopic.php?t=1419&sid=507cc1a891020f76441c2b41e9aac6b8" "Mozilla/5.0 (Windows; U; Windows NT 5.1; en-US; rv:1.9) Gecko/2008052906 Firefox/3.0" "russiannavy.net"
213.33.222.246 - - [02/Jul/2008:05:14:29 -0700] "GET /models/a-20/IMGP9624.jpg HTTP/1.1" 200 76944 "http://www.acemodel.com.ua/forum/viewtopic.php?t=1419&sid=507cc1a891020f76441c2b41e9aac6b8" "Mozilla/5.0 (Windows; U; Windows NT 5.1; en-US; rv:1.9) Gecko/2008052906 Firefox/3.0" "russiannavy.net"
213.33.222.246 - - [02/Jul/2008:05:14:30 -0700] "GET /models/a-20/IMGP9626.jpg HTTP/1.1" 200 163735 "http://www.acemodel.com.ua/forum/viewtopic.php?t=1419&sid=507cc1a891020f76441c2b41e9aac6b8" "Mozilla/5.0 (Windows; U; Windows NT 5.1; en-US; rv:1.9) Gecko/2008052906 Firefox/3.0" "russiannavy.net"
213.33.222.246 - - [02/Jul/2008:05:14:30 -0700] "GET /models/a-20/IMGP9629.jpg HTTP/1.1" 200 79089 "http://www.acemodel.com.ua/forum/viewtopic.php?t=1419&sid=507cc1a891020f76441c2b41e9aac6b8" "Mozilla/5.0 (Windows; U; Windows NT 5.1; en-US; rv:1.9) Gecko/2008052906 Firefox/3.0" "russiannavy.net"
213.33.222.246 - - [02/Jul/2008:05:14:30 -0700] "GET /models/a-20/IMGP9631.jpg HTTP/1.1" 200 116658 "http://www.acemodel.com.ua/forum/viewtopic.php?t=1419&sid=507cc1a891020f76441c2b41e9aac6b8" "Mozilla/5.0 (Windows; U; Windows NT 5.1; en-US; rv:1.9) Gecko/2008052906 Firefox/3.0" "russiannavy.net"
213.33.222.246 - - [02/Jul/2008:05:14:30 -0700] "GET /models/a-20/IMGP9633.jpg HTTP/1.1" 200 58384 "http://www.acemodel.com.ua/forum/viewtopic.php?t=1419&sid=507cc1a891020f76441c2b41e9aac6b8" "Mozilla/5.0 (Windows; U; Windows NT 5.1; en-US; rv:1.9) Gecko/2008052906 Firefox/3.0" "russiannavy.net"
74.6.18.228 - - [02/Jul/2008:05:18:01 -0700] "GET /models/?D=A HTTP/1.0" 200 4825 "-" "Mozilla/5.0 (compatible; Yahoo! Slurp; http://help.yahoo.com/help/us/ysearch/slurp)" "russiannavy.net"
74.6.18.228 - - [02/Jul/2008:05:19:28 -0700] "GET /photos/littlefield/Sept_2004/Roland HTTP/1.0" 301 106 "-" "Mozilla/5.0 (compatible; Yahoo! Slurp; http://help.yahoo.com/help/us/ysearch/slurp)" "russiannavy.net"
74.6.18.228 - - [02/Jul/2008:05:19:28 -0700] "GET /photos/littlefield/Sept_2004/Roland/ HTTP/1.0" 200 2602 "-" "Mozilla/5.0 (compatible; Yahoo! Slurp; http://help.yahoo.com/help/us/ysearch/slurp)" "russiannavy.net"
66.249.73.34 - - [02/Jul/2008:05:20:12 -0700] "GET /photos/st_p_art_museum/pages/PICT0764.html HTTP/1.1" 304 - "-" "Mozilla/5.0 (compatible; Googlebot/2.1; +http://www.google.com/bot.html)" "russiannavy.net"
74.6.18.228 - - [02/Jul/2008:05:25:15 -0700] "GET /photos/st_p_art_museum/pages/PICT0493.html HTTP/1.0" 200 11575 "-" "Mozilla/5.0 (compatible; Yahoo! Slurp; http://help.yahoo.com/help/us/ysearch/slurp)" "russiannavy.net"
66.249.73.34 - - [02/Jul/2008:05:25:48 -0700] "GET /photos/st_p_art_museum/thumbnails/PICT0501.jpg HTTP/1.1" 304 - "-" "Googlebot-Image/1.0" "russiannavy.net"
66.249.73.34 - - [02/Jul/2008:05:26:23 -0700] "GET /photos/st_p_art_museum/pages/PICT0586.html HTTP/1.1" 304 - "-" "Mozilla/5.0 (compatible; Googlebot/2.1; +http://www.google.com/bot.html)" "russiannavy.net"
74.6.18.228 - - [02/Jul/2008:05:27:42 -0700] "GET /photos/st_p_art_museum/pages/PICT0506.html HTTP/1.0" 200 11724 "-" "Mozilla/5.0 (compatible; Yahoo! Slurp; http://help.yahoo.com/help/us/ysearch/slurp)" "russiannavy.net"
123.22.212.146 - - [02/Jul/2008:05:29:28 -0700] "GET /photos/misc/i11749-image-original.jpg HTTP/1.1" 200 295629 "http://www.vndefence.info/modules.php?name=Forums&file=viewtopic&t=81&postdays=0&postorder=asc&start=60" "Mozilla/4.0 (compatible; MSIE 6.0; Windows NT 5.1; SV1)" "russiannavy.net"
74.6.18.228 - - [02/Jul/2008:05:30:50 -0700] "GET /photos/st_p_art_museum/pages/PICT0651.html HTTP/1.0" 200 11728 "-" "Mozilla/5.0 (compatible; Yahoo! Slurp; http://help.yahoo.com/help/us/ysearch/slurp)" "russiannavy.net"
146.23.68.23 - - [02/Jul/2008:05:33:59 -0700] "GET /Ft_knox/P1130423.jpg HTTP/1.1" 200 41853 "http://www.freethought-forum.com/forum/showthread.php?p=558071#post558071" "Mozilla/4.0 (compatible; MSIE 6.0; Windows NT 5.1; Q312461; SV1; GIL 2; .NET CLR 1.0.3705; .NET CLR 1.1.4322; .NET CLR 2.0.50727; .NET CLR 3.0.04506.30; InfoPath.1; .NET CLR 3.0.04506.648; .NET CLR 3.5.21022)" "russiannavy.net"
146.23.68.23 - - [02/Jul/2008:05:33:59 -0700] "GET /Ft_knox/P1130420.jpg HTTP/1.1" 200 46746 "http://www.freethought-forum.com/forum/showthread.php?p=558071#post558071" "Mozilla/4.0 (compatible; MSIE 6.0; Windows NT 5.1; Q312461; SV1; GIL 2; .NET CLR 1.0.3705; .NET CLR 1.1.4322; .NET CLR 2.0.50727; .NET CLR 3.0.04506.30; InfoPath.1; .NET CLR 3.0.04506.648; .NET CLR 3.5.21022)" "russiannavy.net"
146.23.68.23 - - [02/Jul/2008:05:33:59 -0700] "GET /Ft_knox/P1130414.jpg HTTP/1.1" 200 52592 "http://www.freethought-forum.com/forum/showthread.php?p=558071#post558071" "Mozilla/4.0 (compatible; MSIE 6.0; Windows NT 5.1; Q312461; SV1; GIL 2; .NET CLR 1.0.3705; .NET CLR 1.1.4322; .NET CLR 2.0.50727; .NET CLR 3.0.04506.30; InfoPath.1; .NET CLR 3.0.04506.648; .NET CLR 3.5.21022)" "russiannavy.net"
146.23.68.23 - - [02/Jul/2008:05:33:59 -0700] "GET /Ft_knox/P1130392.jpg HTTP/1.1" 200 87658 "http://www.freethought-forum.com/forum/showthread.php?p=558071#post558071" "Mozilla/4.0 (compatible; MSIE 6.0; Windows NT 5.1; Q312461; SV1; GIL 2; .NET CLR 1.0.3705; .NET CLR 1.1.4322; .NET CLR 2.0.50727; .NET CLR 3.0.04506.30; InfoPath.1; .NET CLR 3.0.04506.648; .NET CLR 3.5.21022)" "russiannavy.net"
74.6.18.228 - - [02/Jul/2008:05:40:29 -0700] "GET /photos/st_p_art_museum/pages/PICT0665.html HTTP/1.0" 200 11728 "-" "Mozilla/5.0 (compatible; Yahoo! Slurp; http://help.yahoo.com/help/us/ysearch/slurp)" "russiannavy.net"
69.147.79.37 - - [02/Jul/2008:05:46:26 -0700] "GET /robots.txt HTTP/1.0" 404 275 "-" "Scooter/3.3" "russiannavy.net"
69.147.79.37 - - [02/Jul/2008:05:46:27 -0700] "GET /models/ch-53e/ch-53e-2.jpg HTTP/1.1" 206 2 "-" "Scooter/3.3" "russiannavy.net"
66.249.70.219 - - [02/Jul/2008:05:47:10 -0700] "GET /robots.txt HTTP/1.1" 404 275 "-" "Mozilla/5.0 (compatible; Googlebot/2.1; +http://www.google.com/bot.html)" "russiannavy.net"
66.249.70.219 - - [02/Jul/2008:05:47:15 -0700] "GET /gallery/main.php?g2_view=core.ShowItem&g2_itemId=10478 HTTP/1.1" 200 73086 "-" "Mozilla/5.0 (compatible; Googlebot/2.1; +http://www.google.com/bot.html)" "russiannavy.net"
74.6.18.228 - - [02/Jul/2008:05:47:50 -0700] "GET /models/zis-5/?S=A HTTP/1.0" 200 2335 "-" "Mozilla/5.0 (compatible; Yahoo! Slurp; http://help.yahoo.com/help/us/ysearch/slurp)" "russiannavy.net"
66.249.70.219 - - [02/Jul/2008:05:48:51 -0700] "GET /photos/st_p_art_museum/pages/PICT0686.html HTTP/1.1" 304 - "-" "Mozilla/5.0 (compatible; Googlebot/2.1; +http://www.google.com/bot.html)" "russiannavy.net"
66.249.70.219 - - [02/Jul/2008:05:48:54 -0700] "GET /photos/st_p_art_museum/pages/PICT0540.html HTTP/1.1" 304 - "-" "Mozilla/5.0 (compatible; Googlebot/2.1; +http://www.google.com/bot.html)" "russiannavy.net"
74.6.18.228 - - [02/Jul/2008:05:50:07 -0700] "GET /photos/littlefield/Sept_2004/Czech_half_tracks/pages/IMGP0799.html HTTP/1.0" 200 2460 "-" "Mozilla/5.0 (compatible; Yahoo! Slurp; http://help.yahoo.com/help/us/ysearch/slurp)" "russiannavy.net"
74.6.18.228 - - [02/Jul/2008:05:51:57 -0700] "GET /models/zis-5/?S=D HTTP/1.0" 200 2335 "-" "Mozilla/5.0 (compatible; Yahoo! Slurp; http://help.yahoo.com/help/us/ysearch/slurp)" "russiannavy.net"
66.249.70.219 - - [02/Jul/2008:06:05:23 -0700] "GET /gallery/main.php?g2_view=core.ShowItem&g2_itemId=15679 HTTP/1.1" 200 2762 "-" "Mozilla/5.0 (compatible; Googlebot/2.1; +http://www.google.com/bot.html)" "russiannavy.net"
74.6.18.228 - - [02/Jul/2008:06:08:25 -0700] "GET /photos/st_p_art_museum/pages/PICT0721.html HTTP/1.0" 200 11728 "-" "Mozilla/5.0 (compatible; Yahoo! Slurp; http://help.yahoo.com/help/us/ysearch/slurp)" "russiannavy.net"
79.126.53.42 - - [02/Jul/2008:06:12:35 -0700] "GET /models/s-75/S-75.htm HTTP/1.1" 200 3282 "http://www.google.com/search?hl=ru&rls=com.microsoft:en-US&q=%D1%81+75&start=20&sa=N" "Mozilla/4.0 (compatible; MSIE 7.0; Windows NT 5.1; .NET CLR 1.1.4322; .NET CLR 2.0.50727)" "russiannavy.net"
79.126.53.42 - - [02/Jul/2008:06:12:36 -0700] "GET /models/s-75/s-75-4_small.jpg HTTP/1.1" 200 2076 "http://russiannavy.net/models/s-75/S-75.htm" "Mozilla/4.0 (compatible; MSIE 7.0; Windows NT 5.1; .NET CLR 1.1.4322; .NET CLR 2.0.50727)" "russiannavy.net"
79.126.53.42 - - [02/Jul/2008:06:12:36 -0700] "GET /models/s-75/s-75-cover.jpg HTTP/1.1" 200 96067 "http://russiannavy.net/models/s-75/S-75.htm" "Mozilla/4.0 (compatible; MSIE 7.0; Windows NT 5.1; .NET CLR 1.1.4322; .NET CLR 2.0.50727)" "russiannavy.net"
79.126.53.42 - - [02/Jul/2008:06:12:36 -0700] "GET /models/s-75/s-75-5_small.jpg HTTP/1.1" 200 2161 "http://russiannavy.net/models/s-75/S-75.htm" "Mozilla/4.0 (compatible; MSIE 7.0; Windows NT 5.1; .NET CLR 1.1.4322; .NET CLR 2.0.50727)" "russiannavy.net"
79.126.53.42 - - [02/Jul/2008:06:12:36 -0700] "GET /models/s-75/s-75-7_small.jpg HTTP/1.1" 200 2289 "http://russiannavy.net/models/s-75/S-75.htm" "Mozilla/4.0 (compatible; MSIE 7.0; Windows NT 5.1; .NET CLR 1.1.4322; .NET CLR 2.0.50727)" "russiannavy.net"
79.126.53.42 - - [02/Jul/2008:06:12:36 -0700] "GET /models/s-75/s-75-9_small.jpg HTTP/1.1" 200 3423 "http://russiannavy.net/models/s-75/S-75.htm" "Mozilla/4.0 (compatible; MSIE 7.0; Windows NT 5.1; .NET CLR 1.1.4322; .NET CLR 2.0.50727)" "russiannavy.net"
79.126.53.42 - - [02/Jul/2008:06:12:36 -0700] "GET /models/s-75/s-75-10_small.jpg HTTP/1.1" 200 3098 "http://russiannavy.net/models/s-75/S-75.htm" "Mozilla/4.0 (compatible; MSIE 7.0; Windows NT 5.1; .NET CLR 1.1.4322; .NET CLR 2.0.50727)" "russiannavy.net"
79.126.53.42 - - [02/Jul/2008:06:12:36 -0700] "GET /models/s-75/s-75-8_small.jpg HTTP/1.1" 200 2356 "http://russiannavy.net/models/s-75/S-75.htm" "Mozilla/4.0 (compatible; MSIE 7.0; Windows NT 5.1; .NET CLR 1.1.4322; .NET CLR 2.0.50727)" "russiannavy.net"
79.126.53.42 - - [02/Jul/2008:06:12:36 -0700] "GET /models/s-75/s-75-6_small.jpg HTTP/1.1" 200 2186 "http://russiannavy.net/models/s-75/S-75.htm" "Mozilla/4.0 (compatible; MSIE 7.0; Windows NT 5.1; .NET CLR 1.1.4322; .NET CLR 2.0.50727)" "russiannavy.net"
79.126.53.42 - - [02/Jul/2008:06:12:56 -0700] "GET /favicon.ico HTTP/1.1" 404 275 "-" "Mozilla/4.0 (compatible; MSIE 7.0; Windows NT 5.1; .NET CLR 1.1.4322; .NET CLR 2.0.50727)" "russiannavy.net"
74.6.18.228 - - [02/Jul/2008:06:13:02 -0700] "GET /photos/thanksgiving/pages/IMGP7597.htm HTTP/1.0" 200 3656 "-" "Mozilla/5.0 (compatible; Yahoo! Slurp; http://help.yahoo.com/help/us/ysearch/slurp)" "russiannavy.net"
66.249.70.219 - - [02/Jul/2008:06:13:45 -0700] "GET /robots.txt HTTP/1.1" 404 275 "-" "Mozilla/5.0 (compatible; Googlebot/2.1; +http://www.google.com/bot.html)" "www.russiannavy.net"
66.249.70.219 - - [02/Jul/2008:06:13:45 -0700] "GET /photos/st_p_art_museum/pages/PICT0508.html HTTP/1.1" 200 11726 "-" "Mozilla/5.0 (compatible; Googlebot/2.1; +http://www.google.com/bot.html)" "www.russiannavy.net"
66.249.70.219 - - [02/Jul/2008:06:20:28 -0700] "GET /photos/st_p_art_museum/pages/PICT0754.html HTTP/1.1" 304 - "-" "Mozilla/5.0 (compatible; Googlebot/2.1; +http://www.google.com/bot.html)" "russiannavy.net"
66.249.70.219 - - [02/Jul/2008:06:21:10 -0700] "GET /gallery/main.php?g2_view=core.ShowItem&g2_itemId=9423 HTTP/1.1" 200 2759 "-" "Mozilla/5.0 (compatible; Googlebot/2.1; +http://www.google.com/bot.html)" "russiannavy.net"
88.73.249.76 - - [02/Jul/2008:06:26:06 -0700] "GET /photos/misc/i11749-image-original.jpg HTTP/1.1" 200 196608 "http://www.militaryphotos.net/forums/showthread.php?t=99988&page=142" "Mozilla/4.0 (compatible; MSIE 6.0; Windows NT 5.1; SV1; .NET CLR 1.1.4322; .NET CLR 2.0.50727)" "russiannavy.net"
74.6.18.228 - - [02/Jul/2008:06:28:12 -0700] "GET /photos/st_p_art_museum/pages/PICT0620.html HTTP/1.0" 200 11727 "-" "Mozilla/5.0 (compatible; Yahoo! Slurp; http://help.yahoo.com/help/us/ysearch/slurp)" "russiannavy.net"
212.45.6.187 - - [02/Jul/2008:06:28:55 -0700] "GET /models/a-20/IMGP9387.jpg HTTP/1.1" 200 82474 "http://www.acemodel.com.ua/forum/viewtopic.php?t=1419&sid=97b0749c6fbbd728c39c51a5d4a6dc57" "Mozilla/4.0 (compatible; MSIE 6.0; Windows NT 5.1; SV1; .NET CLR 1.1.4322; .NET CLR 2.0.50727)" "russiannavy.net"
212.45.6.187 - - [02/Jul/2008:06:28:55 -0700] "GET /models/a-20/IMGP9385.jpg HTTP/1.1" 200 112431 "http://www.acemodel.com.ua/forum/viewtopic.php?t=1419&sid=97b0749c6fbbd728c39c51a5d4a6dc57" "Mozilla/4.0 (compatible; MSIE 6.0; Windows NT 5.1; SV1; .NET CLR 1.1.4322; .NET CLR 2.0.50727)" "russiannavy.net"
212.45.6.187 - - [02/Jul/2008:06:28:56 -0700] "GET /models/a-20/IMGP9386.jpg HTTP/1.1" 200 100839 "http://www.acemodel.com.ua/forum/viewtopic.php?t=1419&sid=97b0749c6fbbd728c39c51a5d4a6dc57" "Mozilla/4.0 (compatible; MSIE 6.0; Windows NT 5.1; SV1; .NET CLR 1.1.4322; .NET CLR 2.0.50727)" "russiannavy.net"
212.45.6.187 - - [02/Jul/2008:06:28:57 -0700] "GET /models/a-20/IMGP9388.jpg HTTP/1.1" 200 85649 "http://www.acemodel.com.ua/forum/viewtopic.php?t=1419&sid=97b0749c6fbbd728c39c51a5d4a6dc57" "Mozilla/4.0 (compatible; MSIE 6.0; Windows NT 5.1; SV1; .NET CLR 1.1.4322; .NET CLR 2.0.50727)" "russiannavy.net"
212.45.6.187 - - [02/Jul/2008:06:28:58 -0700] "GET /models/a-20/IMGP9379.jpg HTTP/1.1" 200 119887 "http://www.acemodel.com.ua/forum/viewtopic.php?t=1419&sid=97b0749c6fbbd728c39c51a5d4a6dc57" "Mozilla/4.0 (compatible; MSIE 6.0; Windows NT 5.1; SV1; .NET CLR 1.1.4322; .NET CLR 2.0.50727)" "russiannavy.net"
212.45.6.187 - - [02/Jul/2008:06:28:58 -0700] "GET /models/a-20/IMGP9389.jpg HTTP/1.1" 200 86960 "http://www.acemodel.com.ua/forum/viewtopic.php?t=1419&sid=97b0749c6fbbd728c39c51a5d4a6dc57" "Mozilla/4.0 (compatible; MSIE 6.0; Windows NT 5.1; SV1; .NET CLR 1.1.4322; .NET CLR 2.0.50727)" "russiannavy.net"
212.45.6.187 - - [02/Jul/2008:06:29:00 -0700] "GET /models/a-20/IMGP9624.jpg HTTP/1.1" 200 76944 "http://www.acemodel.com.ua/forum/viewtopic.php?t=1419&sid=97b0749c6fbbd728c39c51a5d4a6dc57" "Mozilla/4.0 (compatible; MSIE 6.0; Windows NT 5.1; SV1; .NET CLR 1.1.4322; .NET CLR 2.0.50727)" "russiannavy.net"
212.45.6.187 - - [02/Jul/2008:06:29:00 -0700] "GET /models/a-20/IMGP9626.jpg HTTP/1.1" 200 163735 "http://www.acemodel.com.ua/forum/viewtopic.php?t=1419&sid=97b0749c6fbbd728c39c51a5d4a6dc57" "Mozilla/4.0 (compatible; MSIE 6.0; Windows NT 5.1; SV1; .NET CLR 1.1.4322; .NET CLR 2.0.50727)" "russiannavy.net"
212.45.6.187 - - [02/Jul/2008:06:29:02 -0700] "GET /models/a-20/IMGP9631.jpg HTTP/1.1" 200 116658 "http://www.acemodel.com.ua/forum/viewtopic.php?t=1419&sid=97b0749c6fbbd728c39c51a5d4a6dc57" "Mozilla/4.0 (compatible; MSIE 6.0; Windows NT 5.1; SV1; .NET CLR 1.1.4322; .NET CLR 2.0.50727)" "russiannavy.net"
212.45.6.187 - - [02/Jul/2008:06:29:04 -0700] "GET /models/a-20/IMGP9629.jpg HTTP/1.1" 200 79089 "http://www.acemodel.com.ua/forum/viewtopic.php?t=1419&sid=97b0749c6fbbd728c39c51a5d4a6dc57" "Mozilla/4.0 (compatible; MSIE 6.0; Windows NT 5.1; SV1; .NET CLR 1.1.4322; .NET CLR 2.0.50727)" "russiannavy.net"
212.45.6.187 - - [02/Jul/2008:06:29:05 -0700] "GET /models/a-20/IMGP9633.jpg HTTP/1.1" 200 58384 "http://www.acemodel.com.ua/forum/viewtopic.php?t=1419&sid=97b0749c6fbbd728c39c51a5d4a6dc57" "Mozilla/4.0 (compatible; MSIE 6.0; Windows NT 5.1; SV1; .NET CLR 1.1.4322; .NET CLR 2.0.50727)" "russiannavy.net"
74.6.18.228 - - [02/Jul/2008:06:30:43 -0700] "GET /photos/littlefield/old_visits/Matilda/pages/IMG_0572.html HTTP/1.0" 200 2550 "-" "Mozilla/5.0 (compatible; Yahoo! Slurp; http://help.yahoo.com/help/us/ysearch/slurp)" "russiannavy.net"
78.25.16.9 - - [02/Jul/2008:06:31:04 -0700] "GET /models/a-20/IMGP9387.jpg HTTP/1.1" 200 82474 "http://www.acemodel.com.ua/forum/viewtopic.php?t=1419" "Mozilla/4.0 (compatible; MSIE 6.0; Windows NT 5.1; SV1; InfoPath.2; .NET CLR 2.0.50727)" "russiannavy.net"
78.25.16.9 - - [02/Jul/2008:06:31:04 -0700] "GET /models/a-20/IMGP9385.jpg HTTP/1.1" 200 112431 "http://www.acemodel.com.ua/forum/viewtopic.php?t=1419" "Mozilla/4.0 (compatible; MSIE 6.0; Windows NT 5.1; SV1; InfoPath.2; .NET CLR 2.0.50727)" "russiannavy.net"
78.25.16.9 - - [02/Jul/2008:06:31:11 -0700] "GET /models/a-20/IMGP9386.jpg HTTP/1.1" 200 100839 "http://www.acemodel.com.ua/forum/viewtopic.php?t=1419" "Mozilla/4.0 (compatible; MSIE 6.0; Windows NT 5.1; SV1; InfoPath.2; .NET CLR 2.0.50727)" "russiannavy.net"
78.25.16.9 - - [02/Jul/2008:06:31:11 -0700] "GET /models/a-20/IMGP9388.jpg HTTP/1.1" 200 85649 "http://www.acemodel.com.ua/forum/viewtopic.php?t=1419" "Mozilla/4.0 (compatible; MSIE 6.0; Windows NT 5.1; SV1; InfoPath.2; .NET CLR 2.0.50727)" "russiannavy.net"
78.25.16.9 - - [02/Jul/2008:06:31:18 -0700] "GET /models/bt-2/IMGP9614.jpg HTTP/1.1" 200 30144 "http://www.acemodel.com.ua/forum/viewtopic.php?t=1849" "Mozilla/4.0 (compatible; MSIE 6.0; Windows NT 5.1; SV1; InfoPath.2; .NET CLR 2.0.50727)" "russiannavy.net"
78.25.16.9 - - [02/Jul/2008:06:31:18 -0700] "GET /models/bt-2/IMGP9615.jpg HTTP/1.1" 200 33915 "http://www.acemodel.com.ua/forum/viewtopic.php?t=1849" "Mozilla/4.0 (compatible; MSIE 6.0; Windows NT 5.1; SV1; InfoPath.2; .NET CLR 2.0.50727)" "russiannavy.net"
78.25.16.9 - - [02/Jul/2008:06:31:23 -0700] "GET /models/bt-2/IMGP9616.jpg HTTP/1.1" 200 30482 "http://www.acemodel.com.ua/forum/viewtopic.php?t=1849" "Mozilla/4.0 (compatible; MSIE 6.0; Windows NT 5.1; SV1; InfoPath.2; .NET CLR 2.0.50727)" "russiannavy.net"
64.1.215.165 - - [02/Jul/2008:06:33:55 -0700] "GET /robots.txt HTTP/1.0" 404 275 "-" "Mozilla/5.0 (Twiceler-0.9 http://www.cuill.com/twiceler/robot.html)" "www.russiannavy.net"
74.6.18.228 - - [02/Jul/2008:06:33:59 -0700] "GET /photos/st_p_art_museum/pages/PICT0678.html HTTP/1.0" 200 11728 "-" "Mozilla/5.0 (compatible; Yahoo! Slurp; http://help.yahoo.com/help/us/ysearch/slurp)" "russiannavy.net"
212.45.6.187 - - [02/Jul/2008:06:35:27 -0700] "GET /models/a-20/IMGP9640s.jpg HTTP/1.1" 200 107325 "http://www.acemodel.com.ua/forum/viewtopic.php?t=1419&postdays=0&postorder=asc&start=15" "Mozilla/4.0 (compatible; MSIE 6.0; Windows NT 5.1; SV1; .NET CLR 1.1.4322; .NET CLR 2.0.50727)" "russiannavy.net"
212.45.6.187 - - [02/Jul/2008:06:35:27 -0700] "GET /models/a-20/IMGP9642s.jpg HTTP/1.1" 200 86588 "http://www.acemodel.com.ua/forum/viewtopic.php?t=1419&postdays=0&postorder=asc&start=15" "Mozilla/4.0 (compatible; MSIE 6.0; Windows NT 5.1; SV1; .NET CLR 1.1.4322; .NET CLR 2.0.50727)" "russiannavy.net"
212.45.6.187 - - [02/Jul/2008:06:35:28 -0700] "GET /models/a-20/IMGP9641s.jpg HTTP/1.1" 200 99388 "http://www.acemodel.com.ua/forum/viewtopic.php?t=1419&postdays=0&postorder=asc&start=15" "Mozilla/4.0 (compatible; MSIE 6.0; Windows NT 5.1; SV1; .NET CLR 1.1.4322; .NET CLR 2.0.50727)" "russiannavy.net"
212.45.6.187 - - [02/Jul/2008:06:35:29 -0700] "GET /models/a-20/IMGP9637s.jpg HTTP/1.1" 200 107360 "http://www.acemodel.com.ua/forum/viewtopic.php?t=1419&postdays=0&postorder=asc&start=15" "Mozilla/4.0 (compatible; MSIE 6.0; Windows NT 5.1; SV1; .NET CLR 1.1.4322; .NET CLR 2.0.50727)" "russiannavy.net"
212.45.6.187 - - [02/Jul/2008:06:36:15 -0700] "GET /models/a-20/ HTTP/1.1" 200 6008 "http://www.acemodel.com.ua/forum/viewtopic.php?t=1419&postdays=0&postorder=asc&start=15" "Mozilla/4.0 (compatible; MSIE 6.0; Windows NT 5.1; SV1; .NET CLR 1.1.4322; .NET CLR 2.0.50727)" "russiannavy.net"
212.45.6.187 - - [02/Jul/2008:06:36:21 -0700] "GET /models/a-20/IMGP9337.jpg HTTP/1.1" 200 73414 "http://russiannavy.net/models/a-20/" "Mozilla/4.0 (compatible; MSIE 6.0; Windows NT 5.1; SV1; .NET CLR 1.1.4322; .NET CLR 2.0.50727)" "russiannavy.net"
212.45.6.187 - - [02/Jul/2008:06:36:31 -0700] "GET /models/a-20/ HTTP/1.1" 200 6008 "http://www.acemodel.com.ua/forum/viewtopic.php?t=1419&postdays=0&postorder=asc&start=15" "Mozilla/4.0 (compatible; MSIE 6.0; Windows NT 5.1; SV1; .NET CLR 1.1.4322; .NET CLR 2.0.50727)" "russiannavy.net"
212.45.6.187 - - [02/Jul/2008:06:36:33 -0700] "GET /models/a-20/IMGP9338.jpg HTTP/1.1" 200 80263 "http://russiannavy.net/models/a-20/" "Mozilla/4.0 (compatible; MSIE 6.0; Windows NT 5.1; SV1; .NET CLR 1.1.4322; .NET CLR 2.0.50727)" "russiannavy.net"
212.45.6.187 - - [02/Jul/2008:06:36:37 -0700] "GET /models/a-20/ HTTP/1.1" 200 6008 "http://www.acemodel.com.ua/forum/viewtopic.php?t=1419&postdays=0&postorder=asc&start=15" "Mozilla/4.0 (compatible; MSIE 6.0; Windows NT 5.1; SV1; .NET CLR 1.1.4322; .NET CLR 2.0.50727)" "russiannavy.net"
212.45.6.187 - - [02/Jul/2008:06:36:38 -0700] "GET /models/a-20/IMGP9339.jpg HTTP/1.1" 200 49531 "http://russiannavy.net/models/a-20/" "Mozilla/4.0 (compatible; MSIE 6.0; Windows NT 5.1; SV1; .NET CLR 1.1.4322; .NET CLR 2.0.50727)" "russiannavy.net"
212.45.6.187 - - [02/Jul/2008:06:36:47 -0700] "GET /models/a-20/ HTTP/1.1" 200 6008 "http://www.acemodel.com.ua/forum/viewtopic.php?t=1419&postdays=0&postorder=asc&start=15" "Mozilla/4.0 (compatible; MSIE 6.0; Windows NT 5.1; SV1; .NET CLR 1.1.4322; .NET CLR 2.0.50727)" "russiannavy.net"
212.45.6.187 - - [02/Jul/2008:06:36:49 -0700] "GET /models/a-20/IMGP9340.jpg HTTP/1.1" 200 35007 "http://russiannavy.net/models/a-20/" "Mozilla/4.0 (compatible; MSIE 6.0; Windows NT 5.1; SV1; .NET CLR 1.1.4322; .NET CLR 2.0.50727)" "russiannavy.net"
212.45.6.187 - - [02/Jul/2008:06:36:53 -0700] "GET /models/a-20/ HTTP/1.1" 200 6008 "http://www.acemodel.com.ua/forum/viewtopic.php?t=1419&postdays=0&postorder=asc&start=15" "Mozilla/4.0 (compatible; MSIE 6.0; Windows NT 5.1; SV1; .NET CLR 1.1.4322; .NET CLR 2.0.50727)" "russiannavy.net"
212.45.6.187 - - [02/Jul/2008:06:36:54 -0700] "GET /models/a-20/IMGP9374.jpg HTTP/1.1" 200 130345 "http://russiannavy.net/models/a-20/" "Mozilla/4.0 (compatible; MSIE 6.0; Windows NT 5.1; SV1; .NET CLR 1.1.4322; .NET CLR 2.0.50727)" "russiannavy.net"
212.45.6.187 - - [02/Jul/2008:06:37:03 -0700] "GET /models/a-20/ HTTP/1.1" 200 6008 "http://www.acemodel.com.ua/forum/viewtopic.php?t=1419&postdays=0&postorder=asc&start=15" "Mozilla/4.0 (compatible; MSIE 6.0; Windows NT 5.1; SV1; .NET CLR 1.1.4322; .NET CLR 2.0.50727)" "russiannavy.net"
212.45.6.187 - - [02/Jul/2008:06:37:05 -0700] "GET /models/a-20/IMGP9375.jpg HTTP/1.1" 200 116822 "http://russiannavy.net/models/a-20/" "Mozilla/4.0 (compatible; MSIE 6.0; Windows NT 5.1; SV1; .NET CLR 1.1.4322; .NET CLR 2.0.50727)" "russiannavy.net"
212.45.6.187 - - [02/Jul/2008:06:37:18 -0700] "GET /models/a-20/ HTTP/1.1" 200 6008 "http://www.acemodel.com.ua/forum/viewtopic.php?t=1419&postdays=0&postorder=asc&start=15" "Mozilla/4.0 (compatible; MSIE 6.0; Windows NT 5.1; SV1; .NET CLR 1.1.4322; .NET CLR 2.0.50727)" "russiannavy.net"
212.45.6.187 - - [02/Jul/2008:06:37:20 -0700] "GET /models/a-20/IMGP9376.jpg HTTP/1.1" 200 102641 "http://russiannavy.net/models/a-20/" "Mozilla/4.0 (compatible; MSIE 6.0; Windows NT 5.1; SV1; .NET CLR 1.1.4322; .NET CLR 2.0.50727)" "russiannavy.net"
74.6.18.228 - - [02/Jul/2008:06:37:24 -0700] "GET /photos/st_p_art_museum/pages/PICT0737.html HTTP/1.0" 200 11728 "-" "Mozilla/5.0 (compatible; Yahoo! Slurp; http://help.yahoo.com/help/us/ysearch/slurp)" "russiannavy.net"
212.45.6.187 - - [02/Jul/2008:06:37:25 -0700] "GET /models/a-20/ HTTP/1.1" 200 6008 "http://www.acemodel.com.ua/forum/viewtopic.php?t=1419&postdays=0&postorder=asc&start=15" "Mozilla/4.0 (compatible; MSIE 6.0; Windows NT 5.1; SV1; .NET CLR 1.1.4322; .NET CLR 2.0.50727)" "russiannavy.net"
212.45.6.187 - - [02/Jul/2008:06:37:26 -0700] "GET /models/a-20/IMGP9377.jpg HTTP/1.1" 200 101232 "http://russiannavy.net/models/a-20/" "Mozilla/4.0 (compatible; MSIE 6.0; Windows NT 5.1; SV1; .NET CLR 1.1.4322; .NET CLR 2.0.50727)" "russiannavy.net"
212.45.6.187 - - [02/Jul/2008:06:37:34 -0700] "GET /models/a-20/ HTTP/1.1" 200 6008 "http://www.acemodel.com.ua/forum/viewtopic.php?t=1419&postdays=0&postorder=asc&start=15" "Mozilla/4.0 (compatible; MSIE 6.0; Windows NT 5.1; SV1; .NET CLR 1.1.4322; .NET CLR 2.0.50727)" "russiannavy.net"
