195.5.155.45 - - [30/Jun/2008:05:28:55 -0700] "GET /models/bt-2/IMGP9614.jpg HTTP/1.1" 200 30144 "http://www.acemodel.com.ua/forum/viewtopic.php?t=1849&sid=75981605876a36b5fc80d2ad00d0c87b" "Mozilla/4.0 (compatible; MSIE 7.0; Windows NT 5.1; MRA 5.0 (build 02072); InfoPath.1; .NET CLR 1.1.4322; .NET CLR 2.0.50727; .NET CLR 3.0.04506.30)" "russiannavy.net"
195.5.155.45 - - [30/Jun/2008:05:28:55 -0700] "GET /models/bt-2/IMGP9615.jpg HTTP/1.1" 200 33915 "http://www.acemodel.com.ua/forum/viewtopic.php?t=1849&sid=75981605876a36b5fc80d2ad00d0c87b" "Mozilla/4.0 (compatible; MSIE 7.0; Windows NT 5.1; MRA 5.0 (build 02072); InfoPath.1; .NET CLR 1.1.4322; .NET CLR 2.0.50727; .NET CLR 3.0.04506.30)" "russiannavy.net"
195.5.155.45 - - [30/Jun/2008:05:28:57 -0700] "GET /models/bt-2/IMGP9616.jpg HTTP/1.1" 200 30482 "http://www.acemodel.com.ua/forum/viewtopic.php?t=1849&sid=75981605876a36b5fc80d2ad00d0c87b" "Mozilla/4.0 (compatible; MSIE 7.0; Windows NT 5.1; MRA 5.0 (build 02072); InfoPath.1; .NET CLR 1.1.4322; .NET CLR 2.0.50727; .NET CLR 3.0.04506.30)" "russiannavy.net"
74.6.18.228 - - [30/Jun/2008:05:32:11 -0700] "GET /photos/littlefield/Sept_2004/M24_Chaffee HTTP/1.0" 301 111 "-" "Mozilla/5.0 (compatible; Yahoo! Slurp; http://help.yahoo.com/help/us/ysearch/slurp)" "russiannavy.net"
74.6.18.228 - - [30/Jun/2008:05:32:12 -0700] "GET /photos/littlefield/Sept_2004/M24_Chaffee/ HTTP/1.0" 200 2698 "-" "Mozilla/5.0 (compatible; Yahoo! Slurp; http://help.yahoo.com/help/us/ysearch/slurp)" "russiannavy.net"
74.6.18.228 - - [30/Jun/2008:05:34:38 -0700] "GET /photos/littlefield/Sept_2004/T-55/pages/IMGP1233.html HTTP/1.0" 200 2373 "-" "Mozilla/5.0 (compatible; Yahoo! Slurp; http://help.yahoo.com/help/us/ysearch/slurp)" "russiannavy.net"
74.6.18.228 - - [30/Jun/2008:05:37:24 -0700] "GET /photos/littlefield/Sept_2004/T-72/pages/IMGP1264.html HTTP/1.0" 200 2910 "-" "Mozilla/5.0 (compatible; Yahoo! Slurp; http://help.yahoo.com/help/us/ysearch/slurp)" "russiannavy.net"
203.160.1.48 - - [30/Jun/2008:05:43:10 -0700] "GET /photos/misc/i11749-image-original.jpg HTTP/1.1" 200 295629 "http://bacduyenha.com/redirect.php?tid=456&goto=lastpost" "Mozilla/4.0 (compatible; MSIE 6.0; Windows NT 5.1; SV1)" "russiannavy.net"
70.251.33.39 - - [30/Jun/2008:05:46:24 -0700] "GET /Ft_knox/P1130383.jpg HTTP/1.1" 200 41648 "http://www.ar15.com/forums/topic.html?b=1&f=5&t=726177&page=2" "Mozilla/4.0 (compatible; MSIE 7.0; Windows NT 5.1; InfoPath.1; .NET CLR 2.0.50727)" "russiannavy.net"
70.251.33.39 - - [30/Jun/2008:05:46:24 -0700] "GET /Ft_knox/P1130414.jpg HTTP/1.1" 200 52592 "http://www.ar15.com/forums/topic.html?b=1&f=5&t=726177&page=2" "Mozilla/4.0 (compatible; MSIE 7.0; Windows NT 5.1; InfoPath.1; .NET CLR 2.0.50727)" "russiannavy.net"
70.251.33.39 - - [30/Jun/2008:05:46:29 -0700] "GET /Ft_knox/P1130423.jpg HTTP/1.1" 200 41853 "http://www.ar15.com/forums/topic.html?b=1&f=5&t=726177&page=2" "Mozilla/4.0 (compatible; MSIE 7.0; Windows NT 5.1; InfoPath.1; .NET CLR 2.0.50727)" "russiannavy.net"
74.6.18.228 - - [30/Jun/2008:05:47:09 -0700] "GET /photos/littlefield/Sept_2004/Light_Weapons HTTP/1.0" 301 113 "-" "Mozilla/5.0 (compatible; Yahoo! Slurp; http://help.yahoo.com/help/us/ysearch/slurp)" "russiannavy.net"
74.6.18.228 - - [30/Jun/2008:05:47:10 -0700] "GET /photos/littlefield/Sept_2004/Light_Weapons/ HTTP/1.0" 200 3583 "-" "Mozilla/5.0 (compatible; Yahoo! Slurp; http://help.yahoo.com/help/us/ysearch/slurp)" "russiannavy.net"
74.6.18.228 - - [30/Jun/2008:05:48:07 -0700] "GET /photos/littlefield/Sept_2004/Su-100/pages/IMGP0990.html HTTP/1.0" 200 2614 "-" "Mozilla/5.0 (compatible; Yahoo! Slurp; http://help.yahoo.com/help/us/ysearch/slurp)" "russiannavy.net"
74.6.18.228 - - [30/Jun/2008:06:00:09 -0700] "GET /photos/vegas_trip/index_2.htm HTTP/1.0" 200 8457 "-" "Mozilla/5.0 (compatible; Yahoo! Slurp; http://help.yahoo.com/help/us/ysearch/slurp)" "russiannavy.net"
74.6.18.228 - - [30/Jun/2008:06:04:35 -0700] "GET /photos/littlefield/Sept_2004/T-72/pages/IMGP1258.html HTTP/1.0" 200 2909 "-" "Mozilla/5.0 (compatible; Yahoo! Slurp; http://help.yahoo.com/help/us/ysearch/slurp)" "russiannavy.net"
66.249.70.219 - - [30/Jun/2008:06:07:08 -0700] "GET /photos/ HTTP/1.1" 200 2327 "-" "Mozilla/5.0 (compatible; Googlebot/2.1; +http://www.google.com/bot.html)" "russiannavy.net"
74.6.18.228 - - [30/Jun/2008:06:11:56 -0700] "GET /photos/littlefield/Sept_2004/Bren/ HTTP/1.0" 200 2402 "-" "Mozilla/5.0 (compatible; Yahoo! Slurp; http://help.yahoo.com/help/us/ysearch/slurp)" "russiannavy.net"
74.6.18.228 - - [30/Jun/2008:06:13:10 -0700] "GET /photos/littlefield/Sept_2004/Panther/pages/ HTTP/1.0" 200 3121 "-" "Mozilla/5.0 (compatible; Yahoo! Slurp; http://help.yahoo.com/help/us/ysearch/slurp)" "russiannavy.net"
69.85.100.13 - - [30/Jun/2008:06:18:03 -0700] "GET /Ft_knox/P1130383.jpg HTTP/1.1" 200 41648 "http://ar15.com/forums/topic.html?b=1&f=5&t=726177&page=2" "Mozilla/5.0 (Windows; U; Windows NT 5.1; en-US; rv:1.8.1.14) Gecko/20080404 Firefox/2.0.0.14" "russiannavy.net"
69.85.100.13 - - [30/Jun/2008:06:18:03 -0700] "GET /Ft_knox/P1130414.jpg HTTP/1.1" 200 52592 "http://ar15.com/forums/topic.html?b=1&f=5&t=726177&page=2" "Mozilla/5.0 (Windows; U; Windows NT 5.1; en-US; rv:1.8.1.14) Gecko/20080404 Firefox/2.0.0.14" "russiannavy.net"
69.85.100.13 - - [30/Jun/2008:06:18:03 -0700] "GET /Ft_knox/P1130423.jpg HTTP/1.1" 200 41853 "http://ar15.com/forums/topic.html?b=1&f=5&t=726177&page=2" "Mozilla/5.0 (Windows; U; Windows NT 5.1; en-US; rv:1.8.1.14) Gecko/20080404 Firefox/2.0.0.14" "russiannavy.net"
74.6.18.228 - - [30/Jun/2008:06:24:51 -0700] "GET /photos/st_p_art_museum/pages/PICT0596.html HTTP/1.0" 200 11727 "-" "Mozilla/5.0 (compatible; Yahoo! Slurp; http://help.yahoo.com/help/us/ysearch/slurp)" "russiannavy.net"
74.6.18.228 - - [30/Jun/2008:06:28:54 -0700] "GET /photos/littlefield/Sept_2004/M8_Greyhound/pages/IMGP0879.html HTTP/1.0" 200 2389 "-" "Mozilla/5.0 (compatible; Yahoo! Slurp; http://help.yahoo.com/help/us/ysearch/slurp)" "russiannavy.net"
74.6.18.228 - - [30/Jun/2008:06:31:44 -0700] "GET /photos/st_p_art_museum/pages/PICT0532.html HTTP/1.0" 200 11726 "-" "Mozilla/5.0 (compatible; Yahoo! Slurp; http://help.yahoo.com/help/us/ysearch/slurp)" "russiannavy.net"
74.6.18.228 - - [30/Jun/2008:06:35:34 -0700] "GET /photos/littlefield/Sept_2004/Sdkfz222/pages/IMGP1009.html HTTP/1.0" 200 2117 "-" "Mozilla/5.0 (compatible; Yahoo! Slurp; http://help.yahoo.com/help/us/ysearch/slurp)" "russiannavy.net"
203.160.1.39 - - [30/Jun/2008:06:35:47 -0700] "GET /photos/misc/i11749-image-original.jpg HTTP/1.1" 200 295629 "http://vndefence.info/modules.php?name=Forums&file=viewtopic&t=81&postdays=0&postorder=asc&start=60" "Mozilla/5.0 (Windows; U; Windows NT 5.1; en-US; rv:1.8.1.14) Gecko/20080404 Firefox/2.0.0.14" "russiannavy.net"
74.6.18.228 - - [30/Jun/2008:06:38:31 -0700] "GET /photos/littlefield/Sept_2004/US_halftracks/pages/IMGP1030.html HTTP/1.0" 200 2688 "-" "Mozilla/5.0 (compatible; Yahoo! Slurp; http://help.yahoo.com/help/us/ysearch/slurp)" "russiannavy.net"
74.6.18.228 - - [30/Jun/2008:06:38:49 -0700] "GET /photos/st_p_art_museum/pages/PICT0710.html HTTP/1.0" 200 11728 "-" "Mozilla/5.0 (compatible; Yahoo! Slurp; http://help.yahoo.com/help/us/ysearch/slurp)" "russiannavy.net"
81.19.67.231 - - [30/Jun/2008:06:40:19 -0700] "GET /models/monomakh/monomakh11_small.jpg HTTP/1.0" 200 2225 "-" "Mozilla/4.0 (compatible; MSIE 6.0; Windows NT 5.1; SV1; .NET CLR 1.1.4322; .NET CLR 2.0.50727)" "russiannavy.net"
66.249.70.219 - - [30/Jun/2008:06:40:25 -0700] "GET /models/bt-2/ HTTP/1.1" 200 1234 "-" "Mozilla/5.0 (compatible; Googlebot/2.1; +http://www.google.com/bot.html)" "russiannavy.net"
192.229.17.103 - - [30/Jun/2008:06:41:28 -0700] "GET /models/monomakh/monomakh.htm HTTP/1.1" 200 5238 "http://beta.rambler.ru/srch?query=%D0%9A%D1%80%D0%B5%D0%B9%D1%81%D0%B5%D1%80+%D0%92%D0%BB%D0%B0%D0%B4%D0%B8%D0%BC%D0%B8%D1%80+%D0%9C%D0%BE%D0%BD%D0%BE%D0%BC%D0%B0%D1%85&searchtype=web" "Mozilla/4.0 (compatible; MSIE 6.0; Windows NT 5.1; SV1; .NET CLR 1.1.4322; .NET CLR 2.0.50727)" "russiannavy.net"
192.229.17.103 - - [30/Jun/2008:06:41:29 -0700] "GET /models/monomakh/monomakh13_small.jpg HTTP/1.1" 200 2035 "http://russiannavy.net/models/monomakh/monomakh.htm" "Mozilla/4.0 (compatible; MSIE 6.0; Windows NT 5.1; SV1; .NET CLR 1.1.4322; .NET CLR 2.0.50727)" "russiannavy.net"
192.229.17.103 - - [30/Jun/2008:06:41:29 -0700] "GET /models/monomakh/monomakh11_small.jpg HTTP/1.1" 200 2225 "http://russiannavy.net/models/monomakh/monomakh.htm" "Mozilla/4.0 (compatible; MSIE 6.0; Windows NT 5.1; SV1; .NET CLR 1.1.4322; .NET CLR 2.0.50727)" "russiannavy.net"
192.229.17.103 - - [30/Jun/2008:06:41:29 -0700] "GET /models/monomakh/Monomakh-cover.jpg HTTP/1.1" 200 106653 "http://russiannavy.net/models/monomakh/monomakh.htm" "Mozilla/4.0 (compatible; MSIE 6.0; Windows NT 5.1; SV1; .NET CLR 1.1.4322; .NET CLR 2.0.50727)" "russiannavy.net"
192.229.17.103 - - [30/Jun/2008:06:41:29 -0700] "GET /models/monomakh/monomakh12_small.jpg HTTP/1.1" 200 2171 "http://russiannavy.net/models/monomakh/monomakh.htm" "Mozilla/4.0 (compatible; MSIE 6.0; Windows NT 5.1; SV1; .NET CLR 1.1.4322; .NET CLR 2.0.50727)" "russiannavy.net"
192.229.17.103 - - [30/Jun/2008:06:41:29 -0700] "GET /models/monomakh/monomakh14_small.jpg HTTP/1.1" 200 1963 "http://russiannavy.net/models/monomakh/monomakh.htm" "Mozilla/4.0 (compatible; MSIE 6.0; Windows NT 5.1; SV1; .NET CLR 1.1.4322; .NET CLR 2.0.50727)" "russiannavy.net"
192.229.17.103 - - [30/Jun/2008:06:41:29 -0700] "GET /models/monomakh/monomakh15_small.jpg HTTP/1.1" 200 2401 "http://russiannavy.net/models/monomakh/monomakh.htm" "Mozilla/4.0 (compatible; MSIE 6.0; Windows NT 5.1; SV1; .NET CLR 1.1.4322; .NET CLR 2.0.50727)" "russiannavy.net"
192.229.17.103 - - [30/Jun/2008:06:41:30 -0700] "GET /models/monomakh/monomakh16_small.jpg HTTP/1.1" 200 2297 "http://russiannavy.net/models/monomakh/monomakh.htm" "Mozilla/4.0 (compatible; MSIE 6.0; Windows NT 5.1; SV1; .NET CLR 1.1.4322; .NET CLR 2.0.50727)" "russiannavy.net"
192.229.17.103 - - [30/Jun/2008:06:41:30 -0700] "GET /models/monomakh/monomakh17_small.jpg HTTP/1.1" 200 2655 "http://russiannavy.net/models/monomakh/monomakh.htm" "Mozilla/4.0 (compatible; MSIE 6.0; Windows NT 5.1; SV1; .NET CLR 1.1.4322; .NET CLR 2.0.50727)" "russiannavy.net"
192.229.17.103 - - [30/Jun/2008:06:41:30 -0700] "GET /models/monomakh/monomakh18_small.jpg HTTP/1.1" 200 2893 "http://russiannavy.net/models/monomakh/monomakh.htm" "Mozilla/4.0 (compatible; MSIE 6.0; Windows NT 5.1; SV1; .NET CLR 1.1.4322; .NET CLR 2.0.50727)" "russiannavy.net"
192.229.17.103 - - [30/Jun/2008:06:41:30 -0700] "GET /models/monomakh/monomakh19_small.jpg HTTP/1.1" 200 2114 "http://russiannavy.net/models/monomakh/monomakh.htm" "Mozilla/4.0 (compatible; MSIE 6.0; Windows NT 5.1; SV1; .NET CLR 1.1.4322; .NET CLR 2.0.50727)" "russiannavy.net"
192.229.17.103 - - [30/Jun/2008:06:42:01 -0700] "GET /models/monomakh/monomakh19.jpg HTTP/1.1" 200 107697 "http://russiannavy.net/models/monomakh/monomakh.htm" "Mozilla/4.0 (compatible; MSIE 6.0; Windows NT 5.1; SV1; .NET CLR 1.1.4322; .NET CLR 2.0.50727)" "russiannavy.net"
192.229.17.103 - - [30/Jun/2008:06:42:09 -0700] "GET /models/monomakh/monomakh16.jpg HTTP/1.1" 200 86482 "http://russiannavy.net/models/monomakh/monomakh.htm" "Mozilla/4.0 (compatible; MSIE 6.0; Windows NT 5.1; SV1; .NET CLR 1.1.4322; .NET CLR 2.0.50727)" "russiannavy.net"
192.229.17.103 - - [30/Jun/2008:06:42:17 -0700] "GET /models/monomakh/monomakh13.jpg HTTP/1.1" 200 69202 "http://russiannavy.net/models/monomakh/monomakh.htm" "Mozilla/4.0 (compatible; MSIE 6.0; Windows NT 5.1; SV1; .NET CLR 1.1.4322; .NET CLR 2.0.50727)" "russiannavy.net"
66.249.70.219 - - [30/Jun/2008:06:42:58 -0700] "GET /gallery/main.php?g2_view=core.ShowItem&g2_itemId=9070 HTTP/1.1" 200 12736 "-" "Mozilla/5.0 (compatible; Googlebot/2.1; +http://www.google.com/bot.html)" "russiannavy.net"
74.6.18.228 - - [30/Jun/2008:06:49:10 -0700] "GET /photos/littlefield/Sept_2004/Churchill/pages/IMGP0855.html HTTP/1.0" 200 2485 "-" "Mozilla/5.0 (compatible; Yahoo! Slurp; http://help.yahoo.com/help/us/ysearch/slurp)" "russiannavy.net"
74.6.18.244 - - [30/Jun/2008:06:53:23 -0700] "GET /gallery/main.php?g2_view=core.ShowItem&g2_itemId=32 HTTP/1.0" 200 12975 "-" "Mozilla/5.0 (compatible; Yahoo! Slurp; http://help.yahoo.com/help/us/ysearch/slurp)" "www.russiannavy.net"
123.22.203.37 - - [30/Jun/2008:06:57:26 -0700] "GET /photos/misc/i11749-image-original.jpg HTTP/1.1" 200 295629 "http://truongton.net/forum/showthread.php?t=417773" "Mozilla/4.0 (compatible; MSIE 6.0; Windows NT 5.1)" "russiannavy.net"
74.6.18.228 - - [30/Jun/2008:06:59:29 -0700] "GET /photos/littlefield/Sept_2004/M3_Lee/ HTTP/1.0" 200 3466 "-" "Mozilla/5.0 (compatible; Yahoo! Slurp; http://help.yahoo.com/help/us/ysearch/slurp)" "russiannavy.net"
66.249.70.219 - - [30/Jun/2008:07:00:47 -0700] "GET /models/zis-5/ HTTP/1.1" 200 2351 "-" "Mozilla/5.0 (compatible; Googlebot/2.1; +http://www.google.com/bot.html)" "russiannavy.net"
74.6.18.228 - - [30/Jun/2008:07:01:01 -0700] "GET /models/l-t/?M=A HTTP/1.0" 200 1742 "-" "Mozilla/5.0 (compatible; Yahoo! Slurp; http://help.yahoo.com/help/us/ysearch/slurp)" "russiannavy.net"
86.57.255.226 - - [30/Jun/2008:07:01:51 -0700] "GET /gallery/main.php?g2_view=core.ShowItem&g2_itemId=15530&g2_navId=xf205aa02 HTTP/1.0" 200 17041 "-" "Mozilla/4.0 (compatible; MSIE 6.0; Windows NT 5.1; SV1; .NET CLR 2.0.50727)" "www.russiannavy.net"
86.57.255.226 - - [30/Jun/2008:07:01:52 -0700] "GET /gallery/themes/siriux/theme.css HTTP/1.0" 200 2755 "http://www.russiannavy.net/gallery/main.php?g2_view=core.ShowItem&g2_itemId=15530&g2_navId=xf205aa02" "Mozilla/4.0 (compatible; MSIE 6.0; Windows NT 5.1; SV1; .NET CLR 2.0.50727)" "www.russiannavy.net"
86.57.255.226 - - [30/Jun/2008:07:01:52 -0700] "GET /gallery/main.php?g2_view=core.DownloadItem&g2_itemId=16023&g2_serialNumber=2&g2_GALLERYSID=31829dd825935d84b6beacbba7cd100f HTTP/1.0" 200 3056 "http://www.russiannavy.net/gallery/main.php?g2_view=core.ShowItem&g2_itemId=15530&g2_navId=xf205aa02" "Mozilla/4.0 (compatible; MSIE 6.0; Windows NT 5.1; SV1; .NET CLR 2.0.50727)" "www.russiannavy.net"
86.57.255.226 - - [30/Jun/2008:07:01:52 -0700] "GET /gallery/main.php?g2_view=core.DownloadItem&g2_itemId=16020&g2_serialNumber=2&g2_GALLERYSID=31829dd825935d84b6beacbba7cd100f HTTP/1.0" 200 3393 "http://www.russiannavy.net/gallery/main.php?g2_view=core.ShowItem&g2_itemId=15530&g2_navId=xf205aa02" "Mozilla/4.0 (compatible; MSIE 6.0; Windows NT 5.1; SV1; .NET CLR 2.0.50727)" "www.russiannavy.net"
86.57.255.226 - - [30/Jun/2008:07:01:53 -0700] "GET /gallery/main.php?g2_view=core.DownloadItem&g2_itemId=16025&g2_serialNumber=2&g2_GALLERYSID=31829dd825935d84b6beacbba7cd100f HTTP/1.0" 200 2977 "http://www.russiannavy.net/gallery/main.php?g2_view=core.ShowItem&g2_itemId=15530&g2_navId=xf205aa02" "Mozilla/4.0 (compatible; MSIE 6.0; Windows NT 5.1; SV1; .NET CLR 2.0.50727)" "www.russiannavy.net"
86.57.255.226 - - [30/Jun/2008:07:01:53 -0700] "GET /gallery/main.php?g2_view=core.DownloadItem&g2_itemId=16027&g2_serialNumber=2&g2_GALLERYSID=31829dd825935d84b6beacbba7cd100f HTTP/1.0" 200 3304 "http://www.russiannavy.net/gallery/main.php?g2_view=core.ShowItem&g2_itemId=15530&g2_navId=xf205aa02" "Mozilla/4.0 (compatible; MSIE 6.0; Windows NT 5.1; SV1; .NET CLR 2.0.50727)" "www.russiannavy.net"
86.57.255.226 - - [30/Jun/2008:07:01:53 -0700] "GET /gallery/main.php?g2_view=core.DownloadItem&g2_itemId=16031&g2_serialNumber=2&g2_GALLERYSID=31829dd825935d84b6beacbba7cd100f HTTP/1.0" 200 4806 "http://www.russiannavy.net/gallery/main.php?g2_view=core.ShowItem&g2_itemId=15530&g2_navId=xf205aa02" "Mozilla/4.0 (compatible; MSIE 6.0; Windows NT 5.1; SV1; .NET CLR 2.0.50727)" "www.russiannavy.net"
86.57.255.226 - - [30/Jun/2008:07:01:53 -0700] "GET /gallery/main.php?g2_view=core.DownloadItem&g2_itemId=16035&g2_serialNumber=2&g2_GALLERYSID=31829dd825935d84b6beacbba7cd100f HTTP/1.0" 200 3428 "http://www.russiannavy.net/gallery/main.php?g2_view=core.ShowItem&g2_itemId=15530&g2_navId=xf205aa02" "Mozilla/4.0 (compatible; MSIE 6.0; Windows NT 5.1; SV1; .NET CLR 2.0.50727)" "www.russiannavy.net"
86.57.255.226 - - [30/Jun/2008:07:01:54 -0700] "GET /gallery/main.php?g2_view=core.DownloadItem&g2_itemId=16029&g2_serialNumber=2&g2_GALLERYSID=31829dd825935d84b6beacbba7cd100f HTTP/1.0" 200 3292 "http://www.russiannavy.net/gallery/main.php?g2_view=core.ShowItem&g2_itemId=15530&g2_navId=xf205aa02" "Mozilla/4.0 (compatible; MSIE 6.0; Windows NT 5.1; SV1; .NET CLR 2.0.50727)" "www.russiannavy.net"
86.57.255.226 - - [30/Jun/2008:07:01:54 -0700] "GET /gallery/main.php?g2_view=core.DownloadItem&g2_itemId=16037&g2_serialNumber=2&g2_GALLERYSID=31829dd825935d84b6beacbba7cd100f HTTP/1.0" 200 4530 "http://www.russiannavy.net/gallery/main.php?g2_view=core.ShowItem&g2_itemId=15530&g2_navId=xf205aa02" "Mozilla/4.0 (compatible; MSIE 6.0; Windows NT 5.1; SV1; .NET CLR 2.0.50727)" "www.russiannavy.net"
86.57.255.226 - - [30/Jun/2008:07:01:54 -0700] "GET /gallery/main.php?g2_view=core.DownloadItem&g2_itemId=16033&g2_serialNumber=2&g2_GALLERYSID=31829dd825935d84b6beacbba7cd100f HTTP/1.0" 200 3816 "http://www.russiannavy.net/gallery/main.php?g2_view=core.ShowItem&g2_itemId=15530&g2_navId=xf205aa02" "Mozilla/4.0 (compatible; MSIE 6.0; Windows NT 5.1; SV1; .NET CLR 2.0.50727)" "www.russiannavy.net"
86.57.255.226 - - [30/Jun/2008:07:01:54 -0700] "GET /gallery/main.php?g2_view=core.DownloadItem&g2_itemId=16041&g2_serialNumber=2&g2_GALLERYSID=31829dd825935d84b6beacbba7cd100f HTTP/1.0" 200 3403 "http://www.russiannavy.net/gallery/main.php?g2_view=core.ShowItem&g2_itemId=15530&g2_navId=xf205aa02" "Mozilla/4.0 (compatible; MSIE 6.0; Windows NT 5.1; SV1; .NET CLR 2.0.50727)" "www.russiannavy.net"
86.57.255.226 - - [30/Jun/2008:07:01:54 -0700] "GET /gallery/main.php?g2_view=core.DownloadItem&g2_itemId=16039&g2_serialNumber=2&g2_GALLERYSID=31829dd825935d84b6beacbba7cd100f HTTP/1.0" 200 3159 "http://www.russiannavy.net/gallery/main.php?g2_view=core.ShowItem&g2_itemId=15530&g2_navId=xf205aa02" "Mozilla/4.0 (compatible; MSIE 6.0; Windows NT 5.1; SV1; .NET CLR 2.0.50727)" "www.russiannavy.net"
86.57.255.226 - - [30/Jun/2008:07:01:55 -0700] "GET /gallery/main.php?g2_view=core.DownloadItem&g2_itemId=16047&g2_serialNumber=2&g2_GALLERYSID=31829dd825935d84b6beacbba7cd100f HTTP/1.0" 200 3380 "http://www.russiannavy.net/gallery/main.php?g2_view=core.ShowItem&g2_itemId=15530&g2_navId=xf205aa02" "Mozilla/4.0 (compatible; MSIE 6.0; Windows NT 5.1; SV1; .NET CLR 2.0.50727)" "www.russiannavy.net"
86.57.255.226 - - [30/Jun/2008:07:01:55 -0700] "GET /gallery/main.php?g2_view=core.DownloadItem&g2_itemId=16043&g2_serialNumber=2&g2_GALLERYSID=31829dd825935d84b6beacbba7cd100f HTTP/1.0" 200 4217 "http://www.russiannavy.net/gallery/main.php?g2_view=core.ShowItem&g2_itemId=15530&g2_navId=xf205aa02" "Mozilla/4.0 (compatible; MSIE 6.0; Windows NT 5.1; SV1; .NET CLR 2.0.50727)" "www.russiannavy.net"
86.57.255.226 - - [30/Jun/2008:07:01:55 -0700] "GET /gallery/main.php?g2_view=core.DownloadItem&g2_itemId=16045&g2_serialNumber=2&g2_GALLERYSID=31829dd825935d84b6beacbba7cd100f HTTP/1.0" 200 3080 "http://www.russiannavy.net/gallery/main.php?g2_view=core.ShowItem&g2_itemId=15530&g2_navId=xf205aa02" "Mozilla/4.0 (compatible; MSIE 6.0; Windows NT 5.1; SV1; .NET CLR 2.0.50727)" "www.russiannavy.net"
86.57.255.226 - - [30/Jun/2008:07:01:55 -0700] "GET /gallery/main.php?g2_view=core.DownloadItem&g2_itemId=16049&g2_serialNumber=2&g2_GALLERYSID=31829dd825935d84b6beacbba7cd100f HTTP/1.0" 200 3769 "http://www.russiannavy.net/gallery/main.php?g2_view=core.ShowItem&g2_itemId=15530&g2_navId=xf205aa02" "Mozilla/4.0 (compatible; MSIE 6.0; Windows NT 5.1; SV1; .NET CLR 2.0.50727)" "www.russiannavy.net"
86.57.255.226 - - [30/Jun/2008:07:01:55 -0700] "GET /gallery/main.php?g2_view=core.DownloadItem&g2_itemId=16053&g2_serialNumber=2&g2_GALLERYSID=31829dd825935d84b6beacbba7cd100f HTTP/1.0" 200 4950 "http://www.russiannavy.net/gallery/main.php?g2_view=core.ShowItem&g2_itemId=15530&g2_navId=xf205aa02" "Mozilla/4.0 (compatible; MSIE 6.0; Windows NT 5.1; SV1; .NET CLR 2.0.50727)" "www.russiannavy.net"
86.57.255.226 - - [30/Jun/2008:07:01:56 -0700] "GET /gallery/main.php?g2_view=core.DownloadItem&g2_itemId=16051&g2_serialNumber=2&g2_GALLERYSID=31829dd825935d84b6beacbba7cd100f HTTP/1.0" 200 5218 "http://www.russiannavy.net/gallery/main.php?g2_view=core.ShowItem&g2_itemId=15530&g2_navId=xf205aa02" "Mozilla/4.0 (compatible; MSIE 6.0; Windows NT 5.1; SV1; .NET CLR 2.0.50727)" "www.russiannavy.net"
86.57.255.226 - - [30/Jun/2008:07:01:56 -0700] "GET /gallery/main.php?g2_view=core.DownloadItem&g2_itemId=16055&g2_serialNumber=2&g2_GALLERYSID=31829dd825935d84b6beacbba7cd100f HTTP/1.0" 200 5946 "http://www.russiannavy.net/gallery/main.php?g2_view=core.ShowItem&g2_itemId=15530&g2_navId=xf205aa02" "Mozilla/4.0 (compatible; MSIE 6.0; Windows NT 5.1; SV1; .NET CLR 2.0.50727)" "www.russiannavy.net"
86.57.255.226 - - [30/Jun/2008:07:01:56 -0700] "GET /gallery/main.php?g2_view=core.DownloadItem&g2_itemId=16057&g2_serialNumber=2&g2_GALLERYSID=31829dd825935d84b6beacbba7cd100f HTTP/1.0" 200 5966 "http://www.russiannavy.net/gallery/main.php?g2_view=core.ShowItem&g2_itemId=15530&g2_navId=xf205aa02" "Mozilla/4.0 (compatible; MSIE 6.0; Windows NT 5.1; SV1; .NET CLR 2.0.50727)" "www.russiannavy.net"
86.57.255.226 - - [30/Jun/2008:07:01:56 -0700] "GET /gallery/main.php?g2_view=core.DownloadItem&g2_itemId=16059&g2_serialNumber=2&g2_GALLERYSID=31829dd825935d84b6beacbba7cd100f HTTP/1.0" 200 5041 "http://www.russiannavy.net/gallery/main.php?g2_view=core.ShowItem&g2_itemId=15530&g2_navId=xf205aa02" "Mozilla/4.0 (compatible; MSIE 6.0; Windows NT 5.1; SV1; .NET CLR 2.0.50727)" "www.russiannavy.net"
86.57.255.226 - - [30/Jun/2008:07:01:57 -0700] "GET /gallery/main.php?g2_view=core.DownloadItem&g2_itemId=16061&g2_serialNumber=2&g2_GALLERYSID=31829dd825935d84b6beacbba7cd100f HTTP/1.0" 200 4933 "http://www.russiannavy.net/gallery/main.php?g2_view=core.ShowItem&g2_itemId=15530&g2_navId=xf205aa02" "Mozilla/4.0 (compatible; MSIE 6.0; Windows NT 5.1; SV1; .NET CLR 2.0.50727)" "www.russiannavy.net"
86.57.255.226 - - [30/Jun/2008:07:01:57 -0700] "GET /gallery/main.php?g2_view=core.DownloadItem&g2_itemId=16063&g2_serialNumber=2&g2_GALLERYSID=31829dd825935d84b6beacbba7cd100f HTTP/1.0" 200 4675 "http://www.russiannavy.net/gallery/main.php?g2_view=core.ShowItem&g2_itemId=15530&g2_navId=xf205aa02" "Mozilla/4.0 (compatible; MSIE 6.0; Windows NT 5.1; SV1; .NET CLR 2.0.50727)" "www.russiannavy.net"
86.57.255.226 - - [30/Jun/2008:07:01:57 -0700] "GET /gallery/main.php?g2_view=core.DownloadItem&g2_itemId=16067&g2_serialNumber=2&g2_GALLERYSID=31829dd825935d84b6beacbba7cd100f HTTP/1.0" 200 4340 "http://www.russiannavy.net/gallery/main.php?g2_view=core.ShowItem&g2_itemId=15530&g2_navId=xf205aa02" "Mozilla/4.0 (compatible; MSIE 6.0; Windows NT 5.1; SV1; .NET CLR 2.0.50727)" "www.russiannavy.net"
86.57.255.226 - - [30/Jun/2008:07:01:57 -0700] "GET /gallery/main.php?g2_view=core.DownloadItem&g2_itemId=16065&g2_serialNumber=2&g2_GALLERYSID=31829dd825935d84b6beacbba7cd100f HTTP/1.0" 200 4694 "http://www.russiannavy.net/gallery/main.php?g2_view=core.ShowItem&g2_itemId=15530&g2_navId=xf205aa02" "Mozilla/4.0 (compatible; MSIE 6.0; Windows NT 5.1; SV1; .NET CLR 2.0.50727)" "www.russiannavy.net"
86.57.255.226 - - [30/Jun/2008:07:01:57 -0700] "GET /gallery/main.php?g2_view=core.DownloadItem&g2_itemId=16071&g2_serialNumber=2&g2_GALLERYSID=31829dd825935d84b6beacbba7cd100f HTTP/1.0" 200 3794 "http://www.russiannavy.net/gallery/main.php?g2_view=core.ShowItem&g2_itemId=15530&g2_navId=xf205aa02" "Mozilla/4.0 (compatible; MSIE 6.0; Windows NT 5.1; SV1; .NET CLR 2.0.50727)" "www.russiannavy.net"
86.57.255.226 - - [30/Jun/2008:07:01:58 -0700] "GET /gallery/main.php?g2_view=core.DownloadItem&g2_itemId=16069&g2_serialNumber=2&g2_GALLERYSID=31829dd825935d84b6beacbba7cd100f HTTP/1.0" 200 3684 "http://www.russiannavy.net/gallery/main.php?g2_view=core.ShowItem&g2_itemId=15530&g2_navId=xf205aa02" "Mozilla/4.0 (compatible; MSIE 6.0; Windows NT 5.1; SV1; .NET CLR 2.0.50727)" "www.russiannavy.net"
86.57.255.226 - - [30/Jun/2008:07:01:58 -0700] "GET /gallery/main.php?g2_view=core.DownloadItem&g2_itemId=16073&g2_serialNumber=2&g2_GALLERYSID=31829dd825935d84b6beacbba7cd100f HTTP/1.0" 200 4459 "http://www.russiannavy.net/gallery/main.php?g2_view=core.ShowItem&g2_itemId=15530&g2_navId=xf205aa02" "Mozilla/4.0 (compatible; MSIE 6.0; Windows NT 5.1; SV1; .NET CLR 2.0.50727)" "www.russiannavy.net"
86.57.255.226 - - [30/Jun/2008:07:01:58 -0700] "GET /gallery/main.php?g2_view=core.DownloadItem&g2_itemId=16075&g2_serialNumber=2&g2_GALLERYSID=31829dd825935d84b6beacbba7cd100f HTTP/1.0" 200 4087 "http://www.russiannavy.net/gallery/main.php?g2_view=core.ShowItem&g2_itemId=15530&g2_navId=xf205aa02" "Mozilla/4.0 (compatible; MSIE 6.0; Windows NT 5.1; SV1; .NET CLR 2.0.50727)" "www.russiannavy.net"
86.57.255.226 - - [30/Jun/2008:07:01:58 -0700] "GET /gallery/images/xhtml10.png HTTP/1.0" 200 321 "http://www.russiannavy.net/gallery/main.php?g2_view=core.ShowItem&g2_itemId=15530&g2_navId=xf205aa02" "Mozilla/4.0 (compatible; MSIE 6.0; Windows NT 5.1; SV1; .NET CLR 2.0.50727)" "www.russiannavy.net"
86.57.255.226 - - [30/Jun/2008:07:01:58 -0700] "GET /gallery/images/gallery.gif HTTP/1.0" 200 1180 "http://www.russiannavy.net/gallery/main.php?g2_view=core.ShowItem&g2_itemId=15530&g2_navId=xf205aa02" "Mozilla/4.0 (compatible; MSIE 6.0; Windows NT 5.1; SV1; .NET CLR 2.0.50727)" "www.russiannavy.net"
86.57.255.226 - - [30/Jun/2008:07:01:58 -0700] "GET /gallery/modules/core/data/g2-unpossible.png HTTP/1.0" 200 1255 "http://www.russiannavy.net/gallery/main.php?g2_view=core.ShowItem&g2_itemId=15530&g2_navId=xf205aa02" "Mozilla/4.0 (compatible; MSIE 6.0; Windows NT 5.1; SV1; .NET CLR 2.0.50727)" "www.russiannavy.net"
86.57.255.226 - - [30/Jun/2008:07:02:13 -0700] "GET /gallery/main.php?g2_view=core.ShowItem&g2_itemId=16022&g2_GALLERYSID=31829dd825935d84b6beacbba7cd100f&g2_navId=xf205aa02 HTTP/1.0" 200 3859 "http://www.russiannavy.net/gallery/main.php?g2_view=core.ShowItem&g2_itemId=15530&g2_navId=xf205aa02" "Mozilla/4.0 (compatible; MSIE 6.0; Windows NT 5.1; SV1; .NET CLR 2.0.50727)" "www.russiannavy.net"
86.57.255.226 - - [30/Jun/2008:07:02:14 -0700] "GET /gallery/main.php?g2_view=core.DownloadItem&g2_itemId=16022&g2_serialNumber=1 HTTP/1.0" 200 65629 "http://www.russiannavy.net/gallery/main.php?g2_view=core.ShowItem&g2_itemId=16022&g2_GALLERYSID=31829dd825935d84b6beacbba7cd100f&g2_navId=xf205aa02" "Mozilla/4.0 (compatible; MSIE 6.0; Windows NT 5.1; SV1; .NET CLR 2.0.50727)" "www.russiannavy.net"
74.6.18.228 - - [30/Jun/2008:07:02:24 -0700] "GET /photos/littlefield/old_visits/BTR-70/pages/IMG_0709.html HTTP/1.0" 200 2845 "-" "Mozilla/5.0 (compatible; Yahoo! Slurp; http://help.yahoo.com/help/us/ysearch/slurp)" "russiannavy.net"
86.57.255.226 - - [30/Jun/2008:07:02:45 -0700] "GET /gallery/main.php?g2_view=core.ShowItem&g2_itemId=16030&g2_GALLERYSID=31829dd825935d84b6beacbba7cd100f&g2_navId=xf205aa02 HTTP/1.0" 200 3859 "http://www.russiannavy.net/gallery/main.php?g2_view=core.ShowItem&g2_itemId=15530&g2_navId=xf205aa02" "Mozilla/4.0 (compatible; MSIE 6.0; Windows NT 5.1; SV1; .NET CLR 2.0.50727)" "www.russiannavy.net"
86.57.255.226 - - [30/Jun/2008:07:02:46 -0700] "GET /gallery/main.php?g2_view=core.DownloadItem&g2_itemId=16030&g2_serialNumber=1 HTTP/1.0" 200 193782 "http://www.russiannavy.net/gallery/main.php?g2_view=core.ShowItem&g2_itemId=16030&g2_GALLERYSID=31829dd825935d84b6beacbba7cd100f&g2_navId=xf205aa02" "Mozilla/4.0 (compatible; MSIE 6.0; Windows NT 5.1; SV1; .NET CLR 2.0.50727)" "www.russiannavy.net"
86.57.255.226 - - [30/Jun/2008:07:02:56 -0700] "GET /gallery/main.php?g2_view=core.ShowItem&g2_itemId=16034&g2_GALLERYSID=31829dd825935d84b6beacbba7cd100f&g2_navId=xf205aa02 HTTP/1.0" 200 3859 "http://www.russiannavy.net/gallery/main.php?g2_view=core.ShowItem&g2_itemId=15530&g2_navId=xf205aa02" "Mozilla/4.0 (compatible; MSIE 6.0; Windows NT 5.1; SV1; .NET CLR 2.0.50727)" "www.russiannavy.net"
86.57.255.226 - - [30/Jun/2008:07:02:57 -0700] "GET /gallery/main.php?g2_view=core.DownloadItem&g2_itemId=16034&g2_serialNumber=1 HTTP/1.0" 200 108691 "http://www.russiannavy.net/gallery/main.php?g2_view=core.ShowItem&g2_itemId=16034&g2_GALLERYSID=31829dd825935d84b6beacbba7cd100f&g2_navId=xf205aa02" "Mozilla/4.0 (compatible; MSIE 6.0; Windows NT 5.1; SV1; .NET CLR 2.0.50727)" "www.russiannavy.net"
86.57.255.226 - - [30/Jun/2008:07:03:12 -0700] "GET /gallery/main.php?g2_view=core.ShowItem&g2_itemId=16048&g2_GALLERYSID=31829dd825935d84b6beacbba7cd100f&g2_navId=xf205aa02 HTTP/1.0" 200 3860 "http://www.russiannavy.net/gallery/main.php?g2_view=core.ShowItem&g2_itemId=15530&g2_navId=xf205aa02" "Mozilla/4.0 (compatible; MSIE 6.0; Windows NT 5.1; SV1; .NET CLR 2.0.50727)" "www.russiannavy.net"
86.57.255.226 - - [30/Jun/2008:07:03:13 -0700] "GET /gallery/main.php?g2_view=core.DownloadItem&g2_itemId=16048&g2_serialNumber=1 HTTP/1.0" 200 142721 "http://www.russiannavy.net/gallery/main.php?g2_view=core.ShowItem&g2_itemId=16048&g2_GALLERYSID=31829dd825935d84b6beacbba7cd100f&g2_navId=xf205aa02" "Mozilla/4.0 (compatible; MSIE 6.0; Windows NT 5.1; SV1; .NET CLR 2.0.50727)" "www.russiannavy.net"
86.57.255.226 - - [30/Jun/2008:07:03:35 -0700] "GET /gallery/main.php?g2_view=core.ShowItem&g2_itemId=16050&g2_navId=xf205aa02 HTTP/1.0" 200 3860 "http://www.russiannavy.net/gallery/main.php?g2_view=core.ShowItem&g2_itemId=16048&g2_GALLERYSID=31829dd825935d84b6beacbba7cd100f&g2_navId=xf205aa02" "Mozilla/4.0 (compatible; MSIE 6.0; Windows NT 5.1; SV1; .NET CLR 2.0.50727)" "www.russiannavy.net"
86.57.255.226 - - [30/Jun/2008:07:03:36 -0700] "GET /gallery/main.php?g2_view=core.DownloadItem&g2_itemId=16050&g2_serialNumber=1 HTTP/1.0" 200 233041 "http://www.russiannavy.net/gallery/main.php?g2_view=core.ShowItem&g2_itemId=16050&g2_navId=xf205aa02" "Mozilla/4.0 (compatible; MSIE 6.0; Windows NT 5.1; SV1; .NET CLR 2.0.50727)" "www.russiannavy.net"
86.57.255.226 - - [30/Jun/2008:07:03:45 -0700] "GET /gallery/main.php?g2_view=core.ShowItem&g2_itemId=16052&g2_navId=xf205aa02 HTTP/1.0" 200 3860 "http://www.russiannavy.net/gallery/main.php?g2_view=core.ShowItem&g2_itemId=16050&g2_navId=xf205aa02" "Mozilla/4.0 (compatible; MSIE 6.0; Windows NT 5.1; SV1; .NET CLR 2.0.50727)" "www.russiannavy.net"
86.57.255.226 - - [30/Jun/2008:07:03:46 -0700] "GET /gallery/main.php?g2_view=core.DownloadItem&g2_itemId=16052&g2_serialNumber=1 HTTP/1.0" 200 201068 "http://www.russiannavy.net/gallery/main.php?g2_view=core.ShowItem&g2_itemId=16052&g2_navId=xf205aa02" "Mozilla/4.0 (compatible; MSIE 6.0; Windows NT 5.1; SV1; .NET CLR 2.0.50727)" "www.russiannavy.net"
86.57.255.226 - - [30/Jun/2008:07:03:53 -0700] "GET /gallery/main.php?g2_view=core.ShowItem&g2_itemId=16054&g2_navId=xf205aa02 HTTP/1.0" 200 3860 "http://www.russiannavy.net/gallery/main.php?g2_view=core.ShowItem&g2_itemId=16052&g2_navId=xf205aa02" "Mozilla/4.0 (compatible; MSIE 6.0; Windows NT 5.1; SV1; .NET CLR 2.0.50727)" "www.russiannavy.net"
86.57.255.226 - - [30/Jun/2008:07:03:56 -0700] "GET /gallery/main.php?g2_view=core.DownloadItem&g2_itemId=16054&g2_serialNumber=1 HTTP/1.0" 200 231348 "http://www.russiannavy.net/gallery/main.php?g2_view=core.ShowItem&g2_itemId=16054&g2_navId=xf205aa02" "Mozilla/4.0 (compatible; MSIE 6.0; Windows NT 5.1; SV1; .NET CLR 2.0.50727)" "www.russiannavy.net"
86.57.255.226 - - [30/Jun/2008:07:04:13 -0700] "GET /gallery/main.php?g2_view=core.ShowItem&g2_itemId=16056&g2_navId=xf205aa02 HTTP/1.0" 200 3860 "http://www.russiannavy.net/gallery/main.php?g2_view=core.ShowItem&g2_itemId=16054&g2_navId=xf205aa02" "Mozilla/4.0 (compatible; MSIE 6.0; Windows NT 5.1; SV1; .NET CLR 2.0.50727)" "www.russiannavy.net"
86.57.255.226 - - [30/Jun/2008:07:04:14 -0700] "GET /gallery/main.php?g2_view=core.DownloadItem&g2_itemId=16056&g2_serialNumber=1 HTTP/1.0" 200 268316 "http://www.russiannavy.net/gallery/main.php?g2_view=core.ShowItem&g2_itemId=16056&g2_navId=xf205aa02" "Mozilla/4.0 (compatible; MSIE 6.0; Windows NT 5.1; SV1; .NET CLR 2.0.50727)" "www.russiannavy.net"
86.57.255.226 - - [30/Jun/2008:07:04:23 -0700] "GET /gallery/main.php?g2_view=core.ShowItem&g2_itemId=16058&g2_navId=xf205aa02 HTTP/1.0" 200 3860 "http://www.russiannavy.net/gallery/main.php?g2_view=core.ShowItem&g2_itemId=16056&g2_navId=xf205aa02" "Mozilla/4.0 (compatible; MSIE 6.0; Windows NT 5.1; SV1; .NET CLR 2.0.50727)" "www.russiannavy.net"
86.57.255.226 - - [30/Jun/2008:07:04:24 -0700] "GET /gallery/main.php?g2_view=core.DownloadItem&g2_itemId=16058&g2_serialNumber=1 HTTP/1.0" 200 148568 "http://www.russiannavy.net/gallery/main.php?g2_view=core.ShowItem&g2_itemId=16058&g2_navId=xf205aa02" "Mozilla/4.0 (compatible; MSIE 6.0; Windows NT 5.1; SV1; .NET CLR 2.0.50727)" "www.russiannavy.net"
74.6.18.228 - - [30/Jun/2008:07:04:31 -0700] "GET /models/l-t/?N=A HTTP/1.0" 200 1742 "-" "Mozilla/5.0 (compatible; Yahoo! Slurp; http://help.yahoo.com/help/us/ysearch/slurp)" "russiannavy.net"
86.57.255.226 - - [30/Jun/2008:07:04:32 -0700] "GET /gallery/main.php?g2_view=core.ShowItem&g2_itemId=16060&g2_navId=xf205aa02 HTTP/1.0" 200 3860 "http://www.russiannavy.net/gallery/main.php?g2_view=core.ShowItem&g2_itemId=16058&g2_navId=xf205aa02" "Mozilla/4.0 (compatible; MSIE 6.0; Windows NT 5.1; SV1; .NET CLR 2.0.50727)" "www.russiannavy.net"
86.57.255.226 - - [30/Jun/2008:07:04:33 -0700] "GET /gallery/main.php?g2_view=core.DownloadItem&g2_itemId=16060&g2_serialNumber=1 HTTP/1.0" 200 142503 "http://www.russiannavy.net/gallery/main.php?g2_view=core.ShowItem&g2_itemId=16060&g2_navId=xf205aa02" "Mozilla/4.0 (compatible; MSIE 6.0; Windows NT 5.1; SV1; .NET CLR 2.0.50727)" "www.russiannavy.net"
86.57.255.226 - - [30/Jun/2008:07:04:38 -0700] "GET /gallery/main.php?g2_view=core.ShowItem&g2_itemId=16062&g2_navId=xf205aa02 HTTP/1.0" 200 3860 "http://www.russiannavy.net/gallery/main.php?g2_view=core.ShowItem&g2_itemId=16060&g2_navId=xf205aa02" "Mozilla/4.0 (compatible; MSIE 6.0; Windows NT 5.1; SV1; .NET CLR 2.0.50727)" "www.russiannavy.net"
86.57.255.226 - - [30/Jun/2008:07:04:39 -0700] "GET /gallery/main.php?g2_view=core.DownloadItem&g2_itemId=16062&g2_serialNumber=1 HTTP/1.0" 200 186233 "http://www.russiannavy.net/gallery/main.php?g2_view=core.ShowItem&g2_itemId=16062&g2_navId=xf205aa02" "Mozilla/4.0 (compatible; MSIE 6.0; Windows NT 5.1; SV1; .NET CLR 2.0.50727)" "www.russiannavy.net"
86.57.255.226 - - [30/Jun/2008:07:04:47 -0700] "GET /gallery/main.php?g2_view=core.ShowItem&g2_itemId=16064&g2_navId=xf205aa02 HTTP/1.0" 200 3860 "http://www.russiannavy.net/gallery/main.php?g2_view=core.ShowItem&g2_itemId=16062&g2_navId=xf205aa02" "Mozilla/4.0 (compatible; MSIE 6.0; Windows NT 5.1; SV1; .NET CLR 2.0.50727)" "www.russiannavy.net"
86.57.255.226 - - [30/Jun/2008:07:04:48 -0700] "GET /gallery/main.php?g2_view=core.DownloadItem&g2_itemId=16064&g2_serialNumber=1 HTTP/1.0" 200 197127 "http://www.russiannavy.net/gallery/main.php?g2_view=core.ShowItem&g2_itemId=16064&g2_navId=xf205aa02" "Mozilla/4.0 (compatible; MSIE 6.0; Windows NT 5.1; SV1; .NET CLR 2.0.50727)" "www.russiannavy.net"
86.57.255.226 - - [30/Jun/2008:07:04:57 -0700] "GET /gallery/main.php?g2_view=core.ShowItem&g2_itemId=16066&g2_navId=xf205aa02 HTTP/1.0" 200 3860 "http://www.russiannavy.net/gallery/main.php?g2_view=core.ShowItem&g2_itemId=16064&g2_navId=xf205aa02" "Mozilla/4.0 (compatible; MSIE 6.0; Windows NT 5.1; SV1; .NET CLR 2.0.50727)" "www.russiannavy.net"
86.57.255.226 - - [30/Jun/2008:07:04:58 -0700] "GET /gallery/main.php?g2_view=core.DownloadItem&g2_itemId=16066&g2_serialNumber=1 HTTP/1.0" 200 124445 "http://www.russiannavy.net/gallery/main.php?g2_view=core.ShowItem&g2_itemId=16066&g2_navId=xf205aa02" "Mozilla/4.0 (compatible; MSIE 6.0; Windows NT 5.1; SV1; .NET CLR 2.0.50727)" "www.russiannavy.net"
86.57.255.226 - - [30/Jun/2008:07:05:15 -0700] "GET /gallery/main.php?g2_view=core.ShowItem&g2_itemId=16068&g2_navId=xf205aa02 HTTP/1.0" 200 3860 "http://www.russiannavy.net/gallery/main.php?g2_view=core.ShowItem&g2_itemId=16066&g2_navId=xf205aa02" "Mozilla/4.0 (compatible; MSIE 6.0; Windows NT 5.1; SV1; .NET CLR 2.0.50727)" "www.russiannavy.net"
86.57.255.226 - - [30/Jun/2008:07:05:16 -0700] "GET /gallery/main.php?g2_view=core.DownloadItem&g2_itemId=16068&g2_serialNumber=1 HTTP/1.0" 200 106184 "http://www.russiannavy.net/gallery/main.php?g2_view=core.ShowItem&g2_itemId=16068&g2_navId=xf205aa02" "Mozilla/4.0 (compatible; MSIE 6.0; Windows NT 5.1; SV1; .NET CLR 2.0.50727)" "www.russiannavy.net"
86.57.255.226 - - [30/Jun/2008:07:05:26 -0700] "GET /gallery/main.php?g2_view=slideshow.Slideshow&g2_itemId=16068 HTTP/1.0" 200 60958 "http://www.russiannavy.net/gallery/main.php?g2_view=core.ShowItem&g2_itemId=16068&g2_navId=xf205aa02" "Mozilla/4.0 (compatible; MSIE 6.0; Windows NT 5.1; SV1; .NET CLR 2.0.50727)" "www.russiannavy.net"
86.57.255.226 - - [30/Jun/2008:07:05:28 -0700] "GET /gallery/main.php?g2_view=core.DownloadItem&g2_itemId=16069&g2_serialNumber=2 HTTP/1.0" 200 3684 "http://www.russiannavy.net/gallery/main.php?g2_view=slideshow.Slideshow&g2_itemId=16068" "Mozilla/4.0 (compatible; MSIE 6.0; Windows NT 5.1; SV1; .NET CLR 2.0.50727)" "www.russiannavy.net"
86.57.255.226 - - [30/Jun/2008:07:05:29 -0700] "GET /gallery/main.php?g2_view=core.DownloadItem&g2_itemId=16071&g2_serialNumber=2 HTTP/1.0" 200 3794 "http://www.russiannavy.net/gallery/main.php?g2_view=slideshow.Slideshow&g2_itemId=16068" "Mozilla/4.0 (compatible; MSIE 6.0; Windows NT 5.1; SV1; .NET CLR 2.0.50727)" "www.russiannavy.net"
86.57.255.226 - - [30/Jun/2008:07:05:43 -0700] "GET /gallery/main.php?g2_view=core.ShowItem&g2_itemId=16066&g2_navId=xf205aa02 HTTP/1.0" 200 3860 "http://www.russiannavy.net/gallery/main.php?g2_view=core.ShowItem&g2_itemId=16068&g2_navId=xf205aa02" "Mozilla/4.0 (compatible; MSIE 6.0; Windows NT 5.1; SV1; .NET CLR 2.0.50727)" "www.russiannavy.net"
86.57.255.226 - - [30/Jun/2008:07:05:51 -0700] "GET /gallery/main.php?g2_view=core.ShowItem&g2_itemId=16068&g2_navId=xf205aa02 HTTP/1.0" 200 3860 "http://www.russiannavy.net/gallery/main.php?g2_view=core.ShowItem&g2_itemId=16066&g2_navId=xf205aa02" "Mozilla/4.0 (compatible; MSIE 6.0; Windows NT 5.1; SV1; .NET CLR 2.0.50727)" "www.russiannavy.net"
86.57.255.226 - - [30/Jun/2008:07:05:55 -0700] "GET /gallery/main.php?g2_view=core.ShowItem&g2_itemId=16070&g2_navId=xf205aa02 HTTP/1.0" 200 3858 "http://www.russiannavy.net/gallery/main.php?g2_view=core.ShowItem&g2_itemId=16068&g2_navId=xf205aa02" "Mozilla/4.0 (compatible; MSIE 6.0; Windows NT 5.1; SV1; .NET CLR 2.0.50727)" "www.russiannavy.net"
86.57.255.226 - - [30/Jun/2008:07:05:55 -0700] "GET /gallery/main.php?g2_view=core.DownloadItem&g2_itemId=16070&g2_serialNumber=1 HTTP/1.0" 200 64799 "http://www.russiannavy.net/gallery/main.php?g2_view=core.ShowItem&g2_itemId=16070&g2_navId=xf205aa02" "Mozilla/4.0 (compatible; MSIE 6.0; Windows NT 5.1; SV1; .NET CLR 2.0.50727)" "www.russiannavy.net"
86.57.255.226 - - [30/Jun/2008:07:06:05 -0700] "GET /gallery/main.php?g2_view=core.ShowItem&g2_itemId=16072&g2_navId=xf205aa02 HTTP/1.0" 200 3858 "http://www.russiannavy.net/gallery/main.php?g2_view=core.ShowItem&g2_itemId=16070&g2_navId=xf205aa02" "Mozilla/4.0 (compatible; MSIE 6.0; Windows NT 5.1; SV1; .NET CLR 2.0.50727)" "www.russiannavy.net"
86.57.255.226 - - [30/Jun/2008:07:06:06 -0700] "GET /gallery/main.php?g2_view=core.DownloadItem&g2_itemId=16072&g2_serialNumber=1 HTTP/1.0" 200 60933 "http://www.russiannavy.net/gallery/main.php?g2_view=core.ShowItem&g2_itemId=16072&g2_navId=xf205aa02" "Mozilla/4.0 (compatible; MSIE 6.0; Windows NT 5.1; SV1; .NET CLR 2.0.50727)" "www.russiannavy.net"
86.57.255.226 - - [30/Jun/2008:07:06:15 -0700] "GET /gallery/main.php?g2_view=core.ShowItem&g2_itemId=16074&g2_navId=xf205aa02 HTTP/1.0" 200 3860 "http://www.russiannavy.net/gallery/main.php?g2_view=core.ShowItem&g2_itemId=16072&g2_navId=xf205aa02" "Mozilla/4.0 (compatible; MSIE 6.0; Windows NT 5.1; SV1; .NET CLR 2.0.50727)" "www.russiannavy.net"
86.57.255.226 - - [30/Jun/2008:07:06:17 -0700] "GET /gallery/main.php?g2_view=core.DownloadItem&g2_itemId=16074&g2_serialNumber=1 HTTP/1.0" 200 116198 "http://www.russiannavy.net/gallery/main.php?g2_view=core.ShowItem&g2_itemId=16074&g2_navId=xf205aa02" "Mozilla/4.0 (compatible; MSIE 6.0; Windows NT 5.1; SV1; .NET CLR 2.0.50727)" "www.russiannavy.net"
86.57.255.226 - - [30/Jun/2008:07:06:28 -0700] "GET /gallery/main.php?g2_view=core.ShowItem&g2_itemId=16076&g2_navId=xf205aa02 HTTP/1.0" 200 3858 "http://www.russiannavy.net/gallery/main.php?g2_view=core.ShowItem&g2_itemId=16074&g2_navId=xf205aa02" "Mozilla/4.0 (compatible; MSIE 6.0; Windows NT 5.1; SV1; .NET CLR 2.0.50727)" "www.russiannavy.net"
86.57.255.226 - - [30/Jun/2008:07:06:29 -0700] "GET /gallery/main.php?g2_view=core.DownloadItem&g2_itemId=16076&g2_serialNumber=1 HTTP/1.0" 200 40137 "http://www.russiannavy.net/gallery/main.php?g2_view=core.ShowItem&g2_itemId=16076&g2_navId=xf205aa02" "Mozilla/4.0 (compatible; MSIE 6.0; Windows NT 5.1; SV1; .NET CLR 2.0.50727)" "www.russiannavy.net"
86.57.255.226 - - [30/Jun/2008:07:06:37 -0700] "GET /gallery/main.php?g2_view=core.ShowItem&g2_itemId=16078&g2_navId=xf205aa02 HTTP/1.0" 200 3860 "http://www.russiannavy.net/gallery/main.php?g2_view=core.ShowItem&g2_itemId=16076&g2_navId=xf205aa02" "Mozilla/4.0 (compatible; MSIE 6.0; Windows NT 5.1; SV1; .NET CLR 2.0.50727)" "www.russiannavy.net"
86.57.255.226 - - [30/Jun/2008:07:06:39 -0700] "GET /gallery/main.php?g2_view=core.DownloadItem&g2_itemId=16078&g2_serialNumber=1 HTTP/1.0" 200 76963 "http://www.russiannavy.net/gallery/main.php?g2_view=core.ShowItem&g2_itemId=16078&g2_navId=xf205aa02" "Mozilla/4.0 (compatible; MSIE 6.0; Windows NT 5.1; SV1; .NET CLR 2.0.50727)" "www.russiannavy.net"
86.57.255.226 - - [30/Jun/2008:07:06:50 -0700] "GET /gallery/main.php?g2_view=core.ShowItem&g2_itemId=16080&g2_navId=xf205aa02 HTTP/1.0" 200 3860 "http://www.russiannavy.net/gallery/main.php?g2_view=core.ShowItem&g2_itemId=16078&g2_navId=xf205aa02" "Mozilla/4.0 (compatible; MSIE 6.0; Windows NT 5.1; SV1; .NET CLR 2.0.50727)" "www.russiannavy.net"
86.57.255.226 - - [30/Jun/2008:07:06:54 -0700] "GET /gallery/main.php?g2_view=core.DownloadItem&g2_itemId=16080&g2_serialNumber=1 HTTP/1.0" 200 79627 "http://www.russiannavy.net/gallery/main.php?g2_view=core.ShowItem&g2_itemId=16080&g2_navId=xf205aa02" "Mozilla/4.0 (compatible; MSIE 6.0; Windows NT 5.1; SV1; .NET CLR 2.0.50727)" "www.russiannavy.net"
86.57.255.226 - - [30/Jun/2008:07:06:59 -0700] "GET /gallery/main.php?g2_view=core.ShowItem&g2_itemId=16082&g2_navId=xf205aa02 HTTP/1.0" 200 3860 "http://www.russiannavy.net/gallery/main.php?g2_view=core.ShowItem&g2_itemId=16080&g2_navId=xf205aa02" "Mozilla/4.0 (compatible; MSIE 6.0; Windows NT 5.1; SV1; .NET CLR 2.0.50727)" "www.russiannavy.net"
86.57.255.226 - - [30/Jun/2008:07:07:07 -0700] "GET /gallery/main.php?g2_view=core.DownloadItem&g2_itemId=16082&g2_serialNumber=1 HTTP/1.0" 200 72169 "http://www.russiannavy.net/gallery/main.php?g2_view=core.ShowItem&g2_itemId=16082&g2_navId=xf205aa02" "Mozilla/4.0 (compatible; MSIE 6.0; Windows NT 5.1; SV1; .NET CLR 2.0.50727)" "www.russiannavy.net"
74.6.18.228 - - [30/Jun/2008:07:07:11 -0700] "GET /photos/mariks_party/pages/IMGP7710.htm HTTP/1.0" 200 4210 "-" "Mozilla/5.0 (compatible; Yahoo! Slurp; http://help.yahoo.com/help/us/ysearch/slurp)" "russiannavy.net"
86.57.255.226 - - [30/Jun/2008:07:07:15 -0700] "GET /gallery/main.php?g2_view=core.ShowItem&g2_itemId=16084&g2_navId=xf205aa02 HTTP/1.0" 200 3860 "http://www.russiannavy.net/gallery/main.php?g2_view=core.ShowItem&g2_itemId=16082&g2_navId=xf205aa02" "Mozilla/4.0 (compatible; MSIE 6.0; Windows NT 5.1; SV1; .NET CLR 2.0.50727)" "www.russiannavy.net"
86.57.255.226 - - [30/Jun/2008:07:07:16 -0700] "GET /gallery/main.php?g2_view=core.DownloadItem&g2_itemId=16084&g2_serialNumber=1 HTTP/1.0" 200 76560 "http://www.russiannavy.net/gallery/main.php?g2_view=core.ShowItem&g2_itemId=16084&g2_navId=xf205aa02" "Mozilla/4.0 (compatible; MSIE 6.0; Windows NT 5.1; SV1; .NET CLR 2.0.50727)" "www.russiannavy.net"
86.57.255.226 - - [30/Jun/2008:07:07:22 -0700] "GET /gallery/main.php?g2_view=core.ShowItem&g2_itemId=16086&g2_navId=xf205aa02 HTTP/1.0" 200 3860 "http://www.russiannavy.net/gallery/main.php?g2_view=core.ShowItem&g2_itemId=16084&g2_navId=xf205aa02" "Mozilla/4.0 (compatible; MSIE 6.0; Windows NT 5.1; SV1; .NET CLR 2.0.50727)" "www.russiannavy.net"
86.57.255.226 - - [30/Jun/2008:07:07:24 -0700] "GET /gallery/main.php?g2_view=core.DownloadItem&g2_itemId=16086&g2_serialNumber=1 HTTP/1.0" 200 73170 "http://www.russiannavy.net/gallery/main.php?g2_view=core.ShowItem&g2_itemId=16086&g2_navId=xf205aa02" "Mozilla/4.0 (compatible; MSIE 6.0; Windows NT 5.1; SV1; .NET CLR 2.0.50727)" "www.russiannavy.net"
86.57.255.226 - - [30/Jun/2008:07:07:37 -0700] "GET /gallery/main.php?g2_view=core.ShowItem&g2_itemId=16088&g2_navId=xf205aa02 HTTP/1.0" 200 3860 "http://www.russiannavy.net/gallery/main.php?g2_view=core.ShowItem&g2_itemId=16086&g2_navId=xf205aa02" "Mozilla/4.0 (compatible; MSIE 6.0; Windows NT 5.1; SV1; .NET CLR 2.0.50727)" "www.russiannavy.net"
86.57.255.226 - - [30/Jun/2008:07:07:38 -0700] "GET /gallery/main.php?g2_view=core.DownloadItem&g2_itemId=16088&g2_serialNumber=1 HTTP/1.0" 200 59653 "http://www.russiannavy.net/gallery/main.php?g2_view=core.ShowItem&g2_itemId=16088&g2_navId=xf205aa02" "Mozilla/4.0 (compatible; MSIE 6.0; Windows NT 5.1; SV1; .NET CLR 2.0.50727)" "www.russiannavy.net"
86.57.255.226 - - [30/Jun/2008:07:07:44 -0700] "GET /gallery/main.php?g2_view=core.ShowItem&g2_itemId=16090&g2_navId=xf205aa02 HTTP/1.0" 200 3860 "http://www.russiannavy.net/gallery/main.php?g2_view=core.ShowItem&g2_itemId=16088&g2_navId=xf205aa02" "Mozilla/4.0 (compatible; MSIE 6.0; Windows NT 5.1; SV1; .NET CLR 2.0.50727)" "www.russiannavy.net"
86.57.255.226 - - [30/Jun/2008:07:07:45 -0700] "GET /gallery/main.php?g2_view=core.DownloadItem&g2_itemId=16090&g2_serialNumber=1 HTTP/1.0" 200 126417 "http://www.russiannavy.net/gallery/main.php?g2_view=core.ShowItem&g2_itemId=16090&g2_navId=xf205aa02" "Mozilla/4.0 (compatible; MSIE 6.0; Windows NT 5.1; SV1; .NET CLR 2.0.50727)" "www.russiannavy.net"
86.57.255.226 - - [30/Jun/2008:07:07:50 -0700] "GET /gallery/main.php?g2_view=core.ShowItem&g2_itemId=16092&g2_navId=xf205aa02 HTTP/1.0" 200 3860 "http://www.russiannavy.net/gallery/main.php?g2_view=core.ShowItem&g2_itemId=16090&g2_navId=xf205aa02" "Mozilla/4.0 (compatible; MSIE 6.0; Windows NT 5.1; SV1; .NET CLR 2.0.50727)" "www.russiannavy.net"
86.57.255.226 - - [30/Jun/2008:07:07:51 -0700] "GET /gallery/main.php?g2_view=core.DownloadItem&g2_itemId=16092&g2_serialNumber=1 HTTP/1.0" 200 80326 "http://www.russiannavy.net/gallery/main.php?g2_view=core.ShowItem&g2_itemId=16092&g2_navId=xf205aa02" "Mozilla/4.0 (compatible; MSIE 6.0; Windows NT 5.1; SV1; .NET CLR 2.0.50727)" "www.russiannavy.net"
86.57.255.226 - - [30/Jun/2008:07:07:57 -0700] "GET /gallery/main.php?g2_view=core.ShowItem&g2_itemId=16094&g2_navId=xf205aa02 HTTP/1.0" 200 3860 "http://www.russiannavy.net/gallery/main.php?g2_view=core.ShowItem&g2_itemId=16092&g2_navId=xf205aa02" "Mozilla/4.0 (compatible; MSIE 6.0; Windows NT 5.1; SV1; .NET CLR 2.0.50727)" "www.russiannavy.net"
86.57.255.226 - - [30/Jun/2008:07:07:58 -0700] "GET /gallery/main.php?g2_view=core.DownloadItem&g2_itemId=16094&g2_serialNumber=1 HTTP/1.0" 200 127855 "http://www.russiannavy.net/gallery/main.php?g2_view=core.ShowItem&g2_itemId=16094&g2_navId=xf205aa02" "Mozilla/4.0 (compatible; MSIE 6.0; Windows NT 5.1; SV1; .NET CLR 2.0.50727)" "www.russiannavy.net"
86.57.255.226 - - [30/Jun/2008:07:08:05 -0700] "GET /gallery/main.php?g2_view=core.ShowItem&g2_itemId=16096&g2_navId=xf205aa02 HTTP/1.0" 200 3860 "http://www.russiannavy.net/gallery/main.php?g2_view=core.ShowItem&g2_itemId=16094&g2_navId=xf205aa02" "Mozilla/4.0 (compatible; MSIE 6.0; Windows NT 5.1; SV1; .NET CLR 2.0.50727)" "www.russiannavy.net"
86.57.255.226 - - [30/Jun/2008:07:08:05 -0700] "GET /gallery/main.php?g2_view=core.DownloadItem&g2_itemId=16096&g2_serialNumber=1 HTTP/1.0" 200 102338 "http://www.russiannavy.net/gallery/main.php?g2_view=core.ShowItem&g2_itemId=16096&g2_navId=xf205aa02" "Mozilla/4.0 (compatible; MSIE 6.0; Windows NT 5.1; SV1; .NET CLR 2.0.50727)" "www.russiannavy.net"
86.57.255.226 - - [30/Jun/2008:07:08:11 -0700] "GET /gallery/main.php?g2_view=core.ShowItem&g2_itemId=16098&g2_navId=xf205aa02 HTTP/1.0" 200 3860 "http://www.russiannavy.net/gallery/main.php?g2_view=core.ShowItem&g2_itemId=16096&g2_navId=xf205aa02" "Mozilla/4.0 (compatible; MSIE 6.0; Windows NT 5.1; SV1; .NET CLR 2.0.50727)" "www.russiannavy.net"
86.57.255.226 - - [30/Jun/2008:07:08:12 -0700] "GET /gallery/main.php?g2_view=core.DownloadItem&g2_itemId=16098&g2_serialNumber=1 HTTP/1.0" 200 92295 "http://www.russiannavy.net/gallery/main.php?g2_view=core.ShowItem&g2_itemId=16098&g2_navId=xf205aa02" "Mozilla/4.0 (compatible; MSIE 6.0; Windows NT 5.1; SV1; .NET CLR 2.0.50727)" "www.russiannavy.net"
86.57.255.226 - - [30/Jun/2008:07:08:22 -0700] "GET /gallery/main.php?g2_view=core.ShowItem&g2_itemId=16100&g2_navId=xf205aa02 HTTP/1.0" 200 3860 "http://www.russiannavy.net/gallery/main.php?g2_view=core.ShowItem&g2_itemId=16098&g2_navId=xf205aa02" "Mozilla/4.0 (compatible; MSIE 6.0; Windows NT 5.1; SV1; .NET CLR 2.0.50727)" "www.russiannavy.net"
86.57.255.226 - - [30/Jun/2008:07:08:22 -0700] "GET /gallery/main.php?g2_view=core.DownloadItem&g2_itemId=16100&g2_serialNumber=1 HTTP/1.0" 200 113312 "http://www.russiannavy.net/gallery/main.php?g2_view=core.ShowItem&g2_itemId=16100&g2_navId=xf205aa02" "Mozilla/4.0 (compatible; MSIE 6.0; Windows NT 5.1; SV1; .NET CLR 2.0.50727)" "www.russiannavy.net"
