212.45.6.187 - - [02/Jul/2008:06:37:36 -0700] "GET /models/a-20/IMGP9378.jpg HTTP/1.1" 200 104645 "http://russiannavy.net/models/a-20/" "Mozilla/4.0 (compatible; MSIE 6.0; Windows NT 5.1; SV1; .NET CLR 1.1.4322; .NET CLR 2.0.50727)" "russiannavy.net"
212.45.6.187 - - [02/Jul/2008:06:37:48 -0700] "GET /models/a-20/ HTTP/1.1" 200 6008 "http://www.acemodel.com.ua/forum/viewtopic.php?t=1419&postdays=0&postorder=asc&start=15" "Mozilla/4.0 (compatible; MSIE 6.0; Windows NT 5.1; SV1; .NET CLR 1.1.4322; .NET CLR 2.0.50727)" "russiannavy.net"
212.45.6.187 - - [02/Jul/2008:06:37:50 -0700] "GET /models/a-20/IMGP9379.jpg HTTP/1.1" 200 119887 "http://russiannavy.net/models/a-20/" "Mozilla/4.0 (compatible; MSIE 6.0; Windows NT 5.1; SV1; .NET CLR 1.1.4322; .NET CLR 2.0.50727)" "russiannavy.net"
212.45.6.187 - - [02/Jul/2008:06:37:56 -0700] "GET /models/a-20/ HTTP/1.1" 200 6008 "http://www.acemodel.com.ua/forum/viewtopic.php?t=1419&postdays=0&postorder=asc&start=15" "Mozilla/4.0 (compatible; MSIE 6.0; Windows NT 5.1; SV1; .NET CLR 1.1.4322; .NET CLR 2.0.50727)" "russiannavy.net"
212.45.6.187 - - [02/Jul/2008:06:37:58 -0700] "GET /models/a-20/IMGP9380.jpg HTTP/1.1" 200 101383 "http://russiannavy.net/models/a-20/" "Mozilla/4.0 (compatible; MSIE 6.0; Windows NT 5.1; SV1; .NET CLR 1.1.4322; .NET CLR 2.0.50727)" "russiannavy.net"
212.45.6.187 - - [02/Jul/2008:06:38:01 -0700] "GET /models/a-20/ HTTP/1.1" 200 6008 "http://www.acemodel.com.ua/forum/viewtopic.php?t=1419&postdays=0&postorder=asc&start=15" "Mozilla/4.0 (compatible; MSIE 6.0; Windows NT 5.1; SV1; .NET CLR 1.1.4322; .NET CLR 2.0.50727)" "russiannavy.net"
212.45.6.187 - - [02/Jul/2008:06:38:03 -0700] "GET /models/a-20/IMGP9381.jpg HTTP/1.1" 200 103042 "http://russiannavy.net/models/a-20/" "Mozilla/4.0 (compatible; MSIE 6.0; Windows NT 5.1; SV1; .NET CLR 1.1.4322; .NET CLR 2.0.50727)" "russiannavy.net"
212.45.6.187 - - [02/Jul/2008:06:38:07 -0700] "GET /models/a-20/ HTTP/1.1" 200 6008 "http://www.acemodel.com.ua/forum/viewtopic.php?t=1419&postdays=0&postorder=asc&start=15" "Mozilla/4.0 (compatible; MSIE 6.0; Windows NT 5.1; SV1; .NET CLR 1.1.4322; .NET CLR 2.0.50727)" "russiannavy.net"
212.45.6.187 - - [02/Jul/2008:06:38:09 -0700] "GET /models/a-20/IMGP9382.jpg HTTP/1.1" 200 103713 "http://russiannavy.net/models/a-20/" "Mozilla/4.0 (compatible; MSIE 6.0; Windows NT 5.1; SV1; .NET CLR 1.1.4322; .NET CLR 2.0.50727)" "russiannavy.net"
212.45.6.187 - - [02/Jul/2008:06:38:15 -0700] "GET /models/a-20/ HTTP/1.1" 200 6008 "http://www.acemodel.com.ua/forum/viewtopic.php?t=1419&postdays=0&postorder=asc&start=15" "Mozilla/4.0 (compatible; MSIE 6.0; Windows NT 5.1; SV1; .NET CLR 1.1.4322; .NET CLR 2.0.50727)" "russiannavy.net"
212.45.6.187 - - [02/Jul/2008:06:38:17 -0700] "GET /models/a-20/IMGP9383.jpg HTTP/1.1" 200 92128 "http://russiannavy.net/models/a-20/" "Mozilla/4.0 (compatible; MSIE 6.0; Windows NT 5.1; SV1; .NET CLR 1.1.4322; .NET CLR 2.0.50727)" "russiannavy.net"
212.45.6.187 - - [02/Jul/2008:06:38:21 -0700] "GET /models/a-20/ HTTP/1.1" 200 6008 "http://www.acemodel.com.ua/forum/viewtopic.php?t=1419&postdays=0&postorder=asc&start=15" "Mozilla/4.0 (compatible; MSIE 6.0; Windows NT 5.1; SV1; .NET CLR 1.1.4322; .NET CLR 2.0.50727)" "russiannavy.net"
212.45.6.187 - - [02/Jul/2008:06:38:25 -0700] "GET /models/a-20/IMGP9384.jpg HTTP/1.1" 200 101407 "http://russiannavy.net/models/a-20/" "Mozilla/4.0 (compatible; MSIE 6.0; Windows NT 5.1; SV1; .NET CLR 1.1.4322; .NET CLR 2.0.50727)" "russiannavy.net"
212.45.6.187 - - [02/Jul/2008:06:38:28 -0700] "GET /models/a-20/ HTTP/1.1" 200 6008 "http://www.acemodel.com.ua/forum/viewtopic.php?t=1419&postdays=0&postorder=asc&start=15" "Mozilla/4.0 (compatible; MSIE 6.0; Windows NT 5.1; SV1; .NET CLR 1.1.4322; .NET CLR 2.0.50727)" "russiannavy.net"
212.45.6.187 - - [02/Jul/2008:06:38:30 -0700] "GET /models/a-20/IMGP9385.jpg HTTP/1.1" 200 112431 "http://russiannavy.net/models/a-20/" "Mozilla/4.0 (compatible; MSIE 6.0; Windows NT 5.1; SV1; .NET CLR 1.1.4322; .NET CLR 2.0.50727)" "russiannavy.net"
212.45.6.187 - - [02/Jul/2008:06:38:34 -0700] "GET /models/a-20/ HTTP/1.1" 200 6008 "http://www.acemodel.com.ua/forum/viewtopic.php?t=1419&postdays=0&postorder=asc&start=15" "Mozilla/4.0 (compatible; MSIE 6.0; Windows NT 5.1; SV1; .NET CLR 1.1.4322; .NET CLR 2.0.50727)" "russiannavy.net"
212.45.6.187 - - [02/Jul/2008:06:38:36 -0700] "GET /models/a-20/IMGP9386.jpg HTTP/1.1" 200 100839 "http://russiannavy.net/models/a-20/" "Mozilla/4.0 (compatible; MSIE 6.0; Windows NT 5.1; SV1; .NET CLR 1.1.4322; .NET CLR 2.0.50727)" "russiannavy.net"
212.45.6.187 - - [02/Jul/2008:06:38:43 -0700] "GET /models/a-20/ HTTP/1.1" 200 6008 "http://www.acemodel.com.ua/forum/viewtopic.php?t=1419&postdays=0&postorder=asc&start=15" "Mozilla/4.0 (compatible; MSIE 6.0; Windows NT 5.1; SV1; .NET CLR 1.1.4322; .NET CLR 2.0.50727)" "russiannavy.net"
212.45.6.187 - - [02/Jul/2008:06:38:45 -0700] "GET /models/a-20/IMGP9387.jpg HTTP/1.1" 200 82474 "http://russiannavy.net/models/a-20/" "Mozilla/4.0 (compatible; MSIE 6.0; Windows NT 5.1; SV1; .NET CLR 1.1.4322; .NET CLR 2.0.50727)" "russiannavy.net"
212.45.6.187 - - [02/Jul/2008:06:38:48 -0700] "GET /models/a-20/ HTTP/1.1" 200 6008 "http://www.acemodel.com.ua/forum/viewtopic.php?t=1419&postdays=0&postorder=asc&start=15" "Mozilla/4.0 (compatible; MSIE 6.0; Windows NT 5.1; SV1; .NET CLR 1.1.4322; .NET CLR 2.0.50727)" "russiannavy.net"
212.45.6.187 - - [02/Jul/2008:06:38:50 -0700] "GET /models/a-20/IMGP9388.jpg HTTP/1.1" 200 85649 "http://russiannavy.net/models/a-20/" "Mozilla/4.0 (compatible; MSIE 6.0; Windows NT 5.1; SV1; .NET CLR 1.1.4322; .NET CLR 2.0.50727)" "russiannavy.net"
212.45.6.187 - - [02/Jul/2008:06:38:53 -0700] "GET /models/a-20/ HTTP/1.1" 200 6008 "http://www.acemodel.com.ua/forum/viewtopic.php?t=1419&postdays=0&postorder=asc&start=15" "Mozilla/4.0 (compatible; MSIE 6.0; Windows NT 5.1; SV1; .NET CLR 1.1.4322; .NET CLR 2.0.50727)" "russiannavy.net"
212.45.6.187 - - [02/Jul/2008:06:38:56 -0700] "GET /models/a-20/IMGP9389.jpg HTTP/1.1" 200 86960 "http://russiannavy.net/models/a-20/" "Mozilla/4.0 (compatible; MSIE 6.0; Windows NT 5.1; SV1; .NET CLR 1.1.4322; .NET CLR 2.0.50727)" "russiannavy.net"
212.45.6.187 - - [02/Jul/2008:06:38:59 -0700] "GET /models/a-20/ HTTP/1.1" 200 6008 "http://www.acemodel.com.ua/forum/viewtopic.php?t=1419&postdays=0&postorder=asc&start=15" "Mozilla/4.0 (compatible; MSIE 6.0; Windows NT 5.1; SV1; .NET CLR 1.1.4322; .NET CLR 2.0.50727)" "russiannavy.net"
212.45.6.187 - - [02/Jul/2008:06:39:01 -0700] "GET /models/a-20/IMGP9390.jpg HTTP/1.1" 200 95012 "http://russiannavy.net/models/a-20/" "Mozilla/4.0 (compatible; MSIE 6.0; Windows NT 5.1; SV1; .NET CLR 1.1.4322; .NET CLR 2.0.50727)" "russiannavy.net"
212.45.6.187 - - [02/Jul/2008:06:39:05 -0700] "GET /models/a-20/ HTTP/1.1" 200 6008 "http://www.acemodel.com.ua/forum/viewtopic.php?t=1419&postdays=0&postorder=asc&start=15" "Mozilla/4.0 (compatible; MSIE 6.0; Windows NT 5.1; SV1; .NET CLR 1.1.4322; .NET CLR 2.0.50727)" "russiannavy.net"
212.45.6.187 - - [02/Jul/2008:06:39:07 -0700] "GET /models/a-20/IMGP9622.jpg HTTP/1.1" 200 71865 "http://russiannavy.net/models/a-20/" "Mozilla/4.0 (compatible; MSIE 6.0; Windows NT 5.1; SV1; .NET CLR 1.1.4322; .NET CLR 2.0.50727)" "russiannavy.net"
212.45.6.187 - - [02/Jul/2008:06:39:11 -0700] "GET /models/a-20/ HTTP/1.1" 200 6008 "http://www.acemodel.com.ua/forum/viewtopic.php?t=1419&postdays=0&postorder=asc&start=15" "Mozilla/4.0 (compatible; MSIE 6.0; Windows NT 5.1; SV1; .NET CLR 1.1.4322; .NET CLR 2.0.50727)" "russiannavy.net"
212.45.6.187 - - [02/Jul/2008:06:39:13 -0700] "GET /models/a-20/IMGP9623.jpg HTTP/1.1" 200 72444 "http://russiannavy.net/models/a-20/" "Mozilla/4.0 (compatible; MSIE 6.0; Windows NT 5.1; SV1; .NET CLR 1.1.4322; .NET CLR 2.0.50727)" "russiannavy.net"
212.45.6.187 - - [02/Jul/2008:06:39:16 -0700] "GET /models/a-20/ HTTP/1.1" 200 6008 "http://www.acemodel.com.ua/forum/viewtopic.php?t=1419&postdays=0&postorder=asc&start=15" "Mozilla/4.0 (compatible; MSIE 6.0; Windows NT 5.1; SV1; .NET CLR 1.1.4322; .NET CLR 2.0.50727)" "russiannavy.net"
212.45.6.187 - - [02/Jul/2008:06:39:18 -0700] "GET /models/a-20/IMGP9624.jpg HTTP/1.1" 200 76944 "http://russiannavy.net/models/a-20/" "Mozilla/4.0 (compatible; MSIE 6.0; Windows NT 5.1; SV1; .NET CLR 1.1.4322; .NET CLR 2.0.50727)" "russiannavy.net"
74.6.18.228 - - [02/Jul/2008:06:39:20 -0700] "GET /photos/square1/ HTTP/1.0" 200 3739 "-" "Mozilla/5.0 (compatible; Yahoo! Slurp; http://help.yahoo.com/help/us/ysearch/slurp)" "russiannavy.net"
212.45.6.187 - - [02/Jul/2008:06:39:21 -0700] "GET /models/a-20/ HTTP/1.1" 200 6008 "http://www.acemodel.com.ua/forum/viewtopic.php?t=1419&postdays=0&postorder=asc&start=15" "Mozilla/4.0 (compatible; MSIE 6.0; Windows NT 5.1; SV1; .NET CLR 1.1.4322; .NET CLR 2.0.50727)" "russiannavy.net"
212.45.6.187 - - [02/Jul/2008:06:39:23 -0700] "GET /models/a-20/IMGP9625.jpg HTTP/1.1" 200 90352 "http://russiannavy.net/models/a-20/" "Mozilla/4.0 (compatible; MSIE 6.0; Windows NT 5.1; SV1; .NET CLR 1.1.4322; .NET CLR 2.0.50727)" "russiannavy.net"
212.45.6.187 - - [02/Jul/2008:06:39:28 -0700] "GET /models/a-20/ HTTP/1.1" 200 6008 "http://www.acemodel.com.ua/forum/viewtopic.php?t=1419&postdays=0&postorder=asc&start=15" "Mozilla/4.0 (compatible; MSIE 6.0; Windows NT 5.1; SV1; .NET CLR 1.1.4322; .NET CLR 2.0.50727)" "russiannavy.net"
212.45.6.187 - - [02/Jul/2008:06:39:30 -0700] "GET /models/a-20/IMGP9626.jpg HTTP/1.1" 200 163735 "http://russiannavy.net/models/a-20/" "Mozilla/4.0 (compatible; MSIE 6.0; Windows NT 5.1; SV1; .NET CLR 1.1.4322; .NET CLR 2.0.50727)" "russiannavy.net"
212.45.6.187 - - [02/Jul/2008:06:39:35 -0700] "GET /models/a-20/ HTTP/1.1" 200 6008 "http://www.acemodel.com.ua/forum/viewtopic.php?t=1419&postdays=0&postorder=asc&start=15" "Mozilla/4.0 (compatible; MSIE 6.0; Windows NT 5.1; SV1; .NET CLR 1.1.4322; .NET CLR 2.0.50727)" "russiannavy.net"
212.45.6.187 - - [02/Jul/2008:06:39:37 -0700] "GET /models/a-20/IMGP9627.jpg HTTP/1.1" 200 161806 "http://russiannavy.net/models/a-20/" "Mozilla/4.0 (compatible; MSIE 6.0; Windows NT 5.1; SV1; .NET CLR 1.1.4322; .NET CLR 2.0.50727)" "russiannavy.net"
212.45.6.187 - - [02/Jul/2008:06:39:44 -0700] "GET /models/a-20/ HTTP/1.1" 200 6008 "http://www.acemodel.com.ua/forum/viewtopic.php?t=1419&postdays=0&postorder=asc&start=15" "Mozilla/4.0 (compatible; MSIE 6.0; Windows NT 5.1; SV1; .NET CLR 1.1.4322; .NET CLR 2.0.50727)" "russiannavy.net"
212.45.6.187 - - [02/Jul/2008:06:39:46 -0700] "GET /models/a-20/IMGP9628.jpg HTTP/1.1" 200 81117 "http://russiannavy.net/models/a-20/" "Mozilla/4.0 (compatible; MSIE 6.0; Windows NT 5.1; SV1; .NET CLR 1.1.4322; .NET CLR 2.0.50727)" "russiannavy.net"
212.45.6.187 - - [02/Jul/2008:06:39:50 -0700] "GET /models/a-20/ HTTP/1.1" 200 6008 "http://www.acemodel.com.ua/forum/viewtopic.php?t=1419&postdays=0&postorder=asc&start=15" "Mozilla/4.0 (compatible; MSIE 6.0; Windows NT 5.1; SV1; .NET CLR 1.1.4322; .NET CLR 2.0.50727)" "russiannavy.net"
212.45.6.187 - - [02/Jul/2008:06:39:52 -0700] "GET /models/a-20/IMGP9629.jpg HTTP/1.1" 200 79089 "http://russiannavy.net/models/a-20/" "Mozilla/4.0 (compatible; MSIE 6.0; Windows NT 5.1; SV1; .NET CLR 1.1.4322; .NET CLR 2.0.50727)" "russiannavy.net"
212.45.6.187 - - [02/Jul/2008:06:39:58 -0700] "GET /models/a-20/ HTTP/1.1" 200 6008 "http://www.acemodel.com.ua/forum/viewtopic.php?t=1419&postdays=0&postorder=asc&start=15" "Mozilla/4.0 (compatible; MSIE 6.0; Windows NT 5.1; SV1; .NET CLR 1.1.4322; .NET CLR 2.0.50727)" "russiannavy.net"
212.45.6.187 - - [02/Jul/2008:06:40:03 -0700] "GET /models/a-20/IMGP9630.jpg HTTP/1.1" 200 117315 "http://russiannavy.net/models/a-20/" "Mozilla/4.0 (compatible; MSIE 6.0; Windows NT 5.1; SV1; .NET CLR 1.1.4322; .NET CLR 2.0.50727)" "russiannavy.net"
212.45.6.187 - - [02/Jul/2008:06:40:07 -0700] "GET /models/a-20/ HTTP/1.1" 200 6008 "http://www.acemodel.com.ua/forum/viewtopic.php?t=1419&postdays=0&postorder=asc&start=15" "Mozilla/4.0 (compatible; MSIE 6.0; Windows NT 5.1; SV1; .NET CLR 1.1.4322; .NET CLR 2.0.50727)" "russiannavy.net"
212.45.6.187 - - [02/Jul/2008:06:40:09 -0700] "GET /models/a-20/IMGP9631.jpg HTTP/1.1" 200 116658 "http://russiannavy.net/models/a-20/" "Mozilla/4.0 (compatible; MSIE 6.0; Windows NT 5.1; SV1; .NET CLR 1.1.4322; .NET CLR 2.0.50727)" "russiannavy.net"
212.45.6.187 - - [02/Jul/2008:06:40:13 -0700] "GET /models/a-20/ HTTP/1.1" 200 6008 "http://www.acemodel.com.ua/forum/viewtopic.php?t=1419&postdays=0&postorder=asc&start=15" "Mozilla/4.0 (compatible; MSIE 6.0; Windows NT 5.1; SV1; .NET CLR 1.1.4322; .NET CLR 2.0.50727)" "russiannavy.net"
212.45.6.187 - - [02/Jul/2008:06:40:15 -0700] "GET /models/a-20/IMGP9632.jpg HTTP/1.1" 200 109375 "http://russiannavy.net/models/a-20/" "Mozilla/4.0 (compatible; MSIE 6.0; Windows NT 5.1; SV1; .NET CLR 1.1.4322; .NET CLR 2.0.50727)" "russiannavy.net"
212.45.6.187 - - [02/Jul/2008:06:40:19 -0700] "GET /models/a-20/ HTTP/1.1" 200 6008 "http://www.acemodel.com.ua/forum/viewtopic.php?t=1419&postdays=0&postorder=asc&start=15" "Mozilla/4.0 (compatible; MSIE 6.0; Windows NT 5.1; SV1; .NET CLR 1.1.4322; .NET CLR 2.0.50727)" "russiannavy.net"
212.45.6.187 - - [02/Jul/2008:06:40:22 -0700] "GET /models/a-20/IMGP9633.jpg HTTP/1.1" 200 58384 "http://russiannavy.net/models/a-20/" "Mozilla/4.0 (compatible; MSIE 6.0; Windows NT 5.1; SV1; .NET CLR 1.1.4322; .NET CLR 2.0.50727)" "russiannavy.net"
212.45.6.187 - - [02/Jul/2008:06:40:27 -0700] "GET /models/a-20/ HTTP/1.1" 200 6008 "http://www.acemodel.com.ua/forum/viewtopic.php?t=1419&postdays=0&postorder=asc&start=15" "Mozilla/4.0 (compatible; MSIE 6.0; Windows NT 5.1; SV1; .NET CLR 1.1.4322; .NET CLR 2.0.50727)" "russiannavy.net"
212.45.6.187 - - [02/Jul/2008:06:40:28 -0700] "GET /models/a-20/IMGP9634.jpg HTTP/1.1" 200 62781 "http://russiannavy.net/models/a-20/" "Mozilla/4.0 (compatible; MSIE 6.0; Windows NT 5.1; SV1; .NET CLR 1.1.4322; .NET CLR 2.0.50727)" "russiannavy.net"
212.45.6.187 - - [02/Jul/2008:06:40:39 -0700] "GET /models/a-20/ HTTP/1.1" 200 6008 "http://www.acemodel.com.ua/forum/viewtopic.php?t=1419&postdays=0&postorder=asc&start=15" "Mozilla/4.0 (compatible; MSIE 6.0; Windows NT 5.1; SV1; .NET CLR 1.1.4322; .NET CLR 2.0.50727)" "russiannavy.net"
212.45.6.187 - - [02/Jul/2008:06:40:41 -0700] "GET /models/a-20/IMGP9637s.jpg HTTP/1.1" 200 107360 "http://russiannavy.net/models/a-20/" "Mozilla/4.0 (compatible; MSIE 6.0; Windows NT 5.1; SV1; .NET CLR 1.1.4322; .NET CLR 2.0.50727)" "russiannavy.net"
212.45.6.187 - - [02/Jul/2008:06:40:49 -0700] "GET /models/a-20/ HTTP/1.1" 200 6008 "http://www.acemodel.com.ua/forum/viewtopic.php?t=1419&postdays=0&postorder=asc&start=15" "Mozilla/4.0 (compatible; MSIE 6.0; Windows NT 5.1; SV1; .NET CLR 1.1.4322; .NET CLR 2.0.50727)" "russiannavy.net"
212.45.6.187 - - [02/Jul/2008:06:40:51 -0700] "GET /models/a-20/IMGP9640s.jpg HTTP/1.1" 200 107325 "http://russiannavy.net/models/a-20/" "Mozilla/4.0 (compatible; MSIE 6.0; Windows NT 5.1; SV1; .NET CLR 1.1.4322; .NET CLR 2.0.50727)" "russiannavy.net"
212.45.6.187 - - [02/Jul/2008:06:40:56 -0700] "GET /models/a-20/ HTTP/1.1" 200 6008 "http://www.acemodel.com.ua/forum/viewtopic.php?t=1419&postdays=0&postorder=asc&start=15" "Mozilla/4.0 (compatible; MSIE 6.0; Windows NT 5.1; SV1; .NET CLR 1.1.4322; .NET CLR 2.0.50727)" "russiannavy.net"
212.45.6.187 - - [02/Jul/2008:06:40:58 -0700] "GET /models/a-20/IMGP9641s.jpg HTTP/1.1" 200 99388 "http://russiannavy.net/models/a-20/" "Mozilla/4.0 (compatible; MSIE 6.0; Windows NT 5.1; SV1; .NET CLR 1.1.4322; .NET CLR 2.0.50727)" "russiannavy.net"
212.45.6.187 - - [02/Jul/2008:06:41:07 -0700] "GET /models/a-20/ HTTP/1.1" 200 6008 "http://www.acemodel.com.ua/forum/viewtopic.php?t=1419&postdays=0&postorder=asc&start=15" "Mozilla/4.0 (compatible; MSIE 6.0; Windows NT 5.1; SV1; .NET CLR 1.1.4322; .NET CLR 2.0.50727)" "russiannavy.net"
212.45.6.187 - - [02/Jul/2008:06:41:09 -0700] "GET /models/a-20/IMGP9642s.jpg HTTP/1.1" 200 86588 "http://russiannavy.net/models/a-20/" "Mozilla/4.0 (compatible; MSIE 6.0; Windows NT 5.1; SV1; .NET CLR 1.1.4322; .NET CLR 2.0.50727)" "russiannavy.net"
212.45.6.187 - - [02/Jul/2008:06:41:24 -0700] "GET /models/a-20/ HTTP/1.1" 200 6008 "http://www.acemodel.com.ua/forum/viewtopic.php?t=1419&postdays=0&postorder=asc&start=15" "Mozilla/4.0 (compatible; MSIE 6.0; Windows NT 5.1; SV1; .NET CLR 1.1.4322; .NET CLR 2.0.50727)" "russiannavy.net"
212.45.6.187 - - [02/Jul/2008:06:41:26 -0700] "GET /models/a-20/IMGP9643s.jpg HTTP/1.1" 200 72142 "http://russiannavy.net/models/a-20/" "Mozilla/4.0 (compatible; MSIE 6.0; Windows NT 5.1; SV1; .NET CLR 1.1.4322; .NET CLR 2.0.50727)" "russiannavy.net"
212.45.6.187 - - [02/Jul/2008:06:42:14 -0700] "GET /models/a-20/IMGP9339.jpg HTTP/1.1" 200 49531 "http://www.acemodel.com.ua/forum/viewtopic.php?t=1419&postdays=0&postorder=asc&start=15" "Mozilla/4.0 (compatible; MSIE 6.0; Windows NT 5.1; SV1; .NET CLR 1.1.4322; .NET CLR 2.0.50727)" "russiannavy.net"
212.45.6.187 - - [02/Jul/2008:06:42:23 -0700] "GET /models/a-20/IMGP9340.jpg HTTP/1.1" 200 35007 "http://www.acemodel.com.ua/forum/viewtopic.php?t=1419&postdays=0&postorder=asc&start=15" "Mozilla/4.0 (compatible; MSIE 6.0; Windows NT 5.1; SV1; .NET CLR 1.1.4322; .NET CLR 2.0.50727)" "russiannavy.net"
212.45.6.187 - - [02/Jul/2008:06:43:59 -0700] "GET /models/a-20/IMGP9387.jpg HTTP/1.1" 200 82474 "http://www.acemodel.com.ua/forum/viewtopic.php?t=1419&sid=97b0749c6fbbd728c39c51a5d4a6dc57" "Mozilla/4.0 (compatible; MSIE 6.0; Windows NT 5.1; SV1; .NET CLR 1.1.4322; .NET CLR 2.0.50727)" "russiannavy.net"
212.45.6.187 - - [02/Jul/2008:06:43:59 -0700] "GET /models/a-20/IMGP9385.jpg HTTP/1.1" 200 112431 "http://www.acemodel.com.ua/forum/viewtopic.php?t=1419&sid=97b0749c6fbbd728c39c51a5d4a6dc57" "Mozilla/4.0 (compatible; MSIE 6.0; Windows NT 5.1; SV1; .NET CLR 1.1.4322; .NET CLR 2.0.50727)" "russiannavy.net"
74.6.18.228 - - [02/Jul/2008:06:47:39 -0700] "GET /photos/littlefield/old_visits/PT-76/pages/IMG_2299.html HTTP/1.0" 200 2319 "-" "Mozilla/5.0 (compatible; Yahoo! Slurp; http://help.yahoo.com/help/us/ysearch/slurp)" "russiannavy.net"
66.249.70.219 - - [02/Jul/2008:06:48:06 -0700] "GET /gallery/main.php?g2_view=core.ShowItem&g2_itemId=15748 HTTP/1.1" 200 2762 "-" "Mozilla/5.0 (compatible; Googlebot/2.1; +http://www.google.com/bot.html)" "russiannavy.net"
66.249.70.219 - - [02/Jul/2008:06:48:33 -0700] "GET /gallery/main.php?g2_view=core.ShowItem&g2_itemId=261 HTTP/1.1" 200 2756 "-" "Mozilla/5.0 (compatible; Googlebot/2.1; +http://www.google.com/bot.html)" "russiannavy.net"
66.249.70.219 - - [02/Jul/2008:06:49:14 -0700] "GET /photos/st_p_art_museum/pages/PICT0558.html HTTP/1.1" 304 - "-" "Mozilla/5.0 (compatible; Googlebot/2.1; +http://www.google.com/bot.html)" "russiannavy.net"
91.145.85.40 - - [02/Jul/2008:06:53:29 -0700] "GET /photos/misc/i11749-image-original.jpg HTTP/1.1" 200 295629 "http://www.militaryphotos.net/forums/showthread.php?t=99988&page=430" "Mozilla/5.0 (Windows; U; Windows NT 5.1; fi; rv:1.8.1.14) Gecko/20080404 Firefox/2.0.0.14" "russiannavy.net"
116.118.8.100 - - [02/Jul/2008:06:57:03 -0700] "GET /photos/misc/i11749-image-original.jpg HTTP/1.1" 200 295629 "http://www.bacduyenha.com/redirect.php?fid=116&tid=581&goto=nextoldset" "Mozilla/5.0 (Windows; U; Windows NT 5.1; en-US; rv:1.9) Gecko/2008051206 Firefox/3.0" "russiannavy.net"
74.6.18.228 - - [02/Jul/2008:07:00:54 -0700] "GET /photos/square1/pages/IMG_3802.html HTTP/1.0" 200 4195 "-" "Mozilla/5.0 (compatible; Yahoo! Slurp; http://help.yahoo.com/help/us/ysearch/slurp)" "russiannavy.net"
66.249.70.219 - - [02/Jul/2008:07:02:44 -0700] "GET /gallery/main.php?g2_view=core.ShowItem&g2_itemId=15724 HTTP/1.1" 200 2762 "-" "Mozilla/5.0 (compatible; Googlebot/2.1; +http://www.google.com/bot.html)" "russiannavy.net"
74.6.18.228 - - [02/Jul/2008:07:03:32 -0700] "GET /photos/st_p_art_museum/pages/PICT0494.html HTTP/1.0" 200 11723 "-" "Mozilla/5.0 (compatible; Yahoo! Slurp; http://help.yahoo.com/help/us/ysearch/slurp)" "russiannavy.net"
66.249.70.219 - - [02/Jul/2008:07:04:27 -0700] "GET /gallery/main.php?g2_view=core.ShowItem&g2_itemId=15567 HTTP/1.1" 200 2762 "-" "Mozilla/5.0 (compatible; Googlebot/2.1; +http://www.google.com/bot.html)" "russiannavy.net"
74.6.18.228 - - [02/Jul/2008:07:05:58 -0700] "GET /photos/st_p_art_museum/pages/PICT0499.html HTTP/1.0" 200 11723 "-" "Mozilla/5.0 (compatible; Yahoo! Slurp; http://help.yahoo.com/help/us/ysearch/slurp)" "russiannavy.net"
209.136.79.62 - - [02/Jul/2008:07:08:15 -0700] "GET /photos/st_p_art_museum/pages/PICT0693.html HTTP/1.1" 200 11728 "http://www.ww2f.com/weapons-wwii/23556-favorite-assault-gun-self-propelled-gun-2.html" "Mozilla/5.0 (Macintosh; U; PPC Mac OS X 10_4_11; en) AppleWebKit/525.18 (KHTML, like Gecko) Version/3.1.1 Safari/525.18" "russiannavy.net"
209.136.79.62 - - [02/Jul/2008:07:08:15 -0700] "GET /photos/st_p_art_museum/images/PICT0692.jpg HTTP/1.1" 200 125590 "http://www.ww2f.com/weapons-wwii/23556-favorite-assault-gun-self-propelled-gun-2.html" "Mozilla/5.0 (Macintosh; U; PPC Mac OS X 10_4_11; en) AppleWebKit/525.18 (KHTML, like Gecko) Version/3.1.1 Safari/525.18" "russiannavy.net"
66.249.70.219 - - [02/Jul/2008:07:10:25 -0700] "GET /photos/st_p_art_museum/thumbnails/PICT0498.jpg HTTP/1.1" 304 - "-" "Googlebot-Image/1.0" "russiannavy.net"
193.111.1.14 - - [02/Jul/2008:07:18:42 -0700] "GET /models/udarny/IMGP9512.jpg HTTP/1.1" 200 75922 "http://89.253.242.17/modules/forum/viewtopic.php?p=61866" "Opera/9.27 (Windows NT 5.1; U; ru)" "russiannavy.net"
193.111.1.14 - - [02/Jul/2008:07:18:42 -0700] "GET /models/udarny/IMGP9518s.jpg HTTP/1.1" 200 65984 "http://89.253.242.17/modules/forum/viewtopic.php?p=61866" "Opera/9.27 (Windows NT 5.1; U; ru)" "russiannavy.net"
193.111.1.14 - - [02/Jul/2008:07:18:44 -0700] "GET /models/udarny/IMGP9541s.jpg HTTP/1.1" 200 85810 "http://89.253.242.17/modules/forum/viewtopic.php?p=61866" "Opera/9.27 (Windows NT 5.1; U; ru)" "russiannavy.net"
193.111.1.14 - - [02/Jul/2008:07:18:45 -0700] "GET /models/udarny/IMGP9565s.jpg HTTP/1.1" 200 115587 "http://89.253.242.17/modules/forum/viewtopic.php?p=61866" "Opera/9.27 (Windows NT 5.1; U; ru)" "russiannavy.net"
193.111.1.14 - - [02/Jul/2008:07:18:48 -0700] "GET /models/udarny/IMGP9547s.jpg HTTP/1.1" 200 68490 "http://89.253.242.17/modules/forum/viewtopic.php?p=61866" "Opera/9.27 (Windows NT 5.1; U; ru)" "russiannavy.net"
193.111.1.14 - - [02/Jul/2008:07:18:49 -0700] "GET /models/udarny/IMGP9568s.jpg HTTP/1.1" 200 110524 "http://89.253.242.17/modules/forum/viewtopic.php?p=61866" "Opera/9.27 (Windows NT 5.1; U; ru)" "russiannavy.net"
74.6.18.228 - - [02/Jul/2008:07:21:37 -0700] "GET /photos/littlefield/Sept_2004/Scorpion/ HTTP/1.0" 200 1717 "-" "Mozilla/5.0 (compatible; Yahoo! Slurp; http://help.yahoo.com/help/us/ysearch/slurp)" "russiannavy.net"
74.6.18.228 - - [02/Jul/2008:07:24:45 -0700] "GET /photos/st_p_art_museum/pages/PICT0607.html HTTP/1.0" 200 11727 "-" "Mozilla/5.0 (compatible; Yahoo! Slurp; http://help.yahoo.com/help/us/ysearch/slurp)" "russiannavy.net"
66.249.70.219 - - [02/Jul/2008:07:27:58 -0700] "GET /photos/st_p_art_museum/pages/PICT0599.html HTTP/1.1" 304 - "-" "Mozilla/5.0 (compatible; Googlebot/2.1; +http://www.google.com/bot.html)" "russiannavy.net"
74.6.18.228 - - [02/Jul/2008:07:31:09 -0700] "GET /models/monomakh/?N=A HTTP/1.0" 200 3429 "-" "Mozilla/5.0 (compatible; Yahoo! Slurp; http://help.yahoo.com/help/us/ysearch/slurp)" "russiannavy.net"
74.6.18.228 - - [02/Jul/2008:07:37:22 -0700] "GET /photos/littlefield/old_visits/Matilda/pages/IMG_2172.html HTTP/1.0" 200 2550 "-" "Mozilla/5.0 (compatible; Yahoo! Slurp; http://help.yahoo.com/help/us/ysearch/slurp)" "russiannavy.net"
66.249.70.219 - - [02/Jul/2008:07:38:43 -0700] "GET /photos/st_p_art_museum/pages/PICT0772.html HTTP/1.1" 200 11728 "-" "Mozilla/5.0 (compatible; Googlebot/2.1; +http://www.google.com/bot.html)" "www.russiannavy.net"
74.6.18.228 - - [02/Jul/2008:07:45:00 -0700] "GET /photos/new_year_2006/pages/IMGP8020.htm HTTP/1.0" 200 3222 "-" "Mozilla/5.0 (compatible; Yahoo! Slurp; http://help.yahoo.com/help/us/ysearch/slurp)" "russiannavy.net"
74.6.18.244 - - [02/Jul/2008:07:47:58 -0700] "GET /robots.txt HTTP/1.0" 404 275 "-" "Mozilla/5.0 (compatible; Yahoo! Slurp; http://help.yahoo.com/help/us/ysearch/slurp)" "www.russiannavy.net"
74.6.18.244 - - [02/Jul/2008:07:48:03 -0700] "GET /gallery/main.php?g2_view=core.ShowItem&g2_itemId=11208 HTTP/1.0" 200 74913 "-" "Mozilla/5.0 (compatible; Yahoo! Slurp; http://help.yahoo.com/help/us/ysearch/slurp)" "www.russiannavy.net"
66.249.70.219 - - [02/Jul/2008:07:52:52 -0700] "GET /gallery/main.php?g2_view=core.ShowItem&g2_itemId=15730 HTTP/1.1" 200 2762 "-" "Mozilla/5.0 (compatible; Googlebot/2.1; +http://www.google.com/bot.html)" "russiannavy.net"
74.6.18.228 - - [02/Jul/2008:07:56:29 -0700] "GET /photos/st_p_art_museum/pages/PICT0616.html HTTP/1.0" 200 11727 "-" "Mozilla/5.0 (compatible; Yahoo! Slurp; http://help.yahoo.com/help/us/ysearch/slurp)" "russiannavy.net"
74.6.18.228 - - [02/Jul/2008:07:59:59 -0700] "GET /photos/littlefield/Sept_2004/M3_Lee/pages/ HTTP/1.0" 200 2562 "-" "Mozilla/5.0 (compatible; Yahoo! Slurp; http://help.yahoo.com/help/us/ysearch/slurp)" "russiannavy.net"
74.6.18.228 - - [02/Jul/2008:08:01:22 -0700] "GET /photos/littlefield/Sept_2004/PT-76/pages/IMGP0969.html HTTP/1.0" 200 2448 "-" "Mozilla/5.0 (compatible; Yahoo! Slurp; http://help.yahoo.com/help/us/ysearch/slurp)" "russiannavy.net"
195.189.45.11 - - [02/Jul/2008:08:02:12 -0700] "GET /models/bayan/Bayan-bw.jpg HTTP/1.1" 200 109221 "http://forum.vbios.com/showtopic.php?tid/13948/tp/23/" "Opera/9.50 (Windows NT 6.0; U; ru)" "russiannavy.net"
74.6.18.228 - - [02/Jul/2008:08:07:33 -0700] "GET /photos/thanksgiving/pages/IMGP7594.htm HTTP/1.0" 200 3508 "-" "Mozilla/5.0 (compatible; Yahoo! Slurp; http://help.yahoo.com/help/us/ysearch/slurp)" "russiannavy.net"
74.6.18.228 - - [02/Jul/2008:08:15:45 -0700] "GET /photos/st_p_art_museum/pages/PICT0639.html HTTP/1.0" 200 11728 "-" "Mozilla/5.0 (compatible; Yahoo! Slurp; http://help.yahoo.com/help/us/ysearch/slurp)" "russiannavy.net"
213.178.97.211 - - [02/Jul/2008:08:18:08 -0700] "GET /photos/st_p_art_museum/images/PICT0692.jpg HTTP/1.1" 200 125590 "http://images.google.hu/imgres?imgurl=http://russiannavy.net/photos/st_p_art_museum/images/PICT0692.jpg&imgrefurl=http://forum.rpg.hu/lofiversion/index.php/t4219-800.html&h=600&w=800&sz=123&tbnid=Gzmaq1RU_eUpIM:&tbnh=107&tbnw=143&hl=hu&um=1&prev=/images%3Fq%3Dt%2B28%2Bszuperneh%25C3%25A9z%2Btank%26um%3D1%26hl%3Dhu%26sa%3DG&frame=small" "Mozilla/4.0 (compatible; MSIE 7.0; Windows NT 5.1; InfoPath.1; .NET CLR 2.0.50727; .NET CLR 3.0.04506.30)" "russiannavy.net"
213.178.97.211 - - [02/Jul/2008:08:18:09 -0700] "GET /favicon.ico HTTP/1.1" 404 275 "-" "Mozilla/4.0 (compatible; MSIE 7.0; Windows NT 5.1; InfoPath.1; .NET CLR 2.0.50727; .NET CLR 3.0.04506.30)" "russiannavy.net"
208.80.193.43 - - [02/Jul/2008:08:22:56 -0700] "GET / HTTP/1.0" 200 1315 "-" "Mozilla/4.0 (compatible; MSIE 7.0; Windows NT 5.1; Overture; .NET CLR 1.1.4322; .NET CLR 2.0.50727)" "www.russiannavy.net"
74.6.18.228 - - [02/Jul/2008:08:23:40 -0700] "GET /photos/st_p_art_museum/pages/PICT0765.html HTTP/1.0" 200 11728 "-" "Mozilla/5.0 (compatible; Yahoo! Slurp; http://help.yahoo.com/help/us/ysearch/slurp)" "russiannavy.net"
74.6.18.228 - - [02/Jul/2008:08:30:05 -0700] "GET /photos/new_year_2006/pages/IMGP8036.htm HTTP/1.0" 200 3223 "-" "Mozilla/5.0 (compatible; Yahoo! Slurp; http://help.yahoo.com/help/us/ysearch/slurp)" "russiannavy.net"
74.6.18.228 - - [02/Jul/2008:08:31:18 -0700] "GET /photos/littlefield/Sept_2004/Roland/index.html HTTP/1.0" 200 2602 "-" "Mozilla/5.0 (compatible; Yahoo! Slurp; http://help.yahoo.com/help/us/ysearch/slurp)" "russiannavy.net"
208.80.193.43 - - [02/Jul/2008:08:38:36 -0700] "GET / HTTP/1.0" 200 1315 "-" "Mozilla/4.0 (compatible; MSIE 6.0; Windows NT 5.1; SV1; SIMBAR={8520FF1E-7EDF-4628-ADB4-1D4A7C91D55C}; .NET CLR 1.1.4322)" "russiannavy.net"
91.124.129.106 - - [02/Jul/2008:08:40:32 -0700] "GET /models/rurik/rurik.htm HTTP/1.1" 200 4480 "http://www.rambler.ru/srch?words=%EA%F0%E5%E9%F1%E5%F0+%22%D0%FE%F0%E8%EA%22&old_q=%22%D0%FE%F0%E8%EA%22&btnG=%CD%E0%E9%F2%E8%21" "Mozilla/4.0 (compatible; MSIE 6.0; Windows NT 5.2; SV1; .NET CLR 1.1.4322; .NET CLR 2.0.50727; .NET CLR 3.0.04506.30; .NET CLR 3.0.04506.648)" "russiannavy.net"
91.124.129.106 - - [02/Jul/2008:08:40:32 -0700] "GET /models/rurik/rurik-bw-sm.jpg HTTP/1.1" 200 63048 "http://russiannavy.net/models/rurik/rurik.htm" "Mozilla/4.0 (compatible; MSIE 6.0; Windows NT 5.2; SV1; .NET CLR 1.1.4322; .NET CLR 2.0.50727; .NET CLR 3.0.04506.30; .NET CLR 3.0.04506.648)" "russiannavy.net"
91.124.129.106 - - [02/Jul/2008:08:40:32 -0700] "GET /models/rurik/rurik1sm_small.jpg HTTP/1.1" 200 2031 "http://russiannavy.net/models/rurik/rurik.htm" "Mozilla/4.0 (compatible; MSIE 6.0; Windows NT 5.2; SV1; .NET CLR 1.1.4322; .NET CLR 2.0.50727; .NET CLR 3.0.04506.30; .NET CLR 3.0.04506.648)" "russiannavy.net"
91.124.129.106 - - [02/Jul/2008:08:40:33 -0700] "GET /models/rurik/rurik6sm_small.jpg HTTP/1.1" 200 2170 "http://russiannavy.net/models/rurik/rurik.htm" "Mozilla/4.0 (compatible; MSIE 6.0; Windows NT 5.2; SV1; .NET CLR 1.1.4322; .NET CLR 2.0.50727; .NET CLR 3.0.04506.30; .NET CLR 3.0.04506.648)" "russiannavy.net"
91.124.129.106 - - [02/Jul/2008:08:40:33 -0700] "GET /models/rurik/rurik5sm_small.jpg HTTP/1.1" 200 2226 "http://russiannavy.net/models/rurik/rurik.htm" "Mozilla/4.0 (compatible; MSIE 6.0; Windows NT 5.2; SV1; .NET CLR 1.1.4322; .NET CLR 2.0.50727; .NET CLR 3.0.04506.30; .NET CLR 3.0.04506.648)" "russiannavy.net"
91.124.129.106 - - [02/Jul/2008:08:40:34 -0700] "GET /models/rurik/rurik4sm_small.jpg HTTP/1.1" 200 2155 "http://russiannavy.net/models/rurik/rurik.htm" "Mozilla/4.0 (compatible; MSIE 6.0; Windows NT 5.2; SV1; .NET CLR 1.1.4322; .NET CLR 2.0.50727; .NET CLR 3.0.04506.30; .NET CLR 3.0.04506.648)" "russiannavy.net"
91.124.129.106 - - [02/Jul/2008:08:40:34 -0700] "GET /models/rurik/rurik10sm_small.jpg HTTP/1.1" 200 2462 "http://russiannavy.net/models/rurik/rurik.htm" "Mozilla/4.0 (compatible; MSIE 6.0; Windows NT 5.2; SV1; .NET CLR 1.1.4322; .NET CLR 2.0.50727; .NET CLR 3.0.04506.30; .NET CLR 3.0.04506.648)" "russiannavy.net"
91.124.129.106 - - [02/Jul/2008:08:40:34 -0700] "GET /models/rurik/rurik2sm_small.jpg HTTP/1.1" 200 2712 "http://russiannavy.net/models/rurik/rurik.htm" "Mozilla/4.0 (compatible; MSIE 6.0; Windows NT 5.2; SV1; .NET CLR 1.1.4322; .NET CLR 2.0.50727; .NET CLR 3.0.04506.30; .NET CLR 3.0.04506.648)" "russiannavy.net"
91.124.129.106 - - [02/Jul/2008:08:40:34 -0700] "GET /models/rurik/rurik7sm_small.jpg HTTP/1.1" 200 2900 "http://russiannavy.net/models/rurik/rurik.htm" "Mozilla/4.0 (compatible; MSIE 6.0; Windows NT 5.2; SV1; .NET CLR 1.1.4322; .NET CLR 2.0.50727; .NET CLR 3.0.04506.30; .NET CLR 3.0.04506.648)" "russiannavy.net"
91.124.129.106 - - [02/Jul/2008:08:40:35 -0700] "GET /models/rurik/rurik8sm_small.jpg HTTP/1.1" 200 3081 "http://russiannavy.net/models/rurik/rurik.htm" "Mozilla/4.0 (compatible; MSIE 6.0; Windows NT 5.2; SV1; .NET CLR 1.1.4322; .NET CLR 2.0.50727; .NET CLR 3.0.04506.30; .NET CLR 3.0.04506.648)" "russiannavy.net"
213.202.152.183 - - [02/Jul/2008:08:40:59 -0700] "GET /photos/st_p_art_museum/images/PICT0677.jpg HTTP/1.1" 200 93887 "http://maps.google.com/maps" "Mozilla/4.0 (compatible; MSIE 7.0; Windows NT 6.0; SLCC1; .NET CLR 2.0.50727; Media Center PC 5.0; .NET CLR 3.0.04506)" "russiannavy.net"
66.249.70.219 - - [02/Jul/2008:08:41:45 -0700] "GET /gallery/main.php?g2_itemId=10475 HTTP/1.1" 200 67689 "-" "Mozilla/5.0 (compatible; Googlebot/2.1; +http://www.google.com/bot.html)" "russiannavy.net"
74.6.18.228 - - [02/Jul/2008:08:46:13 -0700] "GET /photos/st_p_art_museum/pages/PICT0775.html HTTP/1.0" 200 11728 "-" "Mozilla/5.0 (compatible; Yahoo! Slurp; http://help.yahoo.com/help/us/ysearch/slurp)" "russiannavy.net"
24.5.244.73 - - [02/Jul/2008:08:49:58 -0700] "GET /gallery/main.php HTTP/1.1" 200 7423 "http://russiannavy.net/gallery/main.php" "Mozilla/5.0 (Windows; U; Windows NT 5.1; en-US; rv:1.8.1.12) Gecko/20080201 SeaMonkey/1.1.8" "russiannavy.net"
24.5.244.73 - - [02/Jul/2008:08:50:02 -0700] "GET /gallery/main.php?g2_view=core.UserAdmin&g2_subView=core.UserLogin&g2_return=%2Fgallery%2Fmain.php&g2_returnName=album HTTP/1.1" 200 23161 "http://russiannavy.net/gallery/main.php" "Mozilla/5.0 (Windows; U; Windows NT 5.1; en-US; rv:1.8.1.12) Gecko/20080201 SeaMonkey/1.1.8" "russiannavy.net"
24.5.244.73 - - [02/Jul/2008:08:50:03 -0700] "GET /gallery/modules/core/data/gallery.css HTTP/1.1" 304 - "http://russiannavy.net/gallery/main.php?g2_view=core.UserAdmin&g2_subView=core.UserLogin&g2_return=%2Fgallery%2Fmain.php&g2_returnName=album" "Mozilla/5.0 (Windows; U; Windows NT 5.1; en-US; rv:1.8.1.12) Gecko/20080201 SeaMonkey/1.1.8" "russiannavy.net"
24.5.244.73 - - [02/Jul/2008:08:50:03 -0700] "GET /gallery/themes/siriux/theme.css HTTP/1.1" 304 - "http://russiannavy.net/gallery/main.php?g2_view=core.UserAdmin&g2_subView=core.UserLogin&g2_return=%2Fgallery%2Fmain.php&g2_returnName=album" "Mozilla/5.0 (Windows; U; Windows NT 5.1; en-US; rv:1.8.1.12) Gecko/20080201 SeaMonkey/1.1.8" "russiannavy.net"
24.5.244.73 - - [02/Jul/2008:08:50:07 -0700] "POST /gallery/main.php HTTP/1.1" 200 4028 "http://russiannavy.net/gallery/main.php?g2_view=core.UserAdmin&g2_subView=core.UserLogin&g2_return=%2Fgallery%2Fmain.php&g2_returnName=album" "Mozilla/5.0 (Windows; U; Windows NT 5.1; en-US; rv:1.8.1.12) Gecko/20080201 SeaMonkey/1.1.8" "russiannavy.net"
24.5.244.73 - - [02/Jul/2008:08:50:15 -0700] "GET /gallery/main.php?g2_fromNavId=xd9dbc062&g2_navId=x1f7f96ab&g2_GALLERYSID=1cc09cbc3924e1a6058671946c6dde84 HTTP/1.1" 404 21279 "http://russiannavy.net/gallery/main.php" "Mozilla/5.0 (Windows; U; Windows NT 5.1; en-US; rv:1.8.1.12) Gecko/20080201 SeaMonkey/1.1.8" "russiannavy.net"
24.5.244.73 - - [02/Jul/2008:08:50:15 -0700] "GET /gallery/lib/javascript/BlockToggle.js HTTP/1.1" 304 - "http://russiannavy.net/gallery/main.php?g2_fromNavId=xd9dbc062&g2_navId=x1f7f96ab&g2_GALLERYSID=1cc09cbc3924e1a6058671946c6dde84" "Mozilla/5.0 (Windows; U; Windows NT 5.1; en-US; rv:1.8.1.12) Gecko/20080201 SeaMonkey/1.1.8" "russiannavy.net"
66.249.70.219 - - [02/Jul/2008:08:51:14 -0700] "GET /photos/st_p_art_museum/images/PICT0499.jpg HTTP/1.1" 304 - "-" "Googlebot-Image/1.0" "russiannavy.net"
66.249.70.219 - - [02/Jul/2008:08:54:39 -0700] "GET /photos/st_p_art_museum/pages/PICT0617.html HTTP/1.1" 200 11727 "-" "Mozilla/5.0 (compatible; Googlebot/2.1; +http://www.google.com/bot.html)" "www.russiannavy.net"
91.124.129.106 - - [02/Jul/2008:08:55:28 -0700] "GET /models/rurik/rurik7sm.jpg HTTP/1.1" 200 131662 "http://russiannavy.net/models/rurik/rurik.htm" "Mozilla/4.0 (compatible; MSIE 6.0; Windows NT 5.2; SV1; .NET CLR 1.1.4322; .NET CLR 2.0.50727; .NET CLR 3.0.04506.30; .NET CLR 3.0.04506.648)" "russiannavy.net"
74.6.18.228 - - [02/Jul/2008:08:57:28 -0700] "GET /photos/littlefield/Sept_2004/Czech_half_tracks/pages/IMGP0802.html HTTP/1.0" 200 2460 "-" "Mozilla/5.0 (compatible; Yahoo! Slurp; http://help.yahoo.com/help/us/ysearch/slurp)" "russiannavy.net"
74.6.18.228 - - [02/Jul/2008:08:59:29 -0700] "GET /photos/st_p_art_museum/pages/PICT0535.html HTTP/1.0" 200 11726 "-" "Mozilla/5.0 (compatible; Yahoo! Slurp; http://help.yahoo.com/help/us/ysearch/slurp)" "russiannavy.net"
24.5.244.73 - - [02/Jul/2008:08:59:32 -0700] "GET /Ft_knox/P1150127.jpg HTTP/1.1" 200 68657 "http://vova-modelist.livejournal.com/" "Mozilla/5.0 (Windows; U; Windows NT 5.1; en-US; rv:1.8.1.12) Gecko/20080201 SeaMonkey/1.1.8" "russiannavy.net"
24.5.244.73 - - [02/Jul/2008:08:59:32 -0700] "GET /Ft_knox/P1130400.jpg HTTP/1.1" 200 104167 "http://vova-modelist.livejournal.com/" "Mozilla/5.0 (Windows; U; Windows NT 5.1; en-US; rv:1.8.1.12) Gecko/20080201 SeaMonkey/1.1.8" "russiannavy.net"
24.5.244.73 - - [02/Jul/2008:08:59:32 -0700] "GET /misc/mg-shoot.JPG HTTP/1.1" 200 18801 "http://vova-modelist.livejournal.com/" "Mozilla/5.0 (Windows; U; Windows NT 5.1; en-US; rv:1.8.1.12) Gecko/20080201 SeaMonkey/1.1.8" "russiannavy.net"
24.5.244.73 - - [02/Jul/2008:08:59:32 -0700] "GET /misc/book_cover.jpg HTTP/1.1" 200 26157 "http://vova-modelist.livejournal.com/" "Mozilla/5.0 (Windows; U; Windows NT 5.1; en-US; rv:1.8.1.12) Gecko/20080201 SeaMonkey/1.1.8" "russiannavy.net"
24.5.244.73 - - [02/Jul/2008:08:59:33 -0700] "GET /photos/events/upload/IMGP5380.jpg HTTP/1.1" 200 85307 "http://vova-modelist.livejournal.com/" "Mozilla/5.0 (Windows; U; Windows NT 5.1; en-US; rv:1.8.1.12) Gecko/20080201 SeaMonkey/1.1.8" "russiannavy.net"
24.5.244.73 - - [02/Jul/2008:08:59:33 -0700] "GET /photos/misc/IMGP4938.jpg HTTP/1.1" 200 68606 "http://vova-modelist.livejournal.com/" "Mozilla/5.0 (Windows; U; Windows NT 5.1; en-US; rv:1.8.1.12) Gecko/20080201 SeaMonkey/1.1.8" "russiannavy.net"
24.5.244.73 - - [02/Jul/2008:08:59:33 -0700] "GET /photos/events/mustang_range_gun_shoot/IMGP3795.jpg HTTP/1.1" 200 108726 "http://vova-modelist.livejournal.com/" "Mozilla/5.0 (Windows; U; Windows NT 5.1; en-US; rv:1.8.1.12) Gecko/20080201 SeaMonkey/1.1.8" "russiannavy.net"
24.5.244.73 - - [02/Jul/2008:08:59:34 -0700] "GET /gallery/main.php?g2_view=core.DownloadItem&g2_itemId=7120&g2_serialNumber=1 HTTP/1.1" 500 13225 "http://vova-modelist.livejournal.com/" "Mozilla/5.0 (Windows; U; Windows NT 5.1; en-US; rv:1.8.1.12) Gecko/20080201 SeaMonkey/1.1.8" "www.russiannavy.net"
136.206.35.10 - - [02/Jul/2008:09:06:32 -0700] "GET /Ft_knox/P1130420.jpg HTTP/1.0" 200 46746 "http://www.boards.ie/vbulletin/showthread.php?t=2055150571&page=443" "Mozilla/5.0 (Windows; U; Windows NT 5.1; en-GB; rv:1.8.1.15) Gecko/20080623 Firefox/2.0.0.15" "russiannavy.net"
24.5.244.57 - - [02/Jul/2008:09:11:15 -0700] "GET /gallery/main.php?g2_view=core.ShowItem&g2_itemId=16316 HTTP/1.1" 200 5886 "http://russiannavy.net/gallery/main.php?g2_view=core.ShowItem&g2_itemId=16317" "Mozilla/4.0 (compatible; MSIE 7.0; Windows NT 6.0; SLCC1; .NET CLR 2.0.50727; .NET CLR 3.0.04506; InfoPath.2; ZangoToolbar 4.8.3)" "russiannavy.net"
24.5.244.73 - - [02/Jul/2008:09:13:50 -0700] "GET /Ft_knox/P1150127.jpg HTTP/1.1" 200 68657 "http://vova-modelist.livejournal.com/" "Mozilla/5.0 (Windows; U; Windows NT 5.1; en-US; rv:1.8.1.12) Gecko/20080201 SeaMonkey/1.1.8" "russiannavy.net"
24.5.244.73 - - [02/Jul/2008:09:13:50 -0700] "GET /Ft_knox/P1130400.jpg HTTP/1.1" 200 104167 "http://vova-modelist.livejournal.com/" "Mozilla/5.0 (Windows; U; Windows NT 5.1; en-US; rv:1.8.1.12) Gecko/20080201 SeaMonkey/1.1.8" "russiannavy.net"
24.5.244.73 - - [02/Jul/2008:09:13:50 -0700] "GET /misc/book_cover.jpg HTTP/1.1" 200 26157 "http://vova-modelist.livejournal.com/" "Mozilla/5.0 (Windows; U; Windows NT 5.1; en-US; rv:1.8.1.12) Gecko/20080201 SeaMonkey/1.1.8" "russiannavy.net"
24.5.244.73 - - [02/Jul/2008:09:13:50 -0700] "GET /misc/mg-shoot.JPG HTTP/1.1" 200 18801 "http://vova-modelist.livejournal.com/" "Mozilla/5.0 (Windows; U; Windows NT 5.1; en-US; rv:1.8.1.12) Gecko/20080201 SeaMonkey/1.1.8" "russiannavy.net"
24.5.244.73 - - [02/Jul/2008:09:13:51 -0700] "GET /photos/events/upload/IMGP5380.jpg HTTP/1.1" 200 85307 "http://vova-modelist.livejournal.com/" "Mozilla/5.0 (Windows; U; Windows NT 5.1; en-US; rv:1.8.1.12) Gecko/20080201 SeaMonkey/1.1.8" "russiannavy.net"
24.5.244.73 - - [02/Jul/2008:09:13:51 -0700] "GET /photos/misc/IMGP4938.jpg HTTP/1.1" 200 68606 "http://vova-modelist.livejournal.com/" "Mozilla/5.0 (Windows; U; Windows NT 5.1; en-US; rv:1.8.1.12) Gecko/20080201 SeaMonkey/1.1.8" "russiannavy.net"
24.5.244.73 - - [02/Jul/2008:09:13:52 -0700] "GET /gallery/main.php?g2_view=core.DownloadItem&g2_itemId=5844&g2_serialNumber=1 HTTP/1.1" 500 15864 "http://vova-modelist.livejournal.com/" "Mozilla/5.0 (Windows; U; Windows NT 5.1; en-US; rv:1.8.1.12) Gecko/20080201 SeaMonkey/1.1.8" "russiannavy.net"
24.5.244.73 - - [02/Jul/2008:09:13:52 -0700] "GET /gallery/main.php?g2_view=core.DownloadItem&g2_itemId=7120&g2_serialNumber=1 HTTP/1.1" 500 13224 "http://vova-modelist.livejournal.com/" "Mozilla/5.0 (Windows; U; Windows NT 5.1; en-US; rv:1.8.1.12) Gecko/20080201 SeaMonkey/1.1.8" "www.russiannavy.net"
86.45.152.18 - - [02/Jul/2008:09:22:14 -0700] "GET /Ft_knox/P1130420.jpg HTTP/1.1" 200 46746 "http://boards.ie/vbulletin/showthread.php?t=2055150571&page=443" "Mozilla/5.0 (Windows; U; Windows NT 6.0; en-US; rv:1.8.1.14) Gecko/20080404 Firefox/2.0.0.14" "russiannavy.net"
74.6.18.228 - - [02/Jul/2008:09:31:34 -0700] "GET /photos/littlefield/old_visits/BTR-70/pages/IMG_0711.html HTTP/1.0" 200 2845 "-" "Mozilla/5.0 (compatible; Yahoo! Slurp; http://help.yahoo.com/help/us/ysearch/slurp)" "russiannavy.net"
89.100.110.208 - - [02/Jul/2008:09:32:36 -0700] "GET /Ft_knox/P1130420.jpg HTTP/1.1" 200 46746 "http://boards.ie/vbulletin/showthread.php?t=2055150571&page=443" "Mozilla/5.0 (Windows; U; Windows NT 6.0; en-GB; rv:1.8.1.14) Gecko/20080404 Firefox/2.0.0.14" "russiannavy.net"
66.249.70.219 - - [02/Jul/2008:09:32:42 -0700] "GET /gallery/main.php?g2_itemId=&g2_highlightId=10431 HTTP/1.1" 200 4412 "-" "Mozilla/5.0 (compatible; Googlebot/2.1; +http://www.google.com/bot.html)" "russiannavy.net"
74.6.18.228 - - [02/Jul/2008:09:33:20 -0700] "GET /models/s-75/ HTTP/1.0" 200 2779 "-" "Mozilla/5.0 (compatible; Yahoo! Slurp; http://help.yahoo.com/help/us/ysearch/slurp)" "russiannavy.net"
66.249.70.219 - - [02/Jul/2008:09:34:20 -0700] "GET /photos/st_p_art_museum/pages/PICT0554.html HTTP/1.1" 200 11726 "-" "Mozilla/5.0 (compatible; Googlebot/2.1; +http://www.google.com/bot.html)" "www.russiannavy.net"
74.6.18.228 - - [02/Jul/2008:09:38:47 -0700] "GET /models/D-30M/D-30.htm HTTP/1.0" 200 4904 "-" "Mozilla/5.0 (compatible; Yahoo! Slurp; http://help.yahoo.com/help/us/ysearch/slurp)" "russiannavy.net"
66.249.70.219 - - [02/Jul/2008:09:43:22 -0700] "GET /gallery/main.php?g2_itemId=10431&g2_highlightId=10478 HTTP/1.1" 200 4406 "-" "Mozilla/5.0 (compatible; Googlebot/2.1; +http://www.google.com/bot.html)" "russiannavy.net"
74.6.18.228 - - [02/Jul/2008:09:45:30 -0700] "GET /photos/littlefield/Sept_2004/M26_Pershing/pages/ HTTP/1.0" 200 2024 "-" "Mozilla/5.0 (compatible; Yahoo! Slurp; http://help.yahoo.com/help/us/ysearch/slurp)" "russiannavy.net"
89.111.144.26 - - [02/Jul/2008:09:49:27 -0700] "GET /photos/misc/i11749-image-original.jpg HTTP/1.1" 200 295629 "http://www.militaryphotos.net/forums/showthread.php?t=99988&page=142" "Mozilla/4.0 (compatible; MSIE 6.0; Windows NT 5.1; SV1; .NET CLR 2.0.50727; MEGAUPLOAD 2.0)" "russiannavy.net"
66.249.70.219 - - [02/Jul/2008:09:50:45 -0700] "GET /photos/st_p_art_museum/pages/PICT0575.html HTTP/1.1" 200 11726 "-" "Mozilla/5.0 (compatible; Googlebot/2.1; +http://www.google.com/bot.html)" "www.russiannavy.net"
85.179.83.193 - - [02/Jul/2008:09:51:51 -0700] "GET /models/storozhevoi/diorama1.jpg HTTP/1.1" 200 131830 "http://modellbauer.foren-city.de/topic,6698,15,-u-boot-diorama.html" "Mozilla/4.0 (compatible; MSIE 7.0; Windows NT 6.0; SLCC1; .NET CLR 2.0.50727; Media Center PC 5.0; .NET CLR 3.0.04506)" "www.russiannavy.net"
74.6.18.228 - - [02/Jul/2008:09:54:51 -0700] "GET /photos/littlefield/Sept_2004/Eland/pages/IMGP1369.html HTTP/1.0" 200 2254 "-" "Mozilla/5.0 (compatible; Yahoo! Slurp; http://help.yahoo.com/help/us/ysearch/slurp)" "russiannavy.net"
207.75.81.2 - - [02/Jul/2008:09:54:56 -0700] "GET /models/rurik/rurik1sm_small.jpg HTTP/1.0" 200 2031 "http://63.99.108.76/forums/index.php?showtopic=14093&st=40" "Mozilla/4.0 (compatible; MSIE 6.0; Windows NT 5.1; SV1; .NET CLR 1.1.4322; InfoPath.1)" "russiannavy.net"
74.6.18.228 - - [02/Jul/2008:09:57:11 -0700] "GET /photos/st_p_art_museum/pages/PICT0684.html HTTP/1.0" 200 11728 "-" "Mozilla/5.0 (compatible; Yahoo! Slurp; http://help.yahoo.com/help/us/ysearch/slurp)" "russiannavy.net"
66.249.70.219 - - [02/Jul/2008:10:03:02 -0700] "GET /photos/st_p_art_museum/pages/PICT0743.html HTTP/1.1" 200 11728 "-" "Mozilla/5.0 (compatible; Googlebot/2.1; +http://www.google.com/bot.html)" "www.russiannavy.net"
66.249.70.219 - - [02/Jul/2008:10:03:20 -0700] "GET /gallery/main.php?g2_view=core.DownloadItem&g2_itemId=10478 HTTP/1.1" 200 740 "-" "Mozilla/5.0 (compatible; Googlebot/2.1; +http://www.google.com/bot.html)" "russiannavy.net"
91.77.86.208 - - [02/Jul/2008:10:07:51 -0700] "GET /models/bt-2/IMGP9615.jpg HTTP/1.1" 200 33915 "http://www.acemodel.com.ua/forum/viewtopic.php?t=1849" "Mozilla/4.0 (compatible; MSIE 6.0; Windows NT 5.1)" "russiannavy.net"
91.77.86.208 - - [02/Jul/2008:10:07:51 -0700] "GET /models/bt-2/IMGP9614.jpg HTTP/1.1" 200 30144 "http://www.acemodel.com.ua/forum/viewtopic.php?t=1849" "Mozilla/4.0 (compatible; MSIE 6.0; Windows NT 5.1)" "russiannavy.net"
91.77.86.208 - - [02/Jul/2008:10:07:52 -0700] "GET /models/bt-2/IMGP9616.jpg HTTP/1.1" 200 30482 "http://www.acemodel.com.ua/forum/viewtopic.php?t=1849" "Mozilla/4.0 (compatible; MSIE 6.0; Windows NT 5.1)" "russiannavy.net"
91.77.86.208 - - [02/Jul/2008:10:08:07 -0700] "GET /models/a-20/IMGP9387.jpg HTTP/1.1" 200 82474 "http://www.acemodel.com.ua/forum/viewtopic.php?t=1419" "Mozilla/4.0 (compatible; MSIE 6.0; Windows NT 5.1)" "russiannavy.net"
91.77.86.208 - - [02/Jul/2008:10:08:07 -0700] "GET /models/a-20/IMGP9385.jpg HTTP/1.1" 200 112431 "http://www.acemodel.com.ua/forum/viewtopic.php?t=1419" "Mozilla/4.0 (compatible; MSIE 6.0; Windows NT 5.1)" "russiannavy.net"
91.77.86.208 - - [02/Jul/2008:10:08:09 -0700] "GET /models/a-20/IMGP9386.jpg HTTP/1.1" 200 100839 "http://www.acemodel.com.ua/forum/viewtopic.php?t=1419" "Mozilla/4.0 (compatible; MSIE 6.0; Windows NT 5.1)" "russiannavy.net"
91.77.86.208 - - [02/Jul/2008:10:08:09 -0700] "GET /models/a-20/IMGP9388.jpg HTTP/1.1" 200 85649 "http://www.acemodel.com.ua/forum/viewtopic.php?t=1419" "Mozilla/4.0 (compatible; MSIE 6.0; Windows NT 5.1)" "russiannavy.net"
91.77.86.208 - - [02/Jul/2008:10:08:10 -0700] "GET /models/a-20/IMGP9389.jpg HTTP/1.1" 200 86960 "http://www.acemodel.com.ua/forum/viewtopic.php?t=1419" "Mozilla/4.0 (compatible; MSIE 6.0; Windows NT 5.1)" "russiannavy.net"
91.77.86.208 - - [02/Jul/2008:10:08:11 -0700] "GET /models/a-20/IMGP9379.jpg HTTP/1.1" 200 119887 "http://www.acemodel.com.ua/forum/viewtopic.php?t=1419" "Mozilla/4.0 (compatible; MSIE 6.0; Windows NT 5.1)" "russiannavy.net"
91.77.86.208 - - [02/Jul/2008:10:08:12 -0700] "GET /models/a-20/IMGP9624.jpg HTTP/1.1" 200 76944 "http://www.acemodel.com.ua/forum/viewtopic.php?t=1419" "Mozilla/4.0 (compatible; MSIE 6.0; Windows NT 5.1)" "russiannavy.net"
91.77.86.208 - - [02/Jul/2008:10:08:12 -0700] "GET /models/a-20/IMGP9629.jpg HTTP/1.1" 200 79089 "http://www.acemodel.com.ua/forum/viewtopic.php?t=1419" "Mozilla/4.0 (compatible; MSIE 6.0; Windows NT 5.1)" "russiannavy.net"
91.77.86.208 - - [02/Jul/2008:10:08:14 -0700] "GET /models/a-20/IMGP9626.jpg HTTP/1.1" 200 163735 "http://www.acemodel.com.ua/forum/viewtopic.php?t=1419" "Mozilla/4.0 (compatible; MSIE 6.0; Windows NT 5.1)" "russiannavy.net"
91.77.86.208 - - [02/Jul/2008:10:08:14 -0700] "GET /models/a-20/IMGP9631.jpg HTTP/1.1" 200 116658 "http://www.acemodel.com.ua/forum/viewtopic.php?t=1419" "Mozilla/4.0 (compatible; MSIE 6.0; Windows NT 5.1)" "russiannavy.net"
91.77.86.208 - - [02/Jul/2008:10:08:15 -0700] "GET /models/a-20/IMGP9633.jpg HTTP/1.1" 200 58384 "http://www.acemodel.com.ua/forum/viewtopic.php?t=1419" "Mozilla/4.0 (compatible; MSIE 6.0; Windows NT 5.1)" "russiannavy.net"
66.249.70.219 - - [02/Jul/2008:10:08:35 -0700] "GET /photos/st_p_art_museum/index_14.html HTTP/1.1" 200 8391 "-" "Mozilla/5.0 (compatible; Googlebot/2.1; +http://www.google.com/bot.html)" "www.russiannavy.net"
87.122.86.64 - - [02/Jul/2008:10:10:59 -0700] "GET /photos/misc/i11749-image-original.jpg HTTP/1.1" 200 295629 "http://www.militaryphotos.net/forums/showthread.php?t=99988&page=430" "Mozilla/4.0 (compatible; MSIE 7.0; Windows NT 6.0; SLCC1; .NET CLR 2.0.50727; Media Center PC 5.0; .NET CLR 3.0.04506; .NET CLR 1.1.4322)" "russiannavy.net"
66.249.70.219 - - [02/Jul/2008:10:21:01 -0700] "GET /photos/st_p_art_museum/index_19.html HTTP/1.1" 200 8391 "-" "Mozilla/5.0 (compatible; Googlebot/2.1; +http://www.google.com/bot.html)" "www.russiannavy.net"
66.249.70.219 - - [02/Jul/2008:10:22:59 -0700] "GET /photos/st_p_art_museum/index_8.html HTTP/1.1" 200 8388 "-" "Mozilla/5.0 (compatible; Googlebot/2.1; +http://www.google.com/bot.html)" "www.russiannavy.net"
66.249.70.219 - - [02/Jul/2008:10:26:23 -0700] "GET /photos/st_p_art_museum/index_9.html HTTP/1.1" 200 8389 "-" "Mozilla/5.0 (compatible; Googlebot/2.1; +http://www.google.com/bot.html)" "www.russiannavy.net"
66.249.70.219 - - [02/Jul/2008:10:26:23 -0700] "GET /photos/st_p_art_museum/index_12.html HTTP/1.1" 200 8391 "-" "Mozilla/5.0 (compatible; Googlebot/2.1; +http://www.google.com/bot.html)" "www.russiannavy.net"
198.95.226.240 - - [02/Jul/2008:10:28:08 -0700] "GET /gallery/ HTTP/1.1" 302 5 "-" "Mozilla/5.0 (Windows; U; Windows NT 5.1; en-US; rv:1.8.1.9) Gecko/20071030 SeaMonkey/1.1.6" "www.russiannavy.net"
198.95.226.240 - - [02/Jul/2008:10:28:10 -0700] "GET /gallery/main.php HTTP/1.1" 200 7323 "-" "Mozilla/5.0 (Windows; U; Windows NT 5.1; en-US; rv:1.8.1.9) Gecko/20071030 SeaMonkey/1.1.6" "www.russiannavy.net"
198.95.226.240 - - [02/Jul/2008:10:28:13 -0700] "GET /gallery/main.php?g2_view=core.UserAdmin&g2_subView=core.UserLogin&g2_return=%2Fgallery%2Fmain.php&g2_returnName=album HTTP/1.1" 200 23161 "http://www.russiannavy.net/gallery/main.php" "Mozilla/5.0 (Windows; U; Windows NT 5.1; en-US; rv:1.8.1.9) Gecko/20071030 SeaMonkey/1.1.6" "www.russiannavy.net"
198.95.226.240 - - [02/Jul/2008:10:28:13 -0700] "GET /gallery/modules/core/data/gallery.css HTTP/1.1" 200 9535 "http://www.russiannavy.net/gallery/main.php?g2_view=core.UserAdmin&g2_subView=core.UserLogin&g2_return=%2Fgallery%2Fmain.php&g2_returnName=album" "Mozilla/5.0 (Windows; U; Windows NT 5.1; en-US; rv:1.8.1.9) Gecko/20071030 SeaMonkey/1.1.6" "www.russiannavy.net"
