75.68.199.155 - - [07/Jul/2008:19:55:59 -0700] "GET /photos/littlefield/old_visits/SCOT-64/thumbnails/IMG_2392.jpg HTTP/1.1" 200 11939 "http://russiannavy.net/photos/littlefield/old_visits/SCOT-64/" "Mozilla/4.0 (compatible; MSIE 6.0; Windows NT 5.1; SV1; .NET CLR 1.1.4322)" "russiannavy.net"
75.68.199.155 - - [07/Jul/2008:19:55:59 -0700] "GET /photos/littlefield/old_visits/SCOT-64/thumbnails/IMG_2393.jpg HTTP/1.1" 200 12003 "http://russiannavy.net/photos/littlefield/old_visits/SCOT-64/" "Mozilla/4.0 (compatible; MSIE 6.0; Windows NT 5.1; SV1; .NET CLR 1.1.4322)" "russiannavy.net"
75.68.199.155 - - [07/Jul/2008:19:56:00 -0700] "GET /photos/littlefield/old_visits/SCOT-64/thumbnails/IMG_2394.jpg HTTP/1.1" 200 12029 "http://russiannavy.net/photos/littlefield/old_visits/SCOT-64/" "Mozilla/4.0 (compatible; MSIE 6.0; Windows NT 5.1; SV1; .NET CLR 1.1.4322)" "russiannavy.net"
75.68.199.155 - - [07/Jul/2008:19:56:00 -0700] "GET /photos/littlefield/old_visits/SCOT-64/thumbnails/IMG_2395.jpg HTTP/1.1" 200 11995 "http://russiannavy.net/photos/littlefield/old_visits/SCOT-64/" "Mozilla/4.0 (compatible; MSIE 6.0; Windows NT 5.1; SV1; .NET CLR 1.1.4322)" "russiannavy.net"
75.68.199.155 - - [07/Jul/2008:19:56:00 -0700] "GET /photos/littlefield/old_visits/SCOT-64/thumbnails/IMG_2396.jpg HTTP/1.1" 200 11957 "http://russiannavy.net/photos/littlefield/old_visits/SCOT-64/" "Mozilla/4.0 (compatible; MSIE 6.0; Windows NT 5.1; SV1; .NET CLR 1.1.4322)" "russiannavy.net"
75.68.199.155 - - [07/Jul/2008:19:56:00 -0700] "GET /photos/littlefield/old_visits/SCOT-64/thumbnails/IMG_2397.jpg HTTP/1.1" 200 12042 "http://russiannavy.net/photos/littlefield/old_visits/SCOT-64/" "Mozilla/4.0 (compatible; MSIE 6.0; Windows NT 5.1; SV1; .NET CLR 1.1.4322)" "russiannavy.net"
75.68.199.155 - - [07/Jul/2008:19:56:00 -0700] "GET /photos/littlefield/old_visits/SCOT-64/thumbnails/IMG_2398.jpg HTTP/1.1" 200 12144 "http://russiannavy.net/photos/littlefield/old_visits/SCOT-64/" "Mozilla/4.0 (compatible; MSIE 6.0; Windows NT 5.1; SV1; .NET CLR 1.1.4322)" "russiannavy.net"
75.68.199.155 - - [07/Jul/2008:19:56:00 -0700] "GET /photos/littlefield/old_visits/SCOT-64/thumbnails/IMG_2399.jpg HTTP/1.1" 200 12305 "http://russiannavy.net/photos/littlefield/old_visits/SCOT-64/" "Mozilla/4.0 (compatible; MSIE 6.0; Windows NT 5.1; SV1; .NET CLR 1.1.4322)" "russiannavy.net"
75.68.199.155 - - [07/Jul/2008:19:56:00 -0700] "GET /photos/littlefield/old_visits/SCOT-64/thumbnails/IMG_2400.jpg HTTP/1.1" 200 11961 "http://russiannavy.net/photos/littlefield/old_visits/SCOT-64/" "Mozilla/4.0 (compatible; MSIE 6.0; Windows NT 5.1; SV1; .NET CLR 1.1.4322)" "russiannavy.net"
75.68.199.155 - - [07/Jul/2008:19:56:00 -0700] "GET /photos/littlefield/old_visits/SCOT-64/thumbnails/IMG_2401.jpg HTTP/1.1" 200 11872 "http://russiannavy.net/photos/littlefield/old_visits/SCOT-64/" "Mozilla/4.0 (compatible; MSIE 6.0; Windows NT 5.1; SV1; .NET CLR 1.1.4322)" "russiannavy.net"
75.68.199.155 - - [07/Jul/2008:19:56:01 -0700] "GET /photos/littlefield/old_visits/SCOT-64/thumbnails/IMG_2402.jpg HTTP/1.1" 200 12096 "http://russiannavy.net/photos/littlefield/old_visits/SCOT-64/" "Mozilla/4.0 (compatible; MSIE 6.0; Windows NT 5.1; SV1; .NET CLR 1.1.4322)" "russiannavy.net"
74.6.18.228 - - [07/Jul/2008:20:00:42 -0700] "GET /photos/littlefield/Sept_2004/US_Self_Propelled_Guns/pages/IMGP1174.html HTTP/1.0" 200 2532 "-" "Mozilla/5.0 (compatible; Yahoo! Slurp; http://help.yahoo.com/help/us/ysearch/slurp)" "russiannavy.net"
74.6.18.228 - - [07/Jul/2008:20:19:02 -0700] "GET /photos/littlefield/Sept_2004/M551_Sheridan/ HTTP/1.0" 200 3274 "-" "Mozilla/5.0 (compatible; Yahoo! Slurp; http://help.yahoo.com/help/us/ysearch/slurp)" "russiannavy.net"
74.6.18.228 - - [07/Jul/2008:20:28:05 -0700] "GET /photos/st_p_art_museum/pages/PICT0723.html HTTP/1.0" 200 11728 "-" "Mozilla/5.0 (compatible; Yahoo! Slurp; http://help.yahoo.com/help/us/ysearch/slurp)" "russiannavy.net"
222.254.197.238 - - [07/Jul/2008:20:40:23 -0700] "GET /photos/misc/i11749-image-original.jpg HTTP/1.1" 200 295629 "http://bacduyenha.com/redirect.php?tid=456&goto=lastpost" "Mozilla/4.0 (compatible; MSIE 6.0; Windows NT 5.1; SV1)" "russiannavy.net"
66.249.65.205 - - [07/Jul/2008:20:47:43 -0700] "GET /robots.txt HTTP/1.1" 404 275 "-" "Googlebot-Image/1.0" "russiannavy.net"
66.249.65.205 - - [07/Jul/2008:20:47:43 -0700] "GET /photos/st_p_art_museum/images/PICT0504.jpg HTTP/1.1" 304 - "-" "Googlebot-Image/1.0" "russiannavy.net"
65.55.212.189 - - [07/Jul/2008:20:51:16 -0700] "GET /photos/littlefield/start.htm HTTP/1.0" 200 1003 "-" "msnbot-media/1.0 (+http://search.msn.com/msnbot.htm)" "russiannavy.net"
74.6.18.228 - - [07/Jul/2008:21:03:43 -0700] "GET /models/monomakh/ HTTP/1.0" 200 3429 "-" "Mozilla/5.0 (compatible; Yahoo! Slurp; http://help.yahoo.com/help/us/ysearch/slurp)" "russiannavy.net"
24.7.76.101 - - [07/Jul/2008:21:24:54 -0700] "GET /photos/misc/i11749-image-original.jpg HTTP/1.1" 200 295629 "http://www.militaryphotos.net/forums/showthread.php?t=99988&page=142" "Mozilla/4.0 (compatible; MSIE 7.0; Windows NT 5.1; .NET CLR 1.1.4322)" "russiannavy.net"
24.7.76.101 - - [07/Jul/2008:21:24:59 -0700] "GET /photos/misc/i11749-image-original.jpg HTTP/1.1" 200 262144 "http://www.militaryphotos.net/forums/showthread.php?t=99988&page=142" "Mozilla/4.0 (compatible; MSIE 7.0; Windows NT 5.1; .NET CLR 1.1.4322)" "russiannavy.net"
65.94.4.164 - - [07/Jul/2008:21:29:06 -0700] "GET /photos/st_p_art_museum/images/PICT0702.jpg HTTP/1.1" 200 84407 "-" "GoogleEarth/4.3.7204.0836(Windows;Microsoft Windows XP (Service Pack 2);en-CA;kml:2.2;client:Free;type:default)" "russiannavy.net"
65.94.4.164 - - [07/Jul/2008:21:29:10 -0700] "GET /photos/st_p_art_museum/images/PICT0677.jpg HTTP/1.1" 200 93887 "-" "GoogleEarth/4.3.7204.0836(Windows;Microsoft Windows XP (Service Pack 2);en-CA;kml:2.2;client:Free;type:default)" "russiannavy.net"
65.94.4.164 - - [07/Jul/2008:21:29:10 -0700] "GET /photos/st_p_art_museum/images/PICT0582.jpg HTTP/1.1" 200 87147 "-" "GoogleEarth/4.3.7204.0836(Windows;Microsoft Windows XP (Service Pack 2);en-CA;kml:2.2;client:Free;type:default)" "russiannavy.net"
65.94.4.164 - - [07/Jul/2008:21:29:14 -0700] "GET /photos/st_p_art_museum/images/PICT0705.jpg HTTP/1.1" 200 72330 "-" "GoogleEarth/4.3.7204.0836(Windows;Microsoft Windows XP (Service Pack 2);en-CA;kml:2.2;client:Free;type:default)" "russiannavy.net"
65.94.4.164 - - [07/Jul/2008:21:36:42 -0700] "GET /photos/st_p_art_museum/images/PICT0583.jpg HTTP/1.1" 200 87822 "-" "GoogleEarth/4.3.7204.0836(Windows;Microsoft Windows XP (Service Pack 2);en-CA;kml:2.2;client:Free;type:default)" "russiannavy.net"
74.6.18.228 - - [07/Jul/2008:21:42:54 -0700] "GET /models/bt-2/ HTTP/1.0" 200 1218 "-" "Mozilla/5.0 (compatible; Yahoo! Slurp; http://help.yahoo.com/help/us/ysearch/slurp)" "russiannavy.net"
65.55.212.189 - - [07/Jul/2008:21:55:48 -0700] "GET /photos/littlefield/Sept_2004/Dingo/index.html HTTP/1.0" 200 1863 "-" "msnbot-media/1.0 (+http://search.msn.com/msnbot.htm)" "russiannavy.net"
65.55.212.189 - - [07/Jul/2008:21:55:56 -0700] "GET /photos/littlefield/Sept_2004/Conqueror/index.html HTTP/1.0" 200 2490 "-" "msnbot-media/1.0 (+http://search.msn.com/msnbot.htm)" "russiannavy.net"
67.210.98.190 - - [07/Jul/2008:22:00:08 -0700] "HEAD /photos/st_p_art_museum/pages/PICT0539.html HTTP/1.0" 200 0 "-" "-" "russiannavy.net"
67.210.98.190 - - [07/Jul/2008:22:00:09 -0700] "GET /photos/st_p_art_museum/pages/PICT0539.html HTTP/1.0" 200 11726 "-" "-" "russiannavy.net"
67.210.98.190 - - [07/Jul/2008:22:00:09 -0700] "HEAD /photos/st_p_art_museum/pages/../images/PICT0539.jpg HTTP/1.0" 200 0 "-" "-" "russiannavy.net"
67.210.98.190 - - [07/Jul/2008:22:00:09 -0700] "GET /photos/st_p_art_museum/pages/../images/PICT0539.jpg HTTP/1.0" 200 91801 "-" "-" "russiannavy.net"
75.37.23.144 - - [07/Jul/2008:22:27:44 -0700] "GET /photos/events/tahoe_trip_14-16_Apr_06/images/IMGP9972.jpg HTTP/1.1" 200 61448 "http://mself.livejournal.com/" "Mozilla/4.0 (compatible; MSIE 7.0; Windows NT 5.1; .NET CLR 2.0.50727)" "russiannavy.net"
75.37.23.144 - - [07/Jul/2008:22:27:44 -0700] "GET /photos/events/tahoe_trip_14-16_Apr_06/images/IMGP9928.jpg HTTP/1.1" 200 38115 "http://mself.livejournal.com/" "Mozilla/4.0 (compatible; MSIE 7.0; Windows NT 5.1; .NET CLR 2.0.50727)" "russiannavy.net"
74.6.17.162 - - [07/Jul/2008:22:43:04 -0700] "GET /robots.txt HTTP/1.0" 404 275 "-" "Mozilla/5.0 (compatible; Yahoo! Slurp; http://help.yahoo.com/help/us/ysearch/slurp)" "russiannavy.net"
67.195.51.238 - - [07/Jul/2008:22:43:05 -0700] "GET /models/k-21/k-21.htm HTTP/1.0" 200 2245 "-" "Mozilla/5.0 (compatible; Yahoo! Slurp; http://help.yahoo.com/help/us/ysearch/slurp)" "russiannavy.net"
216.19.48.46 - - [07/Jul/2008:22:48:06 -0700] "GET /Ft_knox/P1130383.jpg HTTP/1.1" 200 41648 "http://www.ar15.com/forums/topic.html?b=1&f=5&t=726177&page=2" "Mozilla/5.0 (Windows; U; Windows NT 5.1; en-US; rv:1.8.1.14) Gecko/20080404 Firefox/2.0.0.14" "russiannavy.net"
216.19.48.46 - - [07/Jul/2008:22:48:07 -0700] "GET /Ft_knox/P1130423.jpg HTTP/1.1" 200 41853 "http://www.ar15.com/forums/topic.html?b=1&f=5&t=726177&page=2" "Mozilla/5.0 (Windows; U; Windows NT 5.1; en-US; rv:1.8.1.14) Gecko/20080404 Firefox/2.0.0.14" "russiannavy.net"
216.19.48.46 - - [07/Jul/2008:22:48:07 -0700] "GET /Ft_knox/P1130414.jpg HTTP/1.1" 200 52592 "http://www.ar15.com/forums/topic.html?b=1&f=5&t=726177&page=2" "Mozilla/5.0 (Windows; U; Windows NT 5.1; en-US; rv:1.8.1.14) Gecko/20080404 Firefox/2.0.0.14" "russiannavy.net"
67.195.37.176 - - [07/Jul/2008:23:02:29 -0700] "GET /robots.txt HTTP/1.0" 404 275 "-" "Mozilla/5.0 (compatible; Yahoo! Slurp; http://help.yahoo.com/help/us/ysearch/slurp)" "russiannavy.net"
67.195.37.176 - - [07/Jul/2008:23:02:29 -0700] "GET /photos/ HTTP/1.0" 200 2311 "-" "Mozilla/5.0 (compatible; Yahoo! Slurp/3.0; http://help.yahoo.com/help/us/ysearch/slurp)" "russiannavy.net"
67.195.37.176 - - [07/Jul/2008:23:03:54 -0700] "GET /photos/?S=A HTTP/1.0" 200 2311 "-" "Mozilla/5.0 (compatible; Yahoo! Slurp/3.0; http://help.yahoo.com/help/us/ysearch/slurp)" "russiannavy.net"
67.195.37.176 - - [07/Jul/2008:23:04:04 -0700] "GET /photos/planes_of_fame/ HTTP/1.0" 200 3730 "-" "Mozilla/5.0 (compatible; Yahoo! Slurp/3.0; http://help.yahoo.com/help/us/ysearch/slurp)" "russiannavy.net"
67.195.37.176 - - [07/Jul/2008:23:05:15 -0700] "GET /photos/events/ HTTP/1.0" 200 3025 "-" "Mozilla/5.0 (compatible; Yahoo! Slurp/3.0; http://help.yahoo.com/help/us/ysearch/slurp)" "russiannavy.net"
67.195.37.176 - - [07/Jul/2008:23:05:33 -0700] "GET /photos/?N=D HTTP/1.0" 200 2311 "-" "Mozilla/5.0 (compatible; Yahoo! Slurp/3.0; http://help.yahoo.com/help/us/ysearch/slurp)" "russiannavy.net"
67.195.37.176 - - [07/Jul/2008:23:12:22 -0700] "GET /photos/?M=A HTTP/1.0" 200 2311 "-" "Mozilla/5.0 (compatible; Yahoo! Slurp/3.0; http://help.yahoo.com/help/us/ysearch/slurp)" "russiannavy.net"
65.55.210.93 - - [07/Jul/2008:23:22:30 -0700] "GET /photos/st_p_art_museum/pages/PICT0596.html HTTP/1.1" 304 - "-" "msnbot/1.1 (+http://search.msn.com/msnbot.htm)" "russiannavy.net"
65.55.110.197 - - [07/Jul/2008:23:25:06 -0700] "GET /photos/st_p_art_museum/pages/PICT0596.html HTTP/1.0" 200 11727 "http://search.live.com/results.aspx?q=central&form=QBHP" "Mozilla/4.0 (compatible; MSIE 7.0; Windows NT 5.2; .NET CLR 1.1.4322)" "russiannavy.net"
66.249.65.205 - - [07/Jul/2008:23:26:37 -0700] "GET /models/udarny/IMGP9547s.jpg HTTP/1.1" 304 - "-" "Googlebot-Image/1.0" "russiannavy.net"
60.48.158.98 - - [07/Jul/2008:23:34:51 -0700] "GET /photos/st_p_art_museum/ HTTP/1.1" 200 8220 "http://tw.search.yahoo.com/search?p=russia+museum+of+artillery&y=%E6%90%9C%E5%B0%8B&fr=yfp&ei=UTF-8&rd=r1" "Mozilla/4.0 (compatible; MSIE 6.0; Windows NT 5.1; SV1; .NET CLR 2.0.50727)" "russiannavy.net"
60.48.158.98 - - [07/Jul/2008:23:34:52 -0700] "GET /photos/st_p_art_museum/thumbnails/PICT0494.jpg HTTP/1.1" 200 11890 "http://russiannavy.net/photos/st_p_art_museum/" "Mozilla/4.0 (compatible; MSIE 6.0; Windows NT 5.1; SV1; .NET CLR 2.0.50727)" "russiannavy.net"
60.48.158.98 - - [07/Jul/2008:23:34:52 -0700] "GET /favicon.ico HTTP/1.1" 404 275 "-" "Mozilla/4.0 (compatible; MSIE 6.0; Windows NT 5.1; SV1; .NET CLR 2.0.50727)" "russiannavy.net"
60.48.158.98 - - [07/Jul/2008:23:34:53 -0700] "GET /photos/st_p_art_museum/thumbnails/PICT0493.jpg HTTP/1.1" 200 11824 "http://russiannavy.net/photos/st_p_art_museum/" "Mozilla/4.0 (compatible; MSIE 6.0; Windows NT 5.1; SV1; .NET CLR 2.0.50727)" "russiannavy.net"
60.48.158.98 - - [07/Jul/2008:23:34:53 -0700] "GET /photos/st_p_art_museum/images/next.gif HTTP/1.1" 200 270 "http://russiannavy.net/photos/st_p_art_museum/" "Mozilla/4.0 (compatible; MSIE 6.0; Windows NT 5.1; SV1; .NET CLR 2.0.50727)" "russiannavy.net"
60.48.158.98 - - [07/Jul/2008:23:34:54 -0700] "GET /photos/st_p_art_museum/thumbnails/PICT0496.jpg HTTP/1.1" 200 12006 "http://russiannavy.net/photos/st_p_art_museum/" "Mozilla/4.0 (compatible; MSIE 6.0; Windows NT 5.1; SV1; .NET CLR 2.0.50727)" "russiannavy.net"
60.48.158.98 - - [07/Jul/2008:23:34:54 -0700] "GET /photos/st_p_art_museum/thumbnails/PICT0495.jpg HTTP/1.1" 200 11919 "http://russiannavy.net/photos/st_p_art_museum/" "Mozilla/4.0 (compatible; MSIE 6.0; Windows NT 5.1; SV1; .NET CLR 2.0.50727)" "russiannavy.net"
60.48.158.98 - - [07/Jul/2008:23:34:55 -0700] "GET /photos/st_p_art_museum/thumbnails/PICT0498.jpg HTTP/1.1" 200 11789 "http://russiannavy.net/photos/st_p_art_museum/" "Mozilla/4.0 (compatible; MSIE 6.0; Windows NT 5.1; SV1; .NET CLR 2.0.50727)" "russiannavy.net"
60.48.158.98 - - [07/Jul/2008:23:34:56 -0700] "GET /photos/st_p_art_museum/thumbnails/PICT0497.jpg HTTP/1.1" 200 11773 "http://russiannavy.net/photos/st_p_art_museum/" "Mozilla/4.0 (compatible; MSIE 6.0; Windows NT 5.1; SV1; .NET CLR 2.0.50727)" "russiannavy.net"
60.48.158.98 - - [07/Jul/2008:23:34:57 -0700] "GET /photos/st_p_art_museum/thumbnails/PICT0499.jpg HTTP/1.1" 200 11932 "http://russiannavy.net/photos/st_p_art_museum/" "Mozilla/4.0 (compatible; MSIE 6.0; Windows NT 5.1; SV1; .NET CLR 2.0.50727)" "russiannavy.net"
60.48.158.98 - - [07/Jul/2008:23:34:57 -0700] "GET /photos/st_p_art_museum/thumbnails/PICT0501.jpg HTTP/1.1" 200 11993 "http://russiannavy.net/photos/st_p_art_museum/" "Mozilla/4.0 (compatible; MSIE 6.0; Windows NT 5.1; SV1; .NET CLR 2.0.50727)" "russiannavy.net"
60.48.158.98 - - [07/Jul/2008:23:34:58 -0700] "GET /photos/st_p_art_museum/thumbnails/PICT0500.jpg HTTP/1.1" 200 11791 "http://russiannavy.net/photos/st_p_art_museum/" "Mozilla/4.0 (compatible; MSIE 6.0; Windows NT 5.1; SV1; .NET CLR 2.0.50727)" "russiannavy.net"
60.48.158.98 - - [07/Jul/2008:23:34:58 -0700] "GET /photos/st_p_art_museum/thumbnails/PICT0502.jpg HTTP/1.1" 200 11738 "http://russiannavy.net/photos/st_p_art_museum/" "Mozilla/4.0 (compatible; MSIE 6.0; Windows NT 5.1; SV1; .NET CLR 2.0.50727)" "russiannavy.net"
60.48.158.98 - - [07/Jul/2008:23:34:59 -0700] "GET /photos/st_p_art_museum/thumbnails/PICT0503.jpg HTTP/1.1" 200 11812 "http://russiannavy.net/photos/st_p_art_museum/" "Mozilla/4.0 (compatible; MSIE 6.0; Windows NT 5.1; SV1; .NET CLR 2.0.50727)" "russiannavy.net"
60.48.158.98 - - [07/Jul/2008:23:35:00 -0700] "GET /photos/st_p_art_museum/thumbnails/PICT0504.jpg HTTP/1.1" 200 11840 "http://russiannavy.net/photos/st_p_art_museum/" "Mozilla/4.0 (compatible; MSIE 6.0; Windows NT 5.1; SV1; .NET CLR 2.0.50727)" "russiannavy.net"
60.48.158.98 - - [07/Jul/2008:23:35:01 -0700] "GET /photos/st_p_art_museum/thumbnails/PICT0505.jpg HTTP/1.1" 200 12011 "http://russiannavy.net/photos/st_p_art_museum/" "Mozilla/4.0 (compatible; MSIE 6.0; Windows NT 5.1; SV1; .NET CLR 2.0.50727)" "russiannavy.net"
60.48.158.98 - - [07/Jul/2008:23:35:01 -0700] "GET /photos/st_p_art_museum/thumbnails/PICT0506.jpg HTTP/1.1" 200 11833 "http://russiannavy.net/photos/st_p_art_museum/" "Mozilla/4.0 (compatible; MSIE 6.0; Windows NT 5.1; SV1; .NET CLR 2.0.50727)" "russiannavy.net"
60.48.158.98 - - [07/Jul/2008:23:35:02 -0700] "GET /photos/st_p_art_museum/thumbnails/PICT0507.jpg HTTP/1.1" 200 11760 "http://russiannavy.net/photos/st_p_art_museum/" "Mozilla/4.0 (compatible; MSIE 6.0; Windows NT 5.1; SV1; .NET CLR 2.0.50727)" "russiannavy.net"
60.48.158.98 - - [07/Jul/2008:23:35:13 -0700] "GET / HTTP/1.1" 200 1315 "-" "Mozilla/4.0 (compatible; MSIE 6.0; Windows NT 5.1; SV1; .NET CLR 2.0.50727)" "russiannavy.net"
212.8.201.250 - - [07/Jul/2008:23:36:34 -0700] "GET /gallery/main.php?g2_view=core.ShowItem&g2_itemId=10 HTTP/1.1" 200 5 "http://www.svsm.org/links.html" "Mozilla/4.0 (compatible; MSIE 6.0; Windows NT 5.1; SV1; .NET CLR 1.1.4322)" "www.russiannavy.net"
61.135.168.112 - - [07/Jul/2008:23:45:23 -0700] "GET /photos/littlefield/ HTTP/1.1" 200 976 "-" "Baiduspider+(+http://www.baidu.com/search/spider.htm)" "russiannavy.net"
128.59.23.45 - - [07/Jul/2008:23:50:33 -0700] "GET /photos/littlefield/old_visits/2S7/images/IMG_2310.jpg HTTP/1.0" 200 72194 "-" "Mozilla/5.0 (X11; U; Linux i686; en-US; rv:1.8.1.11) Gecko/20060601 Firefox/2.0.0.11 (Ubuntu-edgy)" "russiannavy.net"
74.6.22.177 - - [08/Jul/2008:00:24:49 -0700] "GET /robots.txt HTTP/1.0" 404 275 "-" "Mozilla/5.0 (compatible; Yahoo! Slurp; http://help.yahoo.com/help/us/ysearch/slurp)" "russiannavy.net"
74.6.22.177 - - [08/Jul/2008:00:24:52 -0700] "GET /photos/st_p_art_museum/pages/PICT0570.html HTTP/1.0" 200 11726 "-" "Mozilla/5.0 (compatible; Yahoo! Slurp; http://help.yahoo.com/help/us/ysearch/slurp)" "russiannavy.net"
74.6.22.177 - - [08/Jul/2008:00:25:23 -0700] "GET /photos/littlefield/Sept_2004/M18_Hellcat/pages/IMGP1402.html HTTP/1.0" 200 2347 "-" "Mozilla/5.0 (compatible; Yahoo! Slurp; http://help.yahoo.com/help/us/ysearch/slurp)" "russiannavy.net"
74.6.22.177 - - [08/Jul/2008:00:28:39 -0700] "GET /photos/st_p_art_museum/pages/PICT0502.html HTTP/1.0" 200 11724 "-" "Mozilla/5.0 (compatible; Yahoo! Slurp; http://help.yahoo.com/help/us/ysearch/slurp)" "russiannavy.net"
74.6.8.125 - - [08/Jul/2008:00:35:55 -0700] "GET /robots.txt HTTP/1.0" 404 275 "-" "Mozilla/5.0 (compatible; Yahoo! Slurp; http://help.yahoo.com/help/us/ysearch/slurp)" "russiannavy.net"
74.6.87.105 - - [08/Jul/2008:00:35:55 -0700] "GET /photos/st_p_art_museum/ HTTP/1.0" 200 8220 "-" "Mozilla/5.0 (compatible; Yahoo! Slurp; http://help.yahoo.com/help/us/ysearch/slurp)" "russiannavy.net"
74.6.22.177 - - [08/Jul/2008:00:40:17 -0700] "GET /models/bayan/bayan.htm HTTP/1.0" 200 4591 "-" "Mozilla/5.0 (compatible; Yahoo! Slurp; http://help.yahoo.com/help/us/ysearch/slurp)" "russiannavy.net"
74.6.22.177 - - [08/Jul/2008:01:13:05 -0700] "GET /photos/vegas_trip/pages/IMGP7764.htm HTTP/1.0" 200 3609 "-" "Mozilla/5.0 (compatible; Yahoo! Slurp; http://help.yahoo.com/help/us/ysearch/slurp)" "russiannavy.net"
128.59.23.45 - - [08/Jul/2008:01:16:59 -0700] "GET /photos/littlefield/old_visits/ZSU-4-23/images/IMG_2421.jpg HTTP/1.0" 200 101497 "-" "Mozilla/5.0 (X11; U; Linux i686; en-US; rv:1.8.1.11) Gecko/20060601 Firefox/2.0.0.11 (Ubuntu-edgy)" "russiannavy.net"
74.6.22.177 - - [08/Jul/2008:01:19:16 -0700] "GET /photos/st_p_art_museum/pages/PICT0531.html HTTP/1.0" 200 11726 "-" "Mozilla/5.0 (compatible; Yahoo! Slurp; http://help.yahoo.com/help/us/ysearch/slurp)" "russiannavy.net"
74.6.22.177 - - [08/Jul/2008:01:28:00 -0700] "GET /models/k-21/ HTTP/1.0" 200 1767 "-" "Mozilla/5.0 (compatible; Yahoo! Slurp; http://help.yahoo.com/help/us/ysearch/slurp)" "russiannavy.net"
74.6.22.177 - - [08/Jul/2008:01:31:58 -0700] "GET /gallery/main.php?g2_view=core.ShowItem&g2_itemId=10912 HTTP/1.0" 200 0 "-" "Mozilla/5.0 (compatible; Yahoo! Slurp; http://help.yahoo.com/help/us/ysearch/slurp)" "russiannavy.net"
74.6.22.177 - - [08/Jul/2008:01:39:21 -0700] "GET /photos/st_p_art_museum/pages/PICT0584.html HTTP/1.0" 200 11726 "-" "Mozilla/5.0 (compatible; Yahoo! Slurp; http://help.yahoo.com/help/us/ysearch/slurp)" "russiannavy.net"
74.6.22.177 - - [08/Jul/2008:01:40:21 -0700] "GET /photos/littlefield/Sept_2004/M18_Hellcat/pages/IMGP0793.html HTTP/1.0" 200 2487 "-" "Mozilla/5.0 (compatible; Yahoo! Slurp; http://help.yahoo.com/help/us/ysearch/slurp)" "russiannavy.net"
74.6.22.177 - - [08/Jul/2008:01:41:50 -0700] "GET /photos/st_p_art_museum/pages/PICT0509.html HTTP/1.0" 200 11726 "-" "Mozilla/5.0 (compatible; Yahoo! Slurp; http://help.yahoo.com/help/us/ysearch/slurp)" "russiannavy.net"
74.6.22.103 - - [08/Jul/2008:01:42:31 -0700] "GET /robots.txt HTTP/1.0" 404 275 "-" "Mozilla/5.0 (compatible; Yahoo! Slurp; http://help.yahoo.com/help/us/ysearch/slurp)" "www.russiannavy.net"
67.195.52.46 - - [08/Jul/2008:01:42:32 -0700] "GET /gallery/ HTTP/1.0" 302 0 "-" "Mozilla/5.0 (compatible; Yahoo! Slurp; http://help.yahoo.com/help/us/ysearch/slurp)" "www.russiannavy.net"
67.195.52.46 - - [08/Jul/2008:01:42:33 -0700] "GET /gallery/main.php HTTP/1.0" 200 0 "-" "Mozilla/5.0 (compatible; Yahoo! Slurp; http://help.yahoo.com/help/us/ysearch/slurp)" "www.russiannavy.net"
74.6.22.177 - - [08/Jul/2008:01:45:53 -0700] "GET /models/collection/?D=A HTTP/1.0" 200 1239 "-" "Mozilla/5.0 (compatible; Yahoo! Slurp; http://help.yahoo.com/help/us/ysearch/slurp)" "russiannavy.net"
208.80.193.54 - - [08/Jul/2008:01:53:05 -0700] "GET / HTTP/1.0" 200 1315 "-" "Mozilla/4.0 (compatible; MSIE 6.0; Windows NT 5.2; SV1; .NET CLR 1.1.4322; InfoPath.1; .NET CLR 2.0.50727; .NET CLR 1.0.3705)" "www.russiannavy.net"
74.6.22.177 - - [08/Jul/2008:01:59:10 -0700] "GET /photos/st_p_art_museum/pages/PICT0583.html HTTP/1.0" 200 11726 "-" "Mozilla/5.0 (compatible; Yahoo! Slurp; http://help.yahoo.com/help/us/ysearch/slurp)" "russiannavy.net"
74.6.22.177 - - [08/Jul/2008:02:02:50 -0700] "GET /models/bai/ HTTP/1.0" 200 525 "-" "Mozilla/5.0 (compatible; Yahoo! Slurp; http://help.yahoo.com/help/us/ysearch/slurp)" "russiannavy.net"
128.59.23.45 - - [08/Jul/2008:02:03:01 -0700] "GET /photos/littlefield/old_visits/Su-100/images/IMG_2269.jpg HTTP/1.0" 200 74148 "-" "Mozilla/5.0 (X11; U; Linux i686; en-US; rv:1.8.1.11) Gecko/20060601 Firefox/2.0.0.11 (Ubuntu-edgy)" "russiannavy.net"
74.6.22.177 - - [08/Jul/2008:02:09:41 -0700] "GET /models/bai/?N=D HTTP/1.0" 200 525 "-" "Mozilla/5.0 (compatible; Yahoo! Slurp; http://help.yahoo.com/help/us/ysearch/slurp)" "russiannavy.net"
74.6.22.177 - - [08/Jul/2008:02:13:42 -0700] "GET /photos/st_p_art_museum/pages/PICT0627.html HTTP/1.0" 200 11727 "-" "Mozilla/5.0 (compatible; Yahoo! Slurp; http://help.yahoo.com/help/us/ysearch/slurp)" "russiannavy.net"
74.6.22.177 - - [08/Jul/2008:02:19:43 -0700] "GET /models/a-20/?N=D HTTP/1.0" 200 6555 "-" "Mozilla/5.0 (compatible; Yahoo! Slurp; http://help.yahoo.com/help/us/ysearch/slurp)" "russiannavy.net"
208.80.193.55 - - [08/Jul/2008:02:34:53 -0700] "GET / HTTP/1.0" 200 1315 "-" "Mozilla/4.0 (compatible; MSIE 7.0; Windows NT 5.1; {4150D290-0974-7F1D-5AD5-E5FC833FF1EC}; .NET CLR 2.0.50727; .NET CLR 1.1.4322; InfoPath.1)" "russiannavy.net"
74.6.22.177 - - [08/Jul/2008:02:37:01 -0700] "GET /photos/st_p_art_museum/pages/PICT0633.html HTTP/1.0" 200 11728 "-" "Mozilla/5.0 (compatible; Yahoo! Slurp; http://help.yahoo.com/help/us/ysearch/slurp)" "russiannavy.net"
83.14.197.234 - - [08/Jul/2008:02:44:15 -0700] "GET /photos/st_p_art_museum/ HTTP/1.1" 200 8220 "http://dws.org.pl/viewtopic.php?f=56&t=11533&sid=06ccb627f4c195dcefe4c6f6808ce72e" "Mozilla/5.0 (Windows; U; Windows NT 5.1; pl; rv:1.8.1.15) Gecko/20080623 Firefox/2.0.0.15" "russiannavy.net"
83.14.197.234 - - [08/Jul/2008:02:44:16 -0700] "GET /photos/st_p_art_museum/thumbnails/PICT0493.jpg HTTP/1.1" 200 11824 "http://russiannavy.net/photos/st_p_art_museum/" "Mozilla/5.0 (Windows; U; Windows NT 5.1; pl; rv:1.8.1.15) Gecko/20080623 Firefox/2.0.0.15" "russiannavy.net"
83.14.197.234 - - [08/Jul/2008:02:44:16 -0700] "GET /photos/st_p_art_museum/images/next.gif HTTP/1.1" 200 270 "http://russiannavy.net/photos/st_p_art_museum/" "Mozilla/5.0 (Windows; U; Windows NT 5.1; pl; rv:1.8.1.15) Gecko/20080623 Firefox/2.0.0.15" "russiannavy.net"
83.14.197.234 - - [08/Jul/2008:02:44:17 -0700] "GET /photos/st_p_art_museum/thumbnails/PICT0494.jpg HTTP/1.1" 200 11890 "http://russiannavy.net/photos/st_p_art_museum/" "Mozilla/5.0 (Windows; U; Windows NT 5.1; pl; rv:1.8.1.15) Gecko/20080623 Firefox/2.0.0.15" "russiannavy.net"
83.14.197.234 - - [08/Jul/2008:02:44:17 -0700] "GET /photos/st_p_art_museum/thumbnails/PICT0495.jpg HTTP/1.1" 200 11919 "http://russiannavy.net/photos/st_p_art_museum/" "Mozilla/5.0 (Windows; U; Windows NT 5.1; pl; rv:1.8.1.15) Gecko/20080623 Firefox/2.0.0.15" "russiannavy.net"
83.14.197.234 - - [08/Jul/2008:02:44:18 -0700] "GET /photos/st_p_art_museum/thumbnails/PICT0496.jpg HTTP/1.1" 200 12006 "http://russiannavy.net/photos/st_p_art_museum/" "Mozilla/5.0 (Windows; U; Windows NT 5.1; pl; rv:1.8.1.15) Gecko/20080623 Firefox/2.0.0.15" "russiannavy.net"
83.14.197.234 - - [08/Jul/2008:02:44:18 -0700] "GET /photos/st_p_art_museum/thumbnails/PICT0497.jpg HTTP/1.1" 200 11773 "http://russiannavy.net/photos/st_p_art_museum/" "Mozilla/5.0 (Windows; U; Windows NT 5.1; pl; rv:1.8.1.15) Gecko/20080623 Firefox/2.0.0.15" "russiannavy.net"
83.14.197.234 - - [08/Jul/2008:02:44:18 -0700] "GET /photos/st_p_art_museum/thumbnails/PICT0498.jpg HTTP/1.1" 200 11789 "http://russiannavy.net/photos/st_p_art_museum/" "Mozilla/5.0 (Windows; U; Windows NT 5.1; pl; rv:1.8.1.15) Gecko/20080623 Firefox/2.0.0.15" "russiannavy.net"
83.14.197.234 - - [08/Jul/2008:02:44:19 -0700] "GET /photos/st_p_art_museum/thumbnails/PICT0499.jpg HTTP/1.1" 200 11932 "http://russiannavy.net/photos/st_p_art_museum/" "Mozilla/5.0 (Windows; U; Windows NT 5.1; pl; rv:1.8.1.15) Gecko/20080623 Firefox/2.0.0.15" "russiannavy.net"
83.14.197.234 - - [08/Jul/2008:02:44:19 -0700] "GET /photos/st_p_art_museum/thumbnails/PICT0500.jpg HTTP/1.1" 200 11791 "http://russiannavy.net/photos/st_p_art_museum/" "Mozilla/5.0 (Windows; U; Windows NT 5.1; pl; rv:1.8.1.15) Gecko/20080623 Firefox/2.0.0.15" "russiannavy.net"
83.14.197.234 - - [08/Jul/2008:02:44:20 -0700] "GET /photos/st_p_art_museum/thumbnails/PICT0501.jpg HTTP/1.1" 200 11993 "http://russiannavy.net/photos/st_p_art_museum/" "Mozilla/5.0 (Windows; U; Windows NT 5.1; pl; rv:1.8.1.15) Gecko/20080623 Firefox/2.0.0.15" "russiannavy.net"
83.14.197.234 - - [08/Jul/2008:02:44:20 -0700] "GET /photos/st_p_art_museum/thumbnails/PICT0502.jpg HTTP/1.1" 200 11738 "http://russiannavy.net/photos/st_p_art_museum/" "Mozilla/5.0 (Windows; U; Windows NT 5.1; pl; rv:1.8.1.15) Gecko/20080623 Firefox/2.0.0.15" "russiannavy.net"
83.14.197.234 - - [08/Jul/2008:02:44:20 -0700] "GET /photos/st_p_art_museum/thumbnails/PICT0503.jpg HTTP/1.1" 200 11812 "http://russiannavy.net/photos/st_p_art_museum/" "Mozilla/5.0 (Windows; U; Windows NT 5.1; pl; rv:1.8.1.15) Gecko/20080623 Firefox/2.0.0.15" "russiannavy.net"
83.14.197.234 - - [08/Jul/2008:02:44:21 -0700] "GET /photos/st_p_art_museum/thumbnails/PICT0504.jpg HTTP/1.1" 200 11840 "http://russiannavy.net/photos/st_p_art_museum/" "Mozilla/5.0 (Windows; U; Windows NT 5.1; pl; rv:1.8.1.15) Gecko/20080623 Firefox/2.0.0.15" "russiannavy.net"
83.14.197.234 - - [08/Jul/2008:02:44:21 -0700] "GET /photos/st_p_art_museum/thumbnails/PICT0505.jpg HTTP/1.1" 200 12011 "http://russiannavy.net/photos/st_p_art_museum/" "Mozilla/5.0 (Windows; U; Windows NT 5.1; pl; rv:1.8.1.15) Gecko/20080623 Firefox/2.0.0.15" "russiannavy.net"
83.14.197.234 - - [08/Jul/2008:02:44:22 -0700] "GET /photos/st_p_art_museum/thumbnails/PICT0506.jpg HTTP/1.1" 200 11833 "http://russiannavy.net/photos/st_p_art_museum/" "Mozilla/5.0 (Windows; U; Windows NT 5.1; pl; rv:1.8.1.15) Gecko/20080623 Firefox/2.0.0.15" "russiannavy.net"
83.14.197.234 - - [08/Jul/2008:02:44:22 -0700] "GET /photos/st_p_art_museum/thumbnails/PICT0507.jpg HTTP/1.1" 200 11760 "http://russiannavy.net/photos/st_p_art_museum/" "Mozilla/5.0 (Windows; U; Windows NT 5.1; pl; rv:1.8.1.15) Gecko/20080623 Firefox/2.0.0.15" "russiannavy.net"
83.14.197.234 - - [08/Jul/2008:02:44:23 -0700] "GET /favicon.ico HTTP/1.1" 404 275 "-" "Mozilla/5.0 (Windows; U; Windows NT 5.1; pl; rv:1.8.1.15) Gecko/20080623 Firefox/2.0.0.15" "russiannavy.net"
83.14.197.234 - - [08/Jul/2008:02:44:24 -0700] "GET /photos/st_p_art_museum/pages/PICT0499.html HTTP/1.1" 200 11723 "http://russiannavy.net/photos/st_p_art_museum/" "Mozilla/5.0 (Windows; U; Windows NT 5.1; pl; rv:1.8.1.15) Gecko/20080623 Firefox/2.0.0.15" "russiannavy.net"
83.14.197.234 - - [08/Jul/2008:02:44:25 -0700] "GET /photos/st_p_art_museum/images/previous.gif HTTP/1.1" 200 271 "http://russiannavy.net/photos/st_p_art_museum/pages/PICT0499.html" "Mozilla/5.0 (Windows; U; Windows NT 5.1; pl; rv:1.8.1.15) Gecko/20080623 Firefox/2.0.0.15" "russiannavy.net"
83.14.197.234 - - [08/Jul/2008:02:44:25 -0700] "GET /photos/st_p_art_museum/images/home.gif HTTP/1.1" 200 268 "http://russiannavy.net/photos/st_p_art_museum/pages/PICT0499.html" "Mozilla/5.0 (Windows; U; Windows NT 5.1; pl; rv:1.8.1.15) Gecko/20080623 Firefox/2.0.0.15" "russiannavy.net"
83.14.197.234 - - [08/Jul/2008:02:44:25 -0700] "GET /photos/st_p_art_museum/images/PICT0499.jpg HTTP/1.1" 200 83227 "http://russiannavy.net/photos/st_p_art_museum/pages/PICT0499.html" "Mozilla/5.0 (Windows; U; Windows NT 5.1; pl; rv:1.8.1.15) Gecko/20080623 Firefox/2.0.0.15" "russiannavy.net"
83.14.197.234 - - [08/Jul/2008:02:44:42 -0700] "GET /photos/st_p_art_museum/pages/PICT0631.html HTTP/1.1" 200 11728 "http://russiannavy.net/photos/st_p_art_museum/pages/PICT0499.html" "Mozilla/5.0 (Windows; U; Windows NT 5.1; pl; rv:1.8.1.15) Gecko/20080623 Firefox/2.0.0.15" "russiannavy.net"
83.14.197.234 - - [08/Jul/2008:02:44:43 -0700] "GET /photos/st_p_art_museum/images/PICT0631.jpg HTTP/1.1" 200 103048 "http://russiannavy.net/photos/st_p_art_museum/pages/PICT0631.html" "Mozilla/5.0 (Windows; U; Windows NT 5.1; pl; rv:1.8.1.15) Gecko/20080623 Firefox/2.0.0.15" "russiannavy.net"
83.14.197.234 - - [08/Jul/2008:02:44:48 -0700] "GET /photos/st_p_art_museum/pages/PICT0780.html HTTP/1.1" 200 11728 "http://russiannavy.net/photos/st_p_art_museum/pages/PICT0631.html" "Mozilla/5.0 (Windows; U; Windows NT 5.1; pl; rv:1.8.1.15) Gecko/20080623 Firefox/2.0.0.15" "russiannavy.net"
83.14.197.234 - - [08/Jul/2008:02:44:49 -0700] "GET /photos/st_p_art_museum/images/PICT0780.jpg HTTP/1.1" 200 47932 "http://russiannavy.net/photos/st_p_art_museum/pages/PICT0780.html" "Mozilla/5.0 (Windows; U; Windows NT 5.1; pl; rv:1.8.1.15) Gecko/20080623 Firefox/2.0.0.15" "russiannavy.net"
83.14.197.234 - - [08/Jul/2008:02:44:54 -0700] "GET /photos/st_p_art_museum/pages/PICT0620.html HTTP/1.1" 200 11727 "http://russiannavy.net/photos/st_p_art_museum/pages/PICT0780.html" "Mozilla/5.0 (Windows; U; Windows NT 5.1; pl; rv:1.8.1.15) Gecko/20080623 Firefox/2.0.0.15" "russiannavy.net"
83.14.197.234 - - [08/Jul/2008:02:44:54 -0700] "GET /photos/st_p_art_museum/images/PICT0620.jpg HTTP/1.1" 200 126838 "http://russiannavy.net/photos/st_p_art_museum/pages/PICT0620.html" "Mozilla/5.0 (Windows; U; Windows NT 5.1; pl; rv:1.8.1.15) Gecko/20080623 Firefox/2.0.0.15" "russiannavy.net"
203.162.35.168 - - [08/Jul/2008:02:46:44 -0700] "GET /photos/misc/i11749-image-original.jpg HTTP/1.0" 200 295629 "http://bacduyenha.com/viewthread.php?tid=456&extra=page%3D1" "Mozilla/4.0 (compatible; MSIE 7.0; Windows NT 5.1; InfoPath.1; InfoPath.2; .NET CLR 1.1.4322)" "russiannavy.net"
74.6.22.177 - - [08/Jul/2008:02:50:47 -0700] "GET /models/bai/?S=A HTTP/1.0" 200 525 "-" "Mozilla/5.0 (compatible; Yahoo! Slurp; http://help.yahoo.com/help/us/ysearch/slurp)" "russiannavy.net"
61.247.222.53 - - [08/Jul/2008:02:54:08 -0700] "GET /robots.txt HTTP/1.1" 404 275 "-" "Yeti/1.0 (+http://help.naver.com/robots/)" "russiannavy.net"
61.247.222.53 - - [08/Jul/2008:02:54:08 -0700] "GET /photos/st_p_art_museum/index_2.html HTTP/1.1" 200 8371 "-" "Yeti/1.0 (+http://help.naver.com/robots/)" "russiannavy.net"
74.6.22.177 - - [08/Jul/2008:02:56:39 -0700] "GET /models/bai/?N=A HTTP/1.0" 200 525 "-" "Mozilla/5.0 (compatible; Yahoo! Slurp; http://help.yahoo.com/help/us/ysearch/slurp)" "russiannavy.net"
74.6.17.179 - - [08/Jul/2008:03:11:58 -0700] "GET /robots.txt HTTP/1.0" 404 275 "-" "Mozilla/5.0 (compatible; Yahoo! Slurp; http://help.yahoo.com/help/us/ysearch/slurp)" "www.russiannavy.net"
74.6.17.179 - - [08/Jul/2008:03:11:59 -0700] "GET /gallery/main.php?g2_view=core.ShowItem&g2_itemId=10 HTTP/1.0" 200 0 "-" "Mozilla/5.0 (compatible; Yahoo! Slurp; http://help.yahoo.com/help/us/ysearch/slurp)" "www.russiannavy.net"
212.68.162.134 - - [08/Jul/2008:03:12:40 -0700] "GET /photos/misc/i11749-image-original.jpg HTTP/1.0" 200 295629 "http://www.militaryphotos.net/forums/showthread.php?t=99988&page=142" "Mozilla/4.0 (compatible; MSIE 6.0; Windows NT 5.1; SV1)" "russiannavy.net"
74.6.22.177 - - [08/Jul/2008:03:16:18 -0700] "GET /models/bai/?M=A HTTP/1.0" 200 525 "-" "Mozilla/5.0 (compatible; Yahoo! Slurp; http://help.yahoo.com/help/us/ysearch/slurp)" "russiannavy.net"
66.249.65.205 - - [08/Jul/2008:03:16:47 -0700] "GET /photos/events/new_york_19-27_nov_06/pages/IMGP4858.htm HTTP/1.1" 200 6297 "-" "Mozilla/5.0 (compatible; Googlebot/2.1; +http://www.google.com/bot.html)" "russiannavy.net"
67.193.72.207 - - [08/Jul/2008:03:35:38 -0700] "GET /models/udarny/IMGP9600s.jpg HTTP/1.1" 200 109001 "http://www.shipmodels.info/mws_forum/viewtopic.php?f=13&t=34939&start=15" "Mozilla/4.0 (compatible; MSIE 6.0; Windows NT 5.0; ub2; Mozilla/4.0 (compatible; MSIE 6.0; Windows NT 5.1; SV1) ; .NET CLR 1.1.4322; .NET CLR 2.0.50727)" "russiannavy.net"
74.6.22.177 - - [08/Jul/2008:03:37:21 -0700] "GET /photos/littlefield/Sept_2004/Sherman/pages/IMGP1065.html HTTP/1.0" 200 2327 "-" "Mozilla/5.0 (compatible; Yahoo! Slurp; http://help.yahoo.com/help/us/ysearch/slurp)" "russiannavy.net"
85.164.243.33 - - [08/Jul/2008:03:46:02 -0700] "GET /models/udarny/IMGP9600s.jpg HTTP/1.1" 200 109001 "http://63.99.108.76/forums/index.php?showtopic=24682&st=20" "Mozilla/4.0 (compatible; MSIE 7.0; Windows NT 5.1; .NET CLR 1.1.4322; .NET CLR 2.0.50727)" "russiannavy.net"
85.164.243.33 - - [08/Jul/2008:03:46:02 -0700] "GET /models/rurik/rurik1sm_small.jpg HTTP/1.1" 200 2031 "http://63.99.108.76/forums/index.php?showtopic=24682&st=20" "Mozilla/4.0 (compatible; MSIE 7.0; Windows NT 5.1; .NET CLR 1.1.4322; .NET CLR 2.0.50727)" "russiannavy.net"
85.164.243.33 - - [08/Jul/2008:03:46:13 -0700] "GET /models/storozhevoi/gun1.jpg HTTP/1.1" 200 67566 "http://63.99.108.76/forums/index.php?showtopic=24093" "Mozilla/4.0 (compatible; MSIE 7.0; Windows NT 5.1; .NET CLR 1.1.4322; .NET CLR 2.0.50727)" "www.russiannavy.net"
85.164.243.33 - - [08/Jul/2008:03:46:15 -0700] "GET /models/storozhevoi/gun2.jpg HTTP/1.1" 200 308156 "http://63.99.108.76/forums/index.php?showtopic=24093" "Mozilla/4.0 (compatible; MSIE 7.0; Windows NT 5.1; .NET CLR 1.1.4322; .NET CLR 2.0.50727)" "www.russiannavy.net"
85.164.243.33 - - [08/Jul/2008:03:46:15 -0700] "GET /models/storozhevoi/gun3.jpg HTTP/1.1" 200 228023 "http://63.99.108.76/forums/index.php?showtopic=24093" "Mozilla/4.0 (compatible; MSIE 7.0; Windows NT 5.1; .NET CLR 1.1.4322; .NET CLR 2.0.50727)" "www.russiannavy.net"
85.164.243.33 - - [08/Jul/2008:03:46:16 -0700] "GET /models/storozhevoi/diorama.jpg HTTP/1.1" 200 160126 "http://63.99.108.76/forums/index.php?showtopic=24093" "Mozilla/4.0 (compatible; MSIE 7.0; Windows NT 5.1; .NET CLR 1.1.4322; .NET CLR 2.0.50727)" "www.russiannavy.net"
195.189.142.249 - - [08/Jul/2008:03:51:22 -0700] "GET /models/bayan/bayan.htm HTTP/1.1" 200 4591 "http://www.operamini.com/" "Opera/8.01 (J2ME/MIDP; Opera Mini/1.2.3214/1724; ru; U; ssr)" "russiannavy.net"
195.189.142.249 - - [08/Jul/2008:03:51:22 -0700] "GET /models/bayan/Bayan8_small.jpg HTTP/1.1" 200 1455 "http://russiannavy.net/models/bayan/bayan.htm" "Opera/8.01 (J2ME/MIDP; Opera Mini/1.2.3214/1724; ru; U; ssr)" "russiannavy.net"
195.189.142.249 - - [08/Jul/2008:03:51:22 -0700] "GET /models/bayan/Bayan9_small.jpg HTTP/1.1" 200 2079 "http://russiannavy.net/models/bayan/bayan.htm" "Opera/8.01 (J2ME/MIDP; Opera Mini/1.2.3214/1724; ru; U; ssr)" "russiannavy.net"
195.189.142.249 - - [08/Jul/2008:03:51:22 -0700] "GET /models/bayan/Bayan14_small.jpg HTTP/1.1" 200 2958 "http://russiannavy.net/models/bayan/bayan.htm" "Opera/8.01 (J2ME/MIDP; Opera Mini/1.2.3214/1724; ru; U; ssr)" "russiannavy.net"
195.189.142.249 - - [08/Jul/2008:03:51:22 -0700] "GET /models/bayan/Bayan15_small.jpg HTTP/1.1" 200 3053 "http://russiannavy.net/models/bayan/bayan.htm" "Opera/8.01 (J2ME/MIDP; Opera Mini/1.2.3214/1724; ru; U; ssr)" "russiannavy.net"
195.189.142.249 - - [08/Jul/2008:03:51:22 -0700] "GET /models/bayan/Bayan12_small.jpg HTTP/1.1" 200 3701 "http://russiannavy.net/models/bayan/bayan.htm" "Opera/8.01 (J2ME/MIDP; Opera Mini/1.2.3214/1724; ru; U; ssr)" "russiannavy.net"
195.189.142.249 - - [08/Jul/2008:03:51:22 -0700] "GET /models/bayan/Bayan10_small.jpg HTTP/1.1" 200 1963 "http://russiannavy.net/models/bayan/bayan.htm" "Opera/8.01 (J2ME/MIDP; Opera Mini/1.2.3214/1724; ru; U; ssr)" "russiannavy.net"
195.189.142.249 - - [08/Jul/2008:03:51:22 -0700] "GET /models/bayan/Bayan11_small.jpg HTTP/1.1" 200 1832 "http://russiannavy.net/models/bayan/bayan.htm" "Opera/8.01 (J2ME/MIDP; Opera Mini/1.2.3214/1724; ru; U; ssr)" "russiannavy.net"
195.189.142.249 - - [08/Jul/2008:03:51:22 -0700] "GET /models/bayan/Bayan13_small.jpg HTTP/1.1" 200 1820 "http://russiannavy.net/models/bayan/bayan.htm" "Opera/8.01 (J2ME/MIDP; Opera Mini/1.2.3214/1724; ru; U; ssr)" "russiannavy.net"
195.189.142.249 - - [08/Jul/2008:03:51:22 -0700] "GET /models/bayan/Bayan-bw.jpg HTTP/1.1" 200 109221 "http://russiannavy.net/models/bayan/bayan.htm" "Opera/8.01 (J2ME/MIDP; Opera Mini/1.2.3214/1724; ru; U; ssr)" "russiannavy.net"
195.189.142.249 - - [08/Jul/2008:03:51:23 -0700] "GET /favicon.ico HTTP/1.1" 404 275 "http://russiannavy.net/models/bayan/bayan.htm" "Opera/8.01 (J2ME/MIDP; Opera Mini/1.2.3214/1724; ru; U; ssr)" "russiannavy.net"
66.249.65.205 - - [08/Jul/2008:03:55:11 -0700] "GET /photos/st_p_art_museum/pages/PICT0517.html HTTP/1.1" 304 - "-" "Mozilla/5.0 (compatible; Googlebot/2.1; +http://www.google.com/bot.html)" "russiannavy.net"
74.6.22.177 - - [08/Jul/2008:03:56:30 -0700] "GET /photos/st_p_art_museum/pages/PICT0733.html HTTP/1.0" 200 11728 "-" "Mozilla/5.0 (compatible; Yahoo! Slurp; http://help.yahoo.com/help/us/ysearch/slurp)" "russiannavy.net"
87.97.61.185 - - [08/Jul/2008:03:58:50 -0700] "GET /photos/st_p_art_museum/images/PICT0692.jpg HTTP/1.1" 200 125590 "http://images.google.hu/imgres?imgurl=http://russiannavy.net/photos/st_p_art_museum/images/PICT0692.jpg&imgrefurl=http://forum.rpg.hu/lofiversion/index.php/t4219-800.html&h=600&w=800&sz=123&tbnid=Gzmaq1RU_eUpIM:&tbnh=107&tbnw=143&hl=hu&prev=/images%3Fq%3D%25C3%25B6nj%25C3%25A1r%25C3%25B3%2Bl%25C3%25B6veg%26gbv%3D2%26hl%3Dhu%26client%3Dfirefox-a%26rls%3Dorg.mozilla:hu:official%26sa%3DG&frame=small" "Mozilla/5.0 (Windows; U; Windows NT 5.1; hu; rv:1.8.1.15) Gecko/20080623 Firefox/2.0.0.15" "russiannavy.net"
74.6.22.177 - - [08/Jul/2008:04:03:10 -0700] "GET /photos/st_p_art_museum/pages/PICT0600.html HTTP/1.0" 200 11727 "-" "Mozilla/5.0 (compatible; Yahoo! Slurp; http://help.yahoo.com/help/us/ysearch/slurp)" "russiannavy.net"
66.249.65.205 - - [08/Jul/2008:04:03:43 -0700] "GET /photos/st_p_art_museum/images/PICT0495.jpg HTTP/1.1" 304 - "-" "Googlebot-Image/1.0" "russiannavy.net"
190.17.208.235 - - [08/Jul/2008:04:24:41 -0700] "GET /photos/misc/i11749-image-original.jpg HTTP/1.1" 200 295629 "http://www.militaryphotos.net/forums/showthread.php?t=99988&page=142" "Mozilla/4.0 (compatible; MSIE 6.0; Windows 98; Win 9x 4.90; Ciudad Internet)" "russiannavy.net"
93.135.39.165 - - [08/Jul/2008:04:37:06 -0700] "GET /photos/misc/i11749-image-original.jpg HTTP/1.1" 200 295629 "http://www.militaryphotos.net/forums/showthread.php?t=99988&page=142" "Mozilla/5.0 (Windows; U; Windows NT 5.1; de; rv:1.8.1.15) Gecko/20080623 Firefox/2.0.0.15" "russiannavy.net"
83.31.27.160 - - [08/Jul/2008:05:17:28 -0700] "GET /models/rurik/rurik1sm_small.jpg HTTP/1.1" 304 - "http://63.99.108.76/forums/index.php?showtopic=19302&st=0&p=409169&#entry409169" "Mozilla/4.0 (compatible; MSIE 7.0; Windows NT 5.1; MEGAUPLOAD 1.0; .NET CLR 2.0.50727)" "russiannavy.net"
74.6.22.177 - - [08/Jul/2008:05:31:15 -0700] "GET /models/udarny/?M=A HTTP/1.0" 200 7013 "-" "Mozilla/5.0 (compatible; Yahoo! Slurp; http://help.yahoo.com/help/us/ysearch/slurp)" "russiannavy.net"
86.57.156.116 - - [08/Jul/2008:05:34:31 -0700] "GET /gallery HTTP/1.1" 301 94 "-" "Mozilla/5.0 (Windows; U; Windows NT 5.1; ru; rv:1.8.1.4) Gecko/20070515 Firefox/2.0.0.4" "russiannavy.net"
86.57.156.116 - - [08/Jul/2008:05:34:32 -0700] "GET /gallery/ HTTP/1.1" 302 5 "-" "Mozilla/5.0 (Windows; U; Windows NT 5.1; ru; rv:1.8.1.4) Gecko/20070515 Firefox/2.0.0.4" "russiannavy.net"
86.57.156.116 - - [08/Jul/2008:05:34:34 -0700] "GET /gallery/main.php HTTP/1.1" 200 5 "-" "Mozilla/5.0 (Windows; U; Windows NT 5.1; ru; rv:1.8.1.4) Gecko/20070515 Firefox/2.0.0.4" "russiannavy.net"
86.57.156.116 - - [08/Jul/2008:05:34:35 -0700] "GET /favicon.ico HTTP/1.1" 404 275 "-" "Mozilla/5.0 (compatible; Google Desktop)" "russiannavy.net"
86.57.156.116 - - [08/Jul/2008:05:34:35 -0700] "GET /favicon.ico HTTP/1.1" 404 275 "-" "Mozilla/5.0 (Windows; U; Windows NT 5.1; ru; rv:1.8.1.4) Gecko/20070515 Firefox/2.0.0.4" "russiannavy.net"
66.249.65.205 - - [08/Jul/2008:05:37:42 -0700] "GET /bk.html HTTP/1.1" 304 - "-" "Mozilla/5.0 (compatible; Googlebot/2.1; +http://www.google.com/bot.html)" "russiannavy.net"
91.53.127.212 - - [08/Jul/2008:05:46:10 -0700] "GET /photos/st_p_art_museum/images/PICT0692.jpg HTTP/1.1" 200 125590 "http://www.whq-forum.de/invisionboard/lofiversion/index.php/t24694-2500.html" "Mozilla/4.0 (compatible; MSIE 6.0; Windows NT 5.1; SV1; SIMBAR={29DA41A1-74E3-4A4C-93A4-3BE064E1C52D}; .NET CLR 1.1.4322; .NET CLR 2.0.50727)" "russiannavy.net"
74.6.22.177 - - [08/Jul/2008:06:02:40 -0700] "GET /photos/st_p_art_museum/pages/PICT0526.html HTTP/1.0" 200 11726 "-" "Mozilla/5.0 (compatible; Yahoo! Slurp; http://help.yahoo.com/help/us/ysearch/slurp)" "russiannavy.net"
66.249.65.205 - - [08/Jul/2008:06:04:37 -0700] "GET /photos/events/new_york_19-27_nov_06/pages/IMGP4872.htm HTTP/1.1" 200 6298 "-" "Mozilla/5.0 (compatible; Googlebot/2.1; +http://www.google.com/bot.html)" "russiannavy.net"
74.6.22.177 - - [08/Jul/2008:06:10:30 -0700] "GET /photos/st_p_art_museum/pages/PICT0565.html HTTP/1.0" 304 - "-" "Mozilla/5.0 (compatible; Yahoo! Slurp; http://help.yahoo.com/help/us/ysearch/slurp)" "russiannavy.net"
82.101.166.51 - - [08/Jul/2008:06:19:18 -0700] "GET /photos/misc HTTP/1.1" 301 98 "http://www.altavista.com/image/results?itag=ody&mik=photo&mik=graphic&mip=all&mis=all&miwxh=large&q=bmp1&stq=320" "Mozilla/4.0 (compatible; MSIE 6.0; Windows NT 5.1; SV1; Maxthon; SIMBAR={E8547C4C-886E-401F-AE2F-52A49EFD7037})" "russiannavy.net"
82.101.166.51 - - [08/Jul/2008:06:19:18 -0700] "GET /photos/misc?M=D HTTP/1.1" 301 102 "http://www.altavista.com/image/results?itag=ody&mik=photo&mik=graphic&mip=all&mis=all&miwxh=large&q=bmp1&stq=320" "Mozilla/4.0 (compatible; MSIE 6.0; Windows NT 5.1; SV1; Maxthon; SIMBAR={E8547C4C-886E-401F-AE2F-52A49EFD7037})" "russiannavy.net"
82.101.166.51 - - [08/Jul/2008:06:19:19 -0700] "GET /photos/misc/ HTTP/1.1" 200 14099 "http://www.altavista.com/image/results?itag=ody&mik=photo&mik=graphic&mip=all&mis=all&miwxh=large&q=bmp1&stq=320" "Mozilla/4.0 (compatible; MSIE 6.0; Windows NT 5.1; SV1; Maxthon; SIMBAR={E8547C4C-886E-401F-AE2F-52A49EFD7037})" "russiannavy.net"
82.101.166.51 - - [08/Jul/2008:06:19:19 -0700] "GET /photos/misc/?M=D HTTP/1.1" 200 14099 "http://www.altavista.com/image/results?itag=ody&mik=photo&mik=graphic&mip=all&mis=all&miwxh=large&q=bmp1&stq=320" "Mozilla/4.0 (compatible; MSIE 6.0; Windows NT 5.1; SV1; Maxthon; SIMBAR={E8547C4C-886E-401F-AE2F-52A49EFD7037})" "russiannavy.net"
66.249.65.205 - - [08/Jul/2008:06:22:56 -0700] "GET /photos/st_p_art_museum/index_11.html HTTP/1.1" 200 8391 "-" "Mozilla/5.0 (compatible; Googlebot/2.1; +http://www.google.com/bot.html)" "russiannavy.net"
74.6.22.177 - - [08/Jul/2008:06:24:00 -0700] "GET /photos/littlefield/Sept_2004/M18_Hellcat/pages/IMGP0792.html HTTP/1.0" 200 2339 "-" "Mozilla/5.0 (compatible; Yahoo! Slurp; http://help.yahoo.com/help/us/ysearch/slurp)" "russiannavy.net"
74.6.22.177 - - [08/Jul/2008:06:28:53 -0700] "GET /photos/new_year_2006/pages/IMGP8064.htm HTTP/1.0" 200 3225 "-" "Mozilla/5.0 (compatible; Yahoo! Slurp; http://help.yahoo.com/help/us/ysearch/slurp)" "russiannavy.net"
74.6.22.177 - - [08/Jul/2008:06:29:37 -0700] "GET /photos/new_year_2006/pages/IMGP8062.htm HTTP/1.0" 200 3225 "-" "Mozilla/5.0 (compatible; Yahoo! Slurp; http://help.yahoo.com/help/us/ysearch/slurp)" "russiannavy.net"
67.195.37.176 - - [08/Jul/2008:06:55:34 -0700] "GET /robots.txt HTTP/1.0" 404 275 "-" "Mozilla/5.0 (compatible; Yahoo! Slurp; http://help.yahoo.com/help/us/ysearch/slurp)" "russiannavy.net"
67.195.37.176 - - [08/Jul/2008:06:55:40 -0700] "GET /photos/misc/ HTTP/1.0" 200 14083 "-" "Mozilla/5.0 (compatible; Yahoo! Slurp/3.0; http://help.yahoo.com/help/us/ysearch/slurp)" "russiannavy.net"
74.6.22.177 - - [08/Jul/2008:07:10:27 -0700] "GET /photos/st_p_art_museum/pages/PICT0720.html HTTP/1.0" 200 11728 "-" "Mozilla/5.0 (compatible; Yahoo! Slurp; http://help.yahoo.com/help/us/ysearch/slurp)" "russiannavy.net"
193.25.162.8 - - [08/Jul/2008:07:14:00 -0700] "GET /models/a-20/IMGP9640s.jpg HTTP/1.0" 200 107325 "http://www.acemodel.com.ua/forum/viewtopic.php?p=17509&sid=8475ec1902a468cc94757c226d7d4c98" "Mozilla/4.0 (compatible; MSIE 7.0; Windows NT 5.1; .NET CLR 2.0.50727)" "russiannavy.net"
193.25.162.8 - - [08/Jul/2008:07:14:00 -0700] "GET /models/a-20/IMGP9637s.jpg HTTP/1.0" 200 107360 "http://www.acemodel.com.ua/forum/viewtopic.php?p=17509&sid=8475ec1902a468cc94757c226d7d4c98" "Mozilla/4.0 (compatible; MSIE 7.0; Windows NT 5.1; .NET CLR 2.0.50727)" "russiannavy.net"
193.25.162.8 - - [08/Jul/2008:07:14:00 -0700] "GET /models/a-20/IMGP9641s.jpg HTTP/1.0" 200 99388 "http://www.acemodel.com.ua/forum/viewtopic.php?p=17509&sid=8475ec1902a468cc94757c226d7d4c98" "Mozilla/4.0 (compatible; MSIE 7.0; Windows NT 5.1; .NET CLR 2.0.50727)" "russiannavy.net"
193.25.162.8 - - [08/Jul/2008:07:14:00 -0700] "GET /models/a-20/IMGP9642s.jpg HTTP/1.0" 200 86588 "http://www.acemodel.com.ua/forum/viewtopic.php?p=17509&sid=8475ec1902a468cc94757c226d7d4c98" "Mozilla/4.0 (compatible; MSIE 7.0; Windows NT 5.1; .NET CLR 2.0.50727)" "russiannavy.net"
193.25.162.8 - - [08/Jul/2008:07:14:08 -0700] "GET /models/a-20/IMGP9646.JPG HTTP/1.0" 200 59617 "http://www.acemodel.com.ua/forum/viewtopic.php?p=17509&sid=8475ec1902a468cc94757c226d7d4c98" "Mozilla/4.0 (compatible; MSIE 7.0; Windows NT 5.1; .NET CLR 2.0.50727)" "russiannavy.net"
193.25.162.8 - - [08/Jul/2008:07:14:10 -0700] "GET /models/a-20/IMGP9647s.jpg HTTP/1.0" 200 58220 "http://www.acemodel.com.ua/forum/viewtopic.php?p=17509&sid=8475ec1902a468cc94757c226d7d4c98" "Mozilla/4.0 (compatible; MSIE 7.0; Windows NT 5.1; .NET CLR 2.0.50727)" "russiannavy.net"
193.25.162.8 - - [08/Jul/2008:07:14:11 -0700] "GET /models/a-20/IMGP9649s.jpg HTTP/1.0" 200 77338 "http://www.acemodel.com.ua/forum/viewtopic.php?p=17509&sid=8475ec1902a468cc94757c226d7d4c98" "Mozilla/4.0 (compatible; MSIE 7.0; Windows NT 5.1; .NET CLR 2.0.50727)" "russiannavy.net"
193.25.162.8 - - [08/Jul/2008:07:14:11 -0700] "GET /models/a-20/IMGP9652s.jpg HTTP/1.0" 200 61795 "http://www.acemodel.com.ua/forum/viewtopic.php?p=17509&sid=8475ec1902a468cc94757c226d7d4c98" "Mozilla/4.0 (compatible; MSIE 7.0; Windows NT 5.1; .NET CLR 2.0.50727)" "russiannavy.net"
74.6.22.177 - - [08/Jul/2008:07:17:56 -0700] "GET /photos/IandI/pages/IMGP7576.htm HTTP/1.0" 200 4808 "-" "Mozilla/5.0 (compatible; Yahoo! Slurp; http://help.yahoo.com/help/us/ysearch/slurp)" "russiannavy.net"
128.59.23.45 - - [08/Jul/2008:07:27:35 -0700] "GET /photos/littlefield/old_visits/ZSU-4-23/images/IMG_2327.jpg HTTP/1.0" 200 82585 "-" "Mozilla/5.0 (X11; U; Linux i686; en-US; rv:1.8.1.11) Gecko/20060601 Firefox/2.0.0.11 (Ubuntu-edgy)" "russiannavy.net"
217.12.97.5 - - [08/Jul/2008:07:42:41 -0700] "GET /photos/misc/i11749-image-original.jpg HTTP/1.0" 200 295629 "http://www.militaryphotos.net/forums/showthread.php?t=99988&page=142" "Mozilla/4.0 (compatible; MSIE 7.0; Windows NT 5.1; .NET CLR 2.0.50727; MAXTHON 2.0)" "russiannavy.net"
74.6.22.177 - - [08/Jul/2008:07:49:41 -0700] "GET /models/monomakh/monomakh.htm HTTP/1.0" 200 5238 "-" "Mozilla/5.0 (compatible; Yahoo! Slurp; http://help.yahoo.com/help/us/ysearch/slurp)" "russiannavy.net"
74.6.22.177 - - [08/Jul/2008:08:09:50 -0700] "GET /photos/mariks_party/index.htm HTTP/1.0" 200 8314 "-" "Mozilla/5.0 (compatible; Yahoo! Slurp; http://help.yahoo.com/help/us/ysearch/slurp)" "russiannavy.net"
195.93.21.2 - - [08/Jul/2008:08:13:23 -0700] "GET /models/udarny/IMGP9495.jpg HTTP/1.1" 200 86274 "http://www.shipmodels.info/mws_forum/viewtopic.php?f=13&t=34939&start=0" "Mozilla/4.0 (compatible; MSIE 7.0; AOL 9.0; Windows NT 5.1; FunWebProducts)" "russiannavy.net"
195.93.21.74 - - [08/Jul/2008:08:13:23 -0700] "GET /models/udarny/IMGP9501.jpg HTTP/1.1" 200 49392 "http://www.shipmodels.info/mws_forum/viewtopic.php?f=13&t=34939&start=0" "Mozilla/4.0 (compatible; MSIE 7.0; AOL 9.0; Windows NT 5.1; FunWebProducts)" "russiannavy.net"
195.93.21.97 - - [08/Jul/2008:08:13:23 -0700] "GET /models/udarny/IMGP9502.jpg HTTP/1.1" 200 63810 "http://www.shipmodels.info/mws_forum/viewtopic.php?f=13&t=34939&start=0" "Mozilla/4.0 (compatible; MSIE 7.0; AOL 9.0; Windows NT 5.1; FunWebProducts)" "russiannavy.net"
195.93.21.98 - - [08/Jul/2008:08:13:24 -0700] "GET /models/udarny/IMGP9503.jpg HTTP/1.1" 200 57067 "http://www.shipmodels.info/mws_forum/viewtopic.php?f=13&t=34939&start=0" "Mozilla/4.0 (compatible; MSIE 7.0; AOL 9.0; Windows NT 5.1; FunWebProducts)" "russiannavy.net"
195.93.21.98 - - [08/Jul/2008:08:13:25 -0700] "GET /models/udarny/IMGP9512.jpg HTTP/1.1" 200 75922 "http://www.shipmodels.info/mws_forum/viewtopic.php?f=13&t=34939&start=0" "Mozilla/4.0 (compatible; MSIE 7.0; AOL 9.0; Windows NT 5.1; FunWebProducts)" "russiannavy.net"
