212.45.6.187 - - [07/Jul/2008:06:25:22 -0700] "GET /models/a-20/IMGP9388.jpg HTTP/1.1" 200 85649 "http://www.acemodel.com.ua/forum/viewtopic.php?t=1419&postdays=0&postorder=asc&start=0" "Mozilla/4.0 (compatible; MSIE 6.0; Windows NT 5.1; SV1; .NET CLR 1.1.4322; .NET CLR 2.0.50727)" "russiannavy.net"
212.45.6.187 - - [07/Jul/2008:06:25:23 -0700] "GET /models/a-20/IMGP9379.jpg HTTP/1.1" 200 119887 "http://www.acemodel.com.ua/forum/viewtopic.php?t=1419&postdays=0&postorder=asc&start=0" "Mozilla/4.0 (compatible; MSIE 6.0; Windows NT 5.1; SV1; .NET CLR 1.1.4322; .NET CLR 2.0.50727)" "russiannavy.net"
212.45.6.187 - - [07/Jul/2008:06:25:24 -0700] "GET /models/a-20/IMGP9389.jpg HTTP/1.1" 200 86960 "http://www.acemodel.com.ua/forum/viewtopic.php?t=1419&postdays=0&postorder=asc&start=0" "Mozilla/4.0 (compatible; MSIE 6.0; Windows NT 5.1; SV1; .NET CLR 1.1.4322; .NET CLR 2.0.50727)" "russiannavy.net"
212.45.6.187 - - [07/Jul/2008:06:25:25 -0700] "GET /models/a-20/IMGP9624.jpg HTTP/1.1" 200 76944 "http://www.acemodel.com.ua/forum/viewtopic.php?t=1419&postdays=0&postorder=asc&start=0" "Mozilla/4.0 (compatible; MSIE 6.0; Windows NT 5.1; SV1; .NET CLR 1.1.4322; .NET CLR 2.0.50727)" "russiannavy.net"
212.45.6.187 - - [07/Jul/2008:06:25:25 -0700] "GET /models/a-20/IMGP9626.jpg HTTP/1.1" 200 163735 "http://www.acemodel.com.ua/forum/viewtopic.php?t=1419&postdays=0&postorder=asc&start=0" "Mozilla/4.0 (compatible; MSIE 6.0; Windows NT 5.1; SV1; .NET CLR 1.1.4322; .NET CLR 2.0.50727)" "russiannavy.net"
212.45.6.187 - - [07/Jul/2008:06:25:26 -0700] "GET /models/a-20/IMGP9629.jpg HTTP/1.1" 200 79089 "http://www.acemodel.com.ua/forum/viewtopic.php?t=1419&postdays=0&postorder=asc&start=0" "Mozilla/4.0 (compatible; MSIE 6.0; Windows NT 5.1; SV1; .NET CLR 1.1.4322; .NET CLR 2.0.50727)" "russiannavy.net"
212.45.6.187 - - [07/Jul/2008:06:25:27 -0700] "GET /models/a-20/IMGP9631.jpg HTTP/1.1" 200 116658 "http://www.acemodel.com.ua/forum/viewtopic.php?t=1419&postdays=0&postorder=asc&start=0" "Mozilla/4.0 (compatible; MSIE 6.0; Windows NT 5.1; SV1; .NET CLR 1.1.4322; .NET CLR 2.0.50727)" "russiannavy.net"
212.45.6.187 - - [07/Jul/2008:06:25:28 -0700] "GET /models/a-20/IMGP9633.jpg HTTP/1.1" 200 58384 "http://www.acemodel.com.ua/forum/viewtopic.php?t=1419&postdays=0&postorder=asc&start=0" "Mozilla/4.0 (compatible; MSIE 6.0; Windows NT 5.1; SV1; .NET CLR 1.1.4322; .NET CLR 2.0.50727)" "russiannavy.net"
74.6.18.228 - - [07/Jul/2008:06:27:04 -0700] "GET /photos/st_p_art_museum/pages/PICT0596.html HTTP/1.0" 200 11727 "-" "Mozilla/5.0 (compatible; Yahoo! Slurp; http://help.yahoo.com/help/us/ysearch/slurp)" "russiannavy.net"
65.55.210.86 - - [07/Jul/2008:06:29:10 -0700] "GET /robots.txt HTTP/1.1" 404 275 "-" "msnbot/1.1 (+http://search.msn.com/msnbot.htm)" "russiannavy.net"
65.55.210.86 - - [07/Jul/2008:06:29:10 -0700] "GET /photos/st_p_art_museum/pages/PICT0751.html HTTP/1.1" 200 11728 "-" "msnbot/1.1 (+http://search.msn.com/msnbot.htm)" "russiannavy.net"
65.55.210.86 - - [07/Jul/2008:06:29:12 -0700] "GET /photos/st_p_art_museum/pages/PICT0715.html HTTP/1.1" 200 11728 "-" "msnbot/1.1 (+http://search.msn.com/msnbot.htm)" "russiannavy.net"
65.55.110.40 - - [07/Jul/2008:06:31:12 -0700] "GET /photos/st_p_art_museum/pages/PICT0751.html HTTP/1.0" 200 11728 "http://search.live.com/results.aspx?q=central&form=QBHP" "Mozilla/4.0 (compatible; MSIE 7.0; Windows NT 5.2; .NET CLR 1.1.4322)" "russiannavy.net"
65.55.109.85 - - [07/Jul/2008:06:31:24 -0700] "GET /photos/st_p_art_museum/pages/PICT0715.html HTTP/1.0" 200 11728 "http://search.live.com/results.aspx?q=central&form=QBHP" "Mozilla/4.0 (compatible; MSIE 7.0; Windows NT 5.2; .NET CLR 1.1.4322)" "russiannavy.net"
74.6.18.228 - - [07/Jul/2008:06:46:17 -0700] "GET /photos/IandI/ HTTP/1.0" 200 8322 "-" "Mozilla/5.0 (compatible; Yahoo! Slurp; http://help.yahoo.com/help/us/ysearch/slurp)" "russiannavy.net"
193.42.229.35 - - [07/Jul/2008:06:49:59 -0700] "GET /models/udarny/IMGP9501.jpg HTTP/1.1" 200 49392 "http://www.shipmodels.info/mws_forum/viewtopic.php?f=13&t=34939&sid=cfd34933970dadadce20e9a0c960e79b" "Mozilla/4.0 (compatible; MSIE 6.0; Windows NT 5.1; SV1; .NET CLR 2.0.50727)" "russiannavy.net"
193.42.229.35 - - [07/Jul/2008:06:49:59 -0700] "GET /models/udarny/IMGP9495.jpg HTTP/1.1" 200 86274 "http://www.shipmodels.info/mws_forum/viewtopic.php?f=13&t=34939&sid=cfd34933970dadadce20e9a0c960e79b" "Mozilla/4.0 (compatible; MSIE 6.0; Windows NT 5.1; SV1; .NET CLR 2.0.50727)" "russiannavy.net"
193.42.229.35 - - [07/Jul/2008:06:50:01 -0700] "GET /models/udarny/IMGP9502.jpg HTTP/1.1" 200 63810 "http://www.shipmodels.info/mws_forum/viewtopic.php?f=13&t=34939&sid=cfd34933970dadadce20e9a0c960e79b" "Mozilla/4.0 (compatible; MSIE 6.0; Windows NT 5.1; SV1; .NET CLR 2.0.50727)" "russiannavy.net"
193.42.229.35 - - [07/Jul/2008:06:50:02 -0700] "GET /models/udarny/IMGP9503.jpg HTTP/1.1" 200 57067 "http://www.shipmodels.info/mws_forum/viewtopic.php?f=13&t=34939&sid=cfd34933970dadadce20e9a0c960e79b" "Mozilla/4.0 (compatible; MSIE 6.0; Windows NT 5.1; SV1; .NET CLR 2.0.50727)" "russiannavy.net"
193.42.229.35 - - [07/Jul/2008:06:50:03 -0700] "GET /models/udarny/IMGP9512.jpg HTTP/1.1" 200 75922 "http://www.shipmodels.info/mws_forum/viewtopic.php?f=13&t=34939&sid=cfd34933970dadadce20e9a0c960e79b" "Mozilla/4.0 (compatible; MSIE 6.0; Windows NT 5.1; SV1; .NET CLR 2.0.50727)" "russiannavy.net"
193.42.229.35 - - [07/Jul/2008:06:50:04 -0700] "GET /models/udarny/IMGP9509.jpg HTTP/1.1" 200 57029 "http://www.shipmodels.info/mws_forum/viewtopic.php?f=13&t=34939&sid=cfd34933970dadadce20e9a0c960e79b" "Mozilla/4.0 (compatible; MSIE 6.0; Windows NT 5.1; SV1; .NET CLR 2.0.50727)" "russiannavy.net"
193.42.229.35 - - [07/Jul/2008:06:50:07 -0700] "GET /models/udarny/IMGP9518s.jpg HTTP/1.1" 200 65984 "http://www.shipmodels.info/mws_forum/viewtopic.php?f=13&t=34939&sid=cfd34933970dadadce20e9a0c960e79b" "Mozilla/4.0 (compatible; MSIE 6.0; Windows NT 5.1; SV1; .NET CLR 2.0.50727)" "russiannavy.net"
193.42.229.35 - - [07/Jul/2008:06:50:07 -0700] "GET /models/udarny/IMGP9511.jpg HTTP/1.1" 200 58073 "http://www.shipmodels.info/mws_forum/viewtopic.php?f=13&t=34939&sid=cfd34933970dadadce20e9a0c960e79b" "Mozilla/4.0 (compatible; MSIE 6.0; Windows NT 5.1; SV1; .NET CLR 2.0.50727)" "russiannavy.net"
193.42.229.35 - - [07/Jul/2008:06:50:09 -0700] "GET /models/udarny/IMGP9522s.jpg HTTP/1.1" 200 66184 "http://www.shipmodels.info/mws_forum/viewtopic.php?f=13&t=34939&sid=cfd34933970dadadce20e9a0c960e79b" "Mozilla/4.0 (compatible; MSIE 6.0; Windows NT 5.1; SV1; .NET CLR 2.0.50727)" "russiannavy.net"
193.42.229.35 - - [07/Jul/2008:06:50:09 -0700] "GET /models/udarny/IMGP9541s.jpg HTTP/1.1" 200 85810 "http://www.shipmodels.info/mws_forum/viewtopic.php?f=13&t=34939&sid=cfd34933970dadadce20e9a0c960e79b" "Mozilla/4.0 (compatible; MSIE 6.0; Windows NT 5.1; SV1; .NET CLR 2.0.50727)" "russiannavy.net"
193.42.229.35 - - [07/Jul/2008:06:50:11 -0700] "GET /models/udarny/IMGP9539s.jpg HTTP/1.1" 200 115039 "http://www.shipmodels.info/mws_forum/viewtopic.php?f=13&t=34939&sid=cfd34933970dadadce20e9a0c960e79b" "Mozilla/4.0 (compatible; MSIE 6.0; Windows NT 5.1; SV1; .NET CLR 2.0.50727)" "russiannavy.net"
193.42.229.35 - - [07/Jul/2008:06:50:12 -0700] "GET /models/udarny/IMGP9547s.jpg HTTP/1.1" 200 68490 "http://www.shipmodels.info/mws_forum/viewtopic.php?f=13&t=34939&sid=cfd34933970dadadce20e9a0c960e79b" "Mozilla/4.0 (compatible; MSIE 6.0; Windows NT 5.1; SV1; .NET CLR 2.0.50727)" "russiannavy.net"
193.42.229.35 - - [07/Jul/2008:06:50:15 -0700] "GET /models/udarny/IMGP9552s.jpg HTTP/1.1" 200 60248 "http://www.shipmodels.info/mws_forum/viewtopic.php?f=13&t=34939&sid=cfd34933970dadadce20e9a0c960e79b" "Mozilla/4.0 (compatible; MSIE 6.0; Windows NT 5.1; SV1; .NET CLR 2.0.50727)" "russiannavy.net"
193.42.229.35 - - [07/Jul/2008:06:50:17 -0700] "GET /models/udarny/IMGP9569s.jpg HTTP/1.1" 200 92541 "http://www.shipmodels.info/mws_forum/viewtopic.php?f=13&t=34939&sid=cfd34933970dadadce20e9a0c960e79b" "Mozilla/4.0 (compatible; MSIE 6.0; Windows NT 5.1; SV1; .NET CLR 2.0.50727)" "russiannavy.net"
193.42.229.35 - - [07/Jul/2008:06:50:21 -0700] "GET /models/udarny/IMGP9568s.jpg HTTP/1.1" 200 110524 "http://www.shipmodels.info/mws_forum/viewtopic.php?f=13&t=34939&sid=cfd34933970dadadce20e9a0c960e79b" "Mozilla/4.0 (compatible; MSIE 6.0; Windows NT 5.1; SV1; .NET CLR 2.0.50727)" "russiannavy.net"
193.42.229.35 - - [07/Jul/2008:06:50:24 -0700] "GET /models/udarny/IMGP9565s.jpg HTTP/1.1" 200 115587 "http://www.shipmodels.info/mws_forum/viewtopic.php?f=13&t=34939&sid=cfd34933970dadadce20e9a0c960e79b" "Mozilla/4.0 (compatible; MSIE 6.0; Windows NT 5.1; SV1; .NET CLR 2.0.50727)" "russiannavy.net"
193.42.229.35 - - [07/Jul/2008:06:50:29 -0700] "GET /models/udarny/IMGP9566s.jpg HTTP/1.1" 200 113542 "http://www.shipmodels.info/mws_forum/viewtopic.php?f=13&t=34939&sid=cfd34933970dadadce20e9a0c960e79b" "Mozilla/4.0 (compatible; MSIE 6.0; Windows NT 5.1; SV1; .NET CLR 2.0.50727)" "russiannavy.net"
193.42.229.35 - - [07/Jul/2008:06:50:34 -0700] "GET /models/udarny/IMGP9571s.jpg HTTP/1.1" 200 82324 "http://www.shipmodels.info/mws_forum/viewtopic.php?f=13&t=34939&sid=cfd34933970dadadce20e9a0c960e79b" "Mozilla/4.0 (compatible; MSIE 6.0; Windows NT 5.1; SV1; .NET CLR 2.0.50727)" "russiannavy.net"
193.42.229.35 - - [07/Jul/2008:06:50:39 -0700] "GET /models/udarny/IMGP9572s.jpg HTTP/1.1" 200 96859 "http://www.shipmodels.info/mws_forum/viewtopic.php?f=13&t=34939&sid=cfd34933970dadadce20e9a0c960e79b" "Mozilla/4.0 (compatible; MSIE 6.0; Windows NT 5.1; SV1; .NET CLR 2.0.50727)" "russiannavy.net"
193.42.229.35 - - [07/Jul/2008:06:50:41 -0700] "GET /models/udarny/IMGP9575s.jpg HTTP/1.1" 200 116488 "http://www.shipmodels.info/mws_forum/viewtopic.php?f=13&t=34939&sid=cfd34933970dadadce20e9a0c960e79b" "Mozilla/4.0 (compatible; MSIE 6.0; Windows NT 5.1; SV1; .NET CLR 2.0.50727)" "russiannavy.net"
193.42.229.35 - - [07/Jul/2008:06:50:45 -0700] "GET /models/udarny/IMGP9576s.jpg HTTP/1.1" 200 107559 "http://www.shipmodels.info/mws_forum/viewtopic.php?f=13&t=34939&sid=cfd34933970dadadce20e9a0c960e79b" "Mozilla/4.0 (compatible; MSIE 6.0; Windows NT 5.1; SV1; .NET CLR 2.0.50727)" "russiannavy.net"
193.42.229.35 - - [07/Jul/2008:06:50:54 -0700] "GET /models/udarny/IMGP9600s.jpg HTTP/1.1" 200 109001 "http://www.shipmodels.info/mws_forum/viewtopic.php?f=13&t=34939&st=0&sk=t&sd=a&start=15" "Mozilla/4.0 (compatible; MSIE 6.0; Windows NT 5.1; SV1; .NET CLR 2.0.50727)" "russiannavy.net"
67.195.52.38 - - [07/Jul/2008:06:51:11 -0700] "GET /photos/st_p_art_museum/pages/PICT0500.html HTTP/1.0" 200 11723 "-" "Mozilla/5.0 (compatible; Yahoo! Slurp; http://help.yahoo.com/help/us/ysearch/slurp)" "russiannavy.net"
66.249.65.205 - - [07/Jul/2008:06:53:29 -0700] "GET /gallery/main.php?g2_itemId=10508 HTTP/1.1" 200 5 "-" "Mozilla/5.0 (compatible; Googlebot/2.1; +http://www.google.com/bot.html)" "russiannavy.net"
59.94.9.166 - - [07/Jul/2008:07:09:12 -0700] "GET /photos/misc/i11749-image-original.jpg HTTP/1.1" 200 239980 "http://www.militaryphotos.net/forums/showthread.php?t=99988&page=142" "Mozilla/4.0 (compatible; MSIE 6.0; Windows NT 5.1; SV1; .NET CLR 1.1.4322; Seekmo 10.0.424.0)" "russiannavy.net"
74.6.18.228 - - [07/Jul/2008:07:16:36 -0700] "GET /photos/thanksgiving/pages/IMGP7639.htm HTTP/1.0" 200 3659 "-" "Mozilla/5.0 (compatible; Yahoo! Slurp; http://help.yahoo.com/help/us/ysearch/slurp)" "russiannavy.net"
74.6.18.228 - - [07/Jul/2008:07:20:45 -0700] "GET /models/k-21/k-21.htm HTTP/1.0" 200 2245 "-" "Mozilla/5.0 (compatible; Yahoo! Slurp; http://help.yahoo.com/help/us/ysearch/slurp)" "russiannavy.net"
74.6.18.228 - - [07/Jul/2008:07:30:29 -0700] "GET /photos/littlefield/Sept_2004/T-54/pages/IMGP1409.html HTTP/1.0" 200 2479 "-" "Mozilla/5.0 (compatible; Yahoo! Slurp; http://help.yahoo.com/help/us/ysearch/slurp)" "russiannavy.net"
84.82.37.215 - - [07/Jul/2008:07:31:52 -0700] "GET /photos/st_p_art_museum/pages/PICT0693.html HTTP/1.1" 200 11728 "http://www.ww2f.com/weapons-wwii/23556-favorite-assault-gun-self-propelled-gun-2.html" "Mozilla/4.0 (compatible; MSIE 7.0; Windows NT 6.0; SLCC1; .NET CLR 2.0.50727; Media Center PC 5.0; .NET CLR 3.0.04506)" "russiannavy.net"
84.82.37.215 - - [07/Jul/2008:07:31:52 -0700] "GET /photos/st_p_art_museum/images/PICT0692.jpg HTTP/1.1" 200 125590 "http://www.ww2f.com/weapons-wwii/23556-favorite-assault-gun-self-propelled-gun-2.html" "Mozilla/4.0 (compatible; MSIE 7.0; Windows NT 6.0; SLCC1; .NET CLR 2.0.50727; Media Center PC 5.0; .NET CLR 3.0.04506)" "russiannavy.net"
84.82.37.215 - - [07/Jul/2008:07:32:10 -0700] "GET /photos/st_p_art_museum/pages/PICT0693.html HTTP/1.1" 200 11728 "http://www.ww2f.com/weapons-wwii/23556-favorite-assault-gun-self-propelled-gun-2.html" "Mozilla/4.0 (compatible; MSIE 7.0; Windows NT 6.0; SLCC1; .NET CLR 2.0.50727; Media Center PC 5.0; .NET CLR 3.0.04506)" "russiannavy.net"
123.19.106.186 - - [07/Jul/2008:07:35:51 -0700] "GET /photos/misc/i11749-image-original.jpg HTTP/1.1" 200 295629 "http://truongton.net/forum/showthread.php?t=417773" "Mozilla/4.0 (compatible; MSIE 6.0; Windows NT 5.1; SV1)" "russiannavy.net"
74.6.18.244 - - [07/Jul/2008:07:41:06 -0700] "GET /robots.txt HTTP/1.0" 404 275 "-" "Mozilla/5.0 (compatible; Yahoo! Slurp; http://help.yahoo.com/help/us/ysearch/slurp)" "www.russiannavy.net"
74.6.18.244 - - [07/Jul/2008:07:41:07 -0700] "GET /gallery/main.php?g2_view=core.ShowItem&g2_itemId=30&g2_highlightId=4002 HTTP/1.0" 200 0 "-" "Mozilla/5.0 (compatible; Yahoo! Slurp; http://help.yahoo.com/help/us/ysearch/slurp)" "www.russiannavy.net"
64.1.215.165 - - [07/Jul/2008:07:42:49 -0700] "GET /robots.txt HTTP/1.0" 404 275 "-" "Mozilla/5.0 (Twiceler-0.9 http://www.cuill.com/twiceler/robot.html)" "www.russiannavy.net"
74.6.18.228 - - [07/Jul/2008:07:43:26 -0700] "GET /photos/st_p_art_museum/pages/PICT0768.html HTTP/1.0" 200 11728 "-" "Mozilla/5.0 (compatible; Yahoo! Slurp; http://help.yahoo.com/help/us/ysearch/slurp)" "russiannavy.net"
74.6.18.228 - - [07/Jul/2008:07:56:04 -0700] "GET /photos/square1/pages/IMG_3793.html HTTP/1.0" 200 4195 "-" "Mozilla/5.0 (compatible; Yahoo! Slurp; http://help.yahoo.com/help/us/ysearch/slurp)" "russiannavy.net"
88.19.104.50 - - [07/Jul/2008:08:00:55 -0700] "GET /photos/st_p_art_museum/pages/PICT0693.html HTTP/1.1" 200 11728 "http://www.ww2f.com/weapons-wwii/23556-favorite-assault-gun-self-propelled-gun-2.html" "Mozilla/4.0 (compatible; MSIE 6.0; Windows NT 5.1; SV1)" "russiannavy.net"
88.19.104.50 - - [07/Jul/2008:08:00:55 -0700] "GET /photos/st_p_art_museum/images/PICT0692.jpg HTTP/1.1" 200 125590 "http://www.ww2f.com/weapons-wwii/23556-favorite-assault-gun-self-propelled-gun-2.html" "Mozilla/4.0 (compatible; MSIE 6.0; Windows NT 5.1; SV1)" "russiannavy.net"
88.19.104.50 - - [07/Jul/2008:08:03:09 -0700] "GET /photos/st_p_art_museum/pages/PICT0693.html HTTP/1.1" 200 11728 "http://www.ww2f.com/weapons-wwii/23556-favorite-assault-gun-self-propelled-gun-2.html" "Mozilla/4.0 (compatible; MSIE 6.0; Windows NT 5.1; SV1)" "russiannavy.net"
93.144.113.118 - - [07/Jul/2008:08:03:27 -0700] "GET /photos/st_p_art_museum/images/PICT0583.jpg HTTP/1.1" 200 87822 "-" "GoogleEarth/4.3.7191.6508(Windows;Microsoft Windows XP (Service Pack 2);it-IT;kml:2.2;client:Free;type:default)" "russiannavy.net"
24.184.205.231 - - [07/Jul/2008:08:09:23 -0700] "GET /bk.html HTTP/1.1" 200 220690 "http://www.google.com/search?client=firefox-a&rls=org.mozilla%3Aen-US%3Aofficial&channel=s&hl=en&q=%D0%B0%D0%BB%D1%8C%D0%B4%D0%B5%D0%B1%D0%B0%D1%80%D0%B0%D0%BD&btnG=Google+Search" "Mozilla/5.0 (Windows; U; Windows NT 5.1; en-US; rv:1.8.1.15) Gecko/20080623 Firefox/2.0.0.15" "russiannavy.net"
24.184.205.231 - - [07/Jul/2008:08:09:24 -0700] "GET /favicon.ico HTTP/1.1" 404 275 "-" "Mozilla/5.0 (Windows; U; Windows NT 5.1; en-US; rv:1.8.1.15) Gecko/20080623 Firefox/2.0.0.15" "russiannavy.net"
74.6.18.228 - - [07/Jul/2008:08:15:19 -0700] "GET /photos/littlefield/Sept_2004/US_Self_Propelled_Guns/pages/IMGP1171.html HTTP/1.0" 200 2531 "-" "Mozilla/5.0 (compatible; Yahoo! Slurp; http://help.yahoo.com/help/us/ysearch/slurp)" "russiannavy.net"
66.249.65.205 - - [07/Jul/2008:08:15:24 -0700] "GET /gallery/main.php?g2_itemId=10496 HTTP/1.1" 200 5 "-" "Mozilla/5.0 (compatible; Googlebot/2.1; +http://www.google.com/bot.html)" "russiannavy.net"
217.12.193.114 - - [07/Jul/2008:08:19:52 -0700] "GET /models/a-20/IMGP9385.jpg HTTP/1.0" 200 112431 "http://www.acemodel.com.ua/forum/viewtopic.php?t=1419&sid=72c92b5d131b71cc337d7011e10f47cd" "Mozilla/5.0 (Windows; U; Windows NT 5.1; en-GB; rv:1.8.1.15) Gecko/20080623 Firefox/2.0.0.15" "russiannavy.net"
217.12.193.114 - - [07/Jul/2008:08:19:52 -0700] "GET /models/a-20/IMGP9387.jpg HTTP/1.0" 200 82474 "http://www.acemodel.com.ua/forum/viewtopic.php?t=1419&sid=72c92b5d131b71cc337d7011e10f47cd" "Mozilla/5.0 (Windows; U; Windows NT 5.1; en-GB; rv:1.8.1.15) Gecko/20080623 Firefox/2.0.0.15" "russiannavy.net"
217.12.193.114 - - [07/Jul/2008:08:20:01 -0700] "GET /models/a-20/IMGP9388.jpg HTTP/1.0" 200 85649 "http://www.acemodel.com.ua/forum/viewtopic.php?t=1419&sid=72c92b5d131b71cc337d7011e10f47cd" "Mozilla/5.0 (Windows; U; Windows NT 5.1; en-GB; rv:1.8.1.15) Gecko/20080623 Firefox/2.0.0.15" "russiannavy.net"
217.12.193.114 - - [07/Jul/2008:08:20:15 -0700] "GET /models/a-20/IMGP9379.jpg HTTP/1.0" 200 119887 "http://www.acemodel.com.ua/forum/viewtopic.php?t=1419&sid=72c92b5d131b71cc337d7011e10f47cd" "Mozilla/5.0 (Windows; U; Windows NT 5.1; en-GB; rv:1.8.1.15) Gecko/20080623 Firefox/2.0.0.15" "russiannavy.net"
217.12.193.114 - - [07/Jul/2008:08:20:18 -0700] "GET /models/a-20/IMGP9389.jpg HTTP/1.0" 200 86960 "http://www.acemodel.com.ua/forum/viewtopic.php?t=1419&sid=72c92b5d131b71cc337d7011e10f47cd" "Mozilla/5.0 (Windows; U; Windows NT 5.1; en-GB; rv:1.8.1.15) Gecko/20080623 Firefox/2.0.0.15" "russiannavy.net"
217.12.193.114 - - [07/Jul/2008:08:20:24 -0700] "GET /models/a-20/IMGP9624.jpg HTTP/1.0" 200 76944 "http://www.acemodel.com.ua/forum/viewtopic.php?t=1419&sid=72c92b5d131b71cc337d7011e10f47cd" "Mozilla/5.0 (Windows; U; Windows NT 5.1; en-GB; rv:1.8.1.15) Gecko/20080623 Firefox/2.0.0.15" "russiannavy.net"
217.12.193.114 - - [07/Jul/2008:08:20:35 -0700] "GET /models/a-20/IMGP9626.jpg HTTP/1.0" 200 163735 "http://www.acemodel.com.ua/forum/viewtopic.php?t=1419&sid=72c92b5d131b71cc337d7011e10f47cd" "Mozilla/5.0 (Windows; U; Windows NT 5.1; en-GB; rv:1.8.1.15) Gecko/20080623 Firefox/2.0.0.15" "russiannavy.net"
217.12.193.114 - - [07/Jul/2008:08:20:50 -0700] "GET /models/a-20/IMGP9629.jpg HTTP/1.0" 200 79089 "http://www.acemodel.com.ua/forum/viewtopic.php?t=1419&sid=72c92b5d131b71cc337d7011e10f47cd" "Mozilla/5.0 (Windows; U; Windows NT 5.1; en-GB; rv:1.8.1.15) Gecko/20080623 Firefox/2.0.0.15" "russiannavy.net"
217.12.193.114 - - [07/Jul/2008:08:20:59 -0700] "GET /models/a-20/IMGP9631.jpg HTTP/1.0" 200 116658 "http://www.acemodel.com.ua/forum/viewtopic.php?t=1419&sid=72c92b5d131b71cc337d7011e10f47cd" "Mozilla/5.0 (Windows; U; Windows NT 5.1; en-GB; rv:1.8.1.15) Gecko/20080623 Firefox/2.0.0.15" "russiannavy.net"
217.12.193.114 - - [07/Jul/2008:08:21:10 -0700] "GET /models/a-20/IMGP9633.jpg HTTP/1.0" 200 58384 "http://www.acemodel.com.ua/forum/viewtopic.php?t=1419&sid=72c92b5d131b71cc337d7011e10f47cd" "Mozilla/5.0 (Windows; U; Windows NT 5.1; en-GB; rv:1.8.1.15) Gecko/20080623 Firefox/2.0.0.15" "russiannavy.net"
65.55.210.89 - - [07/Jul/2008:08:23:46 -0700] "GET /robots.txt HTTP/1.1" 404 275 "-" "msnbot/1.1 (+http://search.msn.com/msnbot.htm)" "russiannavy.net"
65.55.210.89 - - [07/Jul/2008:08:23:47 -0700] "GET /photos/st_p_art_museum/pages/PICT0523.html HTTP/1.1" 200 11726 "-" "msnbot/1.1 (+http://search.msn.com/msnbot.htm)" "russiannavy.net"
65.55.109.133 - - [07/Jul/2008:08:25:07 -0700] "GET /photos/st_p_art_museum/pages/PICT0523.html HTTP/1.0" 200 11726 "http://search.live.com/results.aspx?q=central&form=QBHP" "Mozilla/4.0 (compatible; MSIE 7.0; Windows NT 5.2; .NET CLR 1.1.4322)" "russiannavy.net"
217.12.193.114 - - [07/Jul/2008:08:26:36 -0700] "GET /models/a-20/IMGP9641s.jpg HTTP/1.0" 200 99388 "http://www.acemodel.com.ua/forum/viewtopic.php?t=1419&postdays=0&postorder=asc&start=15" "Mozilla/5.0 (Windows; U; Windows NT 5.1; en-GB; rv:1.8.1.15) Gecko/20080623 Firefox/2.0.0.15" "russiannavy.net"
217.12.193.114 - - [07/Jul/2008:08:26:36 -0700] "GET /models/a-20/IMGP9640s.jpg HTTP/1.0" 200 107325 "http://www.acemodel.com.ua/forum/viewtopic.php?t=1419&postdays=0&postorder=asc&start=15" "Mozilla/5.0 (Windows; U; Windows NT 5.1; en-GB; rv:1.8.1.15) Gecko/20080623 Firefox/2.0.0.15" "russiannavy.net"
217.12.193.114 - - [07/Jul/2008:08:26:36 -0700] "GET /models/a-20/IMGP9642s.jpg HTTP/1.0" 200 86588 "http://www.acemodel.com.ua/forum/viewtopic.php?t=1419&postdays=0&postorder=asc&start=15" "Mozilla/5.0 (Windows; U; Windows NT 5.1; en-GB; rv:1.8.1.15) Gecko/20080623 Firefox/2.0.0.15" "russiannavy.net"
217.12.193.114 - - [07/Jul/2008:08:26:36 -0700] "GET /models/a-20/IMGP9637s.jpg HTTP/1.0" 200 107360 "http://www.acemodel.com.ua/forum/viewtopic.php?t=1419&postdays=0&postorder=asc&start=15" "Mozilla/5.0 (Windows; U; Windows NT 5.1; en-GB; rv:1.8.1.15) Gecko/20080623 Firefox/2.0.0.15" "russiannavy.net"
217.12.193.114 - - [07/Jul/2008:08:26:49 -0700] "GET /models/a-20/IMGP9646.JPG HTTP/1.0" 200 59617 "http://www.acemodel.com.ua/forum/viewtopic.php?t=1419&postdays=0&postorder=asc&start=15" "Mozilla/5.0 (Windows; U; Windows NT 5.1; en-GB; rv:1.8.1.15) Gecko/20080623 Firefox/2.0.0.15" "russiannavy.net"
217.12.193.114 - - [07/Jul/2008:08:26:51 -0700] "GET /models/a-20/IMGP9647s.jpg HTTP/1.0" 200 58220 "http://www.acemodel.com.ua/forum/viewtopic.php?t=1419&postdays=0&postorder=asc&start=15" "Mozilla/5.0 (Windows; U; Windows NT 5.1; en-GB; rv:1.8.1.15) Gecko/20080623 Firefox/2.0.0.15" "russiannavy.net"
217.12.193.114 - - [07/Jul/2008:08:27:00 -0700] "GET /models/a-20/IMGP9649s.jpg HTTP/1.0" 200 77338 "http://www.acemodel.com.ua/forum/viewtopic.php?t=1419&postdays=0&postorder=asc&start=15" "Mozilla/5.0 (Windows; U; Windows NT 5.1; en-GB; rv:1.8.1.15) Gecko/20080623 Firefox/2.0.0.15" "russiannavy.net"
217.12.193.114 - - [07/Jul/2008:08:27:00 -0700] "GET /models/a-20/IMGP9652s.jpg HTTP/1.0" 200 61795 "http://www.acemodel.com.ua/forum/viewtopic.php?t=1419&postdays=0&postorder=asc&start=15" "Mozilla/5.0 (Windows; U; Windows NT 5.1; en-GB; rv:1.8.1.15) Gecko/20080623 Firefox/2.0.0.15" "russiannavy.net"
128.59.23.45 - - [07/Jul/2008:08:34:13 -0700] "GET /photos/littlefield/old_visits/2S7/images/IMG_0645.jpg HTTP/1.0" 200 83795 "-" "Mozilla/5.0 (X11; U; Linux i686; en-US; rv:1.8.1.11) Gecko/20060601 Firefox/2.0.0.11 (Ubuntu-edgy)" "russiannavy.net"
65.55.210.92 - - [07/Jul/2008:08:34:17 -0700] "GET /robots.txt HTTP/1.1" 404 275 "-" "msnbot/1.1 (+http://search.msn.com/msnbot.htm)" "russiannavy.net"
65.55.210.92 - - [07/Jul/2008:08:34:18 -0700] "GET /photos/st_p_art_museum/pages/PICT0763.html HTTP/1.1" 200 11728 "-" "msnbot/1.1 (+http://search.msn.com/msnbot.htm)" "russiannavy.net"
65.55.210.92 - - [07/Jul/2008:08:41:49 -0700] "GET /photos/st_p_art_museum/pages/PICT0706.html HTTP/1.1" 200 11728 "-" "msnbot/1.1 (+http://search.msn.com/msnbot.htm)" "russiannavy.net"
65.55.109.182 - - [07/Jul/2008:08:43:12 -0700] "GET /photos/st_p_art_museum/pages/PICT0706.html HTTP/1.0" 200 11728 "http://search.live.com/results.aspx?q=central&form=QBHP" "Mozilla/4.0 (compatible; MSIE 7.0; Windows NT 5.2; .NET CLR 1.1.4322)" "russiannavy.net"
66.249.65.205 - - [07/Jul/2008:08:48:22 -0700] "GET /photos/events/nadya_bachelotette_party/index.htm HTTP/1.1" 200 8293 "-" "Mozilla/5.0 (compatible; Googlebot/2.1; +http://www.google.com/bot.html)" "russiannavy.net"
80.48.102.50 - - [07/Jul/2008:08:51:55 -0700] "GET /photos/st_p_art_museum/pages/PICT0693.html HTTP/1.1" 200 11728 "http://www.ww2f.com/weapons-wwii/23556-favorite-assault-gun-self-propelled-gun-2.html" "Mozilla/4.0 (compatible; MSIE 7.0; Windows NT 5.1)" "russiannavy.net"
80.48.102.50 - - [07/Jul/2008:08:51:55 -0700] "GET /photos/st_p_art_museum/images/PICT0692.jpg HTTP/1.1" 200 125590 "http://www.ww2f.com/weapons-wwii/23556-favorite-assault-gun-self-propelled-gun-2.html" "Mozilla/4.0 (compatible; MSIE 7.0; Windows NT 5.1)" "russiannavy.net"
66.249.65.205 - - [07/Jul/2008:08:55:11 -0700] "GET /robots.txt HTTP/1.1" 404 275 "-" "Googlebot-Image/1.0" "www.russiannavy.net"
66.249.65.205 - - [07/Jul/2008:08:55:11 -0700] "GET /photos/st_p_art_museum/thumbnails/PICT0740.jpg HTTP/1.1" 200 11628 "-" "Googlebot-Image/1.0" "www.russiannavy.net"
67.195.51.230 - - [07/Jul/2008:09:10:09 -0700] "GET / HTTP/1.0" 200 1315 "-" "Mozilla/5.0 (compatible; Yahoo! Slurp; http://help.yahoo.com/help/us/ysearch/slurp)" "russiannavy.net"
69.136.65.31 - - [07/Jul/2008:09:10:48 -0700] "GET /favicon.ico HTTP/1.1" 404 275 "-" "Mozilla/4.0 (compatible; MSIE 7.0; Windows NT 5.1; .NET CLR 1.0.3705; .NET CLR 1.1.4322; Media Center PC 4.0; InfoPath.2; InfoPath.1)" "russiannavy.net"
69.136.65.31 - - [07/Jul/2008:09:10:48 -0700] "GET /Ft_knox/P1130400.jpg HTTP/1.1" 200 104167 "-" "Mozilla/4.0 (compatible; MSIE 7.0; Windows NT 5.1; .NET CLR 1.0.3705; .NET CLR 1.1.4322; Media Center PC 4.0; InfoPath.2; InfoPath.1)" "russiannavy.net"
69.136.65.31 - - [07/Jul/2008:09:10:58 -0700] "GET /favicon.ico HTTP/1.1" 404 275 "-" "Mozilla/5.0 (compatible; Google Desktop)" "russiannavy.net"
69.136.65.31 - - [07/Jul/2008:09:10:59 -0700] "GET /Ft_knox/P1130388.jpg HTTP/1.1" 200 104657 "-" "Mozilla/4.0 (compatible; MSIE 7.0; Windows NT 5.1; .NET CLR 1.0.3705; .NET CLR 1.1.4322; Media Center PC 4.0; InfoPath.2; InfoPath.1)" "russiannavy.net"
66.249.65.205 - - [07/Jul/2008:09:20:41 -0700] "GET /gallery/main.php?g2_view=core.ShowItem&g2_itemId=3460&g2_highlightId=12535 HTTP/1.1" 200 5 "-" "Mozilla/5.0 (compatible; Googlebot/2.1; +http://www.google.com/bot.html)" "russiannavy.net"
63.230.177.44 - - [07/Jul/2008:09:21:10 -0700] "GET /Ft_knox/P1130414.jpg HTTP/1.1" 200 52592 "http://www.freethought-forum.com/forum/showthread.php?t=11085&page=13" "Mozilla/5.0 (Windows; U; Windows NT 5.1; en-US; rv:1.8.1.15) Gecko/20080623 Firefox/2.0.0.15" "russiannavy.net"
63.230.177.44 - - [07/Jul/2008:09:21:10 -0700] "GET /Ft_knox/P1130423.jpg HTTP/1.1" 200 41853 "http://www.freethought-forum.com/forum/showthread.php?t=11085&page=13" "Mozilla/5.0 (Windows; U; Windows NT 5.1; en-US; rv:1.8.1.15) Gecko/20080623 Firefox/2.0.0.15" "russiannavy.net"
63.230.177.44 - - [07/Jul/2008:09:21:10 -0700] "GET /Ft_knox/P1130420.jpg HTTP/1.1" 200 46746 "http://www.freethought-forum.com/forum/showthread.php?t=11085&page=13" "Mozilla/5.0 (Windows; U; Windows NT 5.1; en-US; rv:1.8.1.15) Gecko/20080623 Firefox/2.0.0.15" "russiannavy.net"
63.230.177.44 - - [07/Jul/2008:09:21:11 -0700] "GET /Ft_knox/P1130392.jpg HTTP/1.1" 200 87658 "http://www.freethought-forum.com/forum/showthread.php?t=11085&page=13" "Mozilla/5.0 (Windows; U; Windows NT 5.1; en-US; rv:1.8.1.15) Gecko/20080623 Firefox/2.0.0.15" "russiannavy.net"
74.6.18.228 - - [07/Jul/2008:09:25:50 -0700] "GET /models/zis-5/?D=A HTTP/1.0" 200 2335 "-" "Mozilla/5.0 (compatible; Yahoo! Slurp; http://help.yahoo.com/help/us/ysearch/slurp)" "russiannavy.net"
38.105.83.11 - - [07/Jul/2008:09:34:55 -0700] "GET / HTTP/1.1" 200 1315 "-" "Mozilla/4.0 (compatible; MSIE 7.0; Windows NT 5.2)" "www.russiannavy.net"
129.228.192.193 - - [07/Jul/2008:09:38:32 -0700] "GET /Ft_knox/P1130420.jpg HTTP/1.1" 200 46746 "http://www.freethought-forum.com/forum/showthread.php?p=559057" "Mozilla/5.0 (Windows; U; Windows NT 5.1; en-US; rv:1.9) Gecko/2008052906 Firefox/3.0" "russiannavy.net"
129.228.192.193 - - [07/Jul/2008:09:38:32 -0700] "GET /Ft_knox/P1130414.jpg HTTP/1.1" 200 52592 "http://www.freethought-forum.com/forum/showthread.php?p=559057" "Mozilla/5.0 (Windows; U; Windows NT 5.1; en-US; rv:1.9) Gecko/2008052906 Firefox/3.0" "russiannavy.net"
129.228.192.193 - - [07/Jul/2008:09:38:32 -0700] "GET /Ft_knox/P1130423.jpg HTTP/1.1" 200 41853 "http://www.freethought-forum.com/forum/showthread.php?p=559057" "Mozilla/5.0 (Windows; U; Windows NT 5.1; en-US; rv:1.9) Gecko/2008052906 Firefox/3.0" "russiannavy.net"
129.228.192.193 - - [07/Jul/2008:09:38:32 -0700] "GET /Ft_knox/P1130392.jpg HTTP/1.1" 200 87658 "http://www.freethought-forum.com/forum/showthread.php?p=559057" "Mozilla/5.0 (Windows; U; Windows NT 5.1; en-US; rv:1.9) Gecko/2008052906 Firefox/3.0" "russiannavy.net"
66.249.65.205 - - [07/Jul/2008:09:46:08 -0700] "GET /gallery/main.php?g2_view=core.ShowItem&g2_itemId=3460&g2_highlightId=3615 HTTP/1.1" 200 5 "-" "Mozilla/5.0 (compatible; Googlebot/2.1; +http://www.google.com/bot.html)" "russiannavy.net"
79.193.206.17 - - [07/Jul/2008:09:49:11 -0700] "GET /models/storozhevoi/diorama1.jpg HTTP/1.1" 200 131830 "http://modellbauer.foren-city.de/topic,6698,15,-u-boot-diorama.html" "Mozilla/4.0 (compatible; MSIE 7.0; Windows NT 6.0; SLCC1; .NET CLR 2.0.50727; Media Center PC 5.0; .NET CLR 3.0.04506; InfoPath.2)" "www.russiannavy.net"
74.6.18.244 - - [07/Jul/2008:09:54:50 -0700] "GET /gallery/main.php?g2_view=core.ShowItem&g2_itemId=30&g2_highlightId=4002 HTTP/1.0" 200 0 "-" "Mozilla/5.0 (compatible; Yahoo! Slurp; http://help.yahoo.com/help/us/ysearch/slurp)" "www.russiannavy.net"
66.249.65.205 - - [07/Jul/2008:09:58:26 -0700] "GET /gallery/main.php?g2_itemId=10505 HTTP/1.1" 200 5 "-" "Mozilla/5.0 (compatible; Googlebot/2.1; +http://www.google.com/bot.html)" "russiannavy.net"
74.6.18.228 - - [07/Jul/2008:10:04:19 -0700] "GET /photos/new_year_2006/pages/IMGP8048.htm HTTP/1.0" 200 3225 "-" "Mozilla/5.0 (compatible; Yahoo! Slurp; http://help.yahoo.com/help/us/ysearch/slurp)" "russiannavy.net"
74.6.18.228 - - [07/Jul/2008:10:06:50 -0700] "GET /photos/st_p_art_museum/ HTTP/1.0" 200 8220 "-" "Mozilla/5.0 (compatible; Yahoo! Slurp; http://help.yahoo.com/help/us/ysearch/slurp)" "russiannavy.net"
58.186.239.43 - - [07/Jul/2008:10:13:42 -0700] "GET /photos/misc/i11749-image-original.jpg HTTP/1.1" 200 295629 "http://vndefence.info/modules.php?name=Forums&file=viewtopic&t=81&postdays=0&postorder=asc&start=60" "Mozilla/4.0 (compatible; MSIE 7.0; Windows NT 6.0; SLCC1; .NET CLR 2.0.50727; Media Center PC 5.0; .NET CLR 3.0.04506; MEGAUPLOAD 2.0)" "russiannavy.net"
66.249.65.205 - - [07/Jul/2008:10:14:21 -0700] "GET /gallery/main.php?g2_itemId=10436 HTTP/1.1" 200 5 "-" "Mozilla/5.0 (compatible; Googlebot/2.1; +http://www.google.com/bot.html)" "russiannavy.net"
85.248.76.6 - - [07/Jul/2008:10:31:18 -0700] "GET /photos/misc/i11749-image-original.jpg HTTP/1.1" 200 196608 "http://www.militaryphotos.net/forums/showthread.php?t=99988&page=142" "Mozilla/5.0 (Windows; U; Windows NT 5.1; cs; rv:1.8.1.15) Gecko/20080623 Firefox/2.0.0.15" "russiannavy.net"
85.248.76.6 - - [07/Jul/2008:10:31:31 -0700] "GET /photos/misc/i11749-image-original.jpg HTTP/1.1" 206 196608 "http://www.militaryphotos.net/forums/showthread.php?t=99988&page=142" "Mozilla/5.0 (Windows; U; Windows NT 5.1; cs; rv:1.8.1.15) Gecko/20080623 Firefox/2.0.0.15" "russiannavy.net"
74.6.86.174 - - [07/Jul/2008:10:32:40 -0700] "GET /photos/st_p_art_museum/pages/PICT0495.html HTTP/1.0" 200 11723 "-" "Mozilla/5.0 (compatible; Yahoo! Slurp; http://help.yahoo.com/help/us/ysearch/slurp)" "russiannavy.net"
66.249.65.205 - - [07/Jul/2008:10:38:07 -0700] "GET /gallery/main.php?g2_view=core.ShowItem&g2_itemId=3460&g2_highlightId=4323 HTTP/1.1" 200 5 "-" "Mozilla/5.0 (compatible; Googlebot/2.1; +http://www.google.com/bot.html)" "russiannavy.net"
66.249.65.205 - - [07/Jul/2008:10:43:20 -0700] "GET /gallery/main.php?g2_itemId=10439 HTTP/1.1" 200 5 "-" "Mozilla/5.0 (compatible; Googlebot/2.1; +http://www.google.com/bot.html)" "russiannavy.net"
74.6.18.228 - - [07/Jul/2008:10:48:08 -0700] "GET /models/BayanI/?N=D HTTP/1.0" 200 2917 "-" "Mozilla/5.0 (compatible; Yahoo! Slurp; http://help.yahoo.com/help/us/ysearch/slurp)" "russiannavy.net"
74.6.18.228 - - [07/Jul/2008:11:09:28 -0700] "GET /photos/littlefield/old_visits/index.html HTTP/1.0" 200 2071 "-" "Mozilla/5.0 (compatible; Yahoo! Slurp; http://help.yahoo.com/help/us/ysearch/slurp)" "russiannavy.net"
66.249.65.205 - - [07/Jul/2008:11:13:40 -0700] "GET /gallery/main.php?g2_view=core.ShowItem&g2_itemId=3460&g2_highlightId=15012 HTTP/1.1" 200 5 "-" "Mozilla/5.0 (compatible; Googlebot/2.1; +http://www.google.com/bot.html)" "russiannavy.net"
66.249.65.205 - - [07/Jul/2008:11:13:40 -0700] "GET /gallery/main.php?g2_view=core.ShowItem&g2_itemId=3460&g2_highlightId=9964 HTTP/1.1" 200 5 "-" "Mozilla/5.0 (compatible; Googlebot/2.1; +http://www.google.com/bot.html)" "russiannavy.net"
66.249.65.205 - - [07/Jul/2008:11:14:16 -0700] "GET /gallery/main.php?g2_itemId=10445 HTTP/1.1" 200 5 "-" "Mozilla/5.0 (compatible; Googlebot/2.1; +http://www.google.com/bot.html)" "russiannavy.net"
74.6.18.228 - - [07/Jul/2008:11:21:34 -0700] "GET /photos/littlefield/Sept_2004/SCUD2/ HTTP/1.0" 200 2740 "-" "Mozilla/5.0 (compatible; Yahoo! Slurp; http://help.yahoo.com/help/us/ysearch/slurp)" "russiannavy.net"
86.57.157.99 - - [07/Jul/2008:11:35:10 -0700] "GET /gallery HTTP/1.1" 301 94 "-" "Mozilla/5.0 (Windows; U; Windows NT 5.1; ru; rv:1.9) Gecko/2008052906 Firefox/3.0" "russiannavy.net"
86.57.157.99 - - [07/Jul/2008:11:35:11 -0700] "GET /gallery/ HTTP/1.1" 302 5 "-" "Mozilla/5.0 (Windows; U; Windows NT 5.1; ru; rv:1.9) Gecko/2008052906 Firefox/3.0" "russiannavy.net"
86.57.157.99 - - [07/Jul/2008:11:35:12 -0700] "GET /gallery/main.php HTTP/1.1" 200 5 "-" "Mozilla/5.0 (Windows; U; Windows NT 5.1; ru; rv:1.9) Gecko/2008052906 Firefox/3.0" "russiannavy.net"
86.57.157.99 - - [07/Jul/2008:11:35:12 -0700] "GET /favicon.ico HTTP/1.1" 404 275 "-" "Mozilla/5.0 (Windows; U; Windows NT 5.1; ru; rv:1.9) Gecko/2008052906 Firefox/3.0" "russiannavy.net"
86.57.157.99 - - [07/Jul/2008:11:35:15 -0700] "GET /favicon.ico HTTP/1.1" 404 275 "-" "Mozilla/5.0 (Windows; U; Windows NT 5.1; ru; rv:1.9) Gecko/2008052906 Firefox/3.0" "russiannavy.net"
86.57.157.99 - - [07/Jul/2008:11:35:37 -0700] "GET /gallery/ HTTP/1.1" 302 5 "-" "Mozilla/4.0 (compatible; MSIE 7.0; Windows NT 5.1; .NET CLR 1.1.4322; .NET CLR 2.0.50727; InfoPath.2; AdCentriaIM v1.8)" "russiannavy.net"
86.57.157.99 - - [07/Jul/2008:11:35:38 -0700] "GET /gallery/main.php HTTP/1.1" 200 5 "-" "Mozilla/4.0 (compatible; MSIE 7.0; Windows NT 5.1; .NET CLR 1.1.4322; .NET CLR 2.0.50727; InfoPath.2; AdCentriaIM v1.8)" "russiannavy.net"
86.57.157.99 - - [07/Jul/2008:11:35:39 -0700] "GET /favicon.ico HTTP/1.1" 404 275 "-" "Mozilla/4.0 (compatible; MSIE 7.0; Windows NT 5.1; .NET CLR 1.1.4322; .NET CLR 2.0.50727; InfoPath.2)" "russiannavy.net"
88.253.76.76 - - [07/Jul/2008:11:36:17 -0700] "GET /photos/misc/i11749-image-original.jpg HTTP/1.1" 200 295629 "http://www.militaryphotos.net/forums/showthread.php?t=99988&page=142" "Mozilla/4.0 (compatible; MSIE 7.0; Windows NT 6.0; SLCC1; .NET CLR 2.0.50727; Media Center PC 5.0; .NET CLR 3.0.04506)" "russiannavy.net"
74.6.18.228 - - [07/Jul/2008:11:38:11 -0700] "GET /photos/st_p_art_museum/index_13.html HTTP/1.0" 200 8391 "-" "Mozilla/5.0 (compatible; Yahoo! Slurp; http://help.yahoo.com/help/us/ysearch/slurp)" "russiannavy.net"
66.249.65.205 - - [07/Jul/2008:11:40:32 -0700] "GET /gallery/main.php?g2_view=core.ShowItem&g2_itemId=3460&g2_highlightId=5007 HTTP/1.1" 200 5 "-" "Mozilla/5.0 (compatible; Googlebot/2.1; +http://www.google.com/bot.html)" "russiannavy.net"
66.249.65.205 - - [07/Jul/2008:11:44:52 -0700] "GET /photos/misc?D=D HTTP/1.1" 301 102 "-" "Mozilla/5.0 (compatible; Googlebot/2.1; +http://www.google.com/bot.html)" "russiannavy.net"
66.249.65.205 - - [07/Jul/2008:11:44:52 -0700] "GET /photos/misc/?D=D HTTP/1.1" 200 14099 "-" "Mozilla/5.0 (compatible; Googlebot/2.1; +http://www.google.com/bot.html)" "russiannavy.net"
78.99.7.83 - - [07/Jul/2008:11:51:25 -0700] "GET /models/udarny/IMGP9501.jpg HTTP/1.1" 200 49392 "http://www.shipmodels.info/mws_forum/viewtopic.php?f=13&t=34939" "Mozilla/4.0 (compatible; MSIE 6.0; Windows NT 5.1; SV1; .NET CLR 1.1.4322)" "russiannavy.net"
78.99.7.83 - - [07/Jul/2008:11:51:25 -0700] "GET /models/udarny/IMGP9495.jpg HTTP/1.1" 200 86274 "http://www.shipmodels.info/mws_forum/viewtopic.php?f=13&t=34939" "Mozilla/4.0 (compatible; MSIE 6.0; Windows NT 5.1; SV1; .NET CLR 1.1.4322)" "russiannavy.net"
78.99.7.83 - - [07/Jul/2008:11:51:27 -0700] "GET /models/udarny/IMGP9502.jpg HTTP/1.1" 200 63810 "http://www.shipmodels.info/mws_forum/viewtopic.php?f=13&t=34939" "Mozilla/4.0 (compatible; MSIE 6.0; Windows NT 5.1; SV1; .NET CLR 1.1.4322)" "russiannavy.net"
78.99.7.83 - - [07/Jul/2008:11:51:27 -0700] "GET /models/udarny/IMGP9503.jpg HTTP/1.1" 200 57067 "http://www.shipmodels.info/mws_forum/viewtopic.php?f=13&t=34939" "Mozilla/4.0 (compatible; MSIE 6.0; Windows NT 5.1; SV1; .NET CLR 1.1.4322)" "russiannavy.net"
78.99.7.83 - - [07/Jul/2008:11:51:28 -0700] "GET /models/udarny/IMGP9512.jpg HTTP/1.1" 200 75922 "http://www.shipmodels.info/mws_forum/viewtopic.php?f=13&t=34939" "Mozilla/4.0 (compatible; MSIE 6.0; Windows NT 5.1; SV1; .NET CLR 1.1.4322)" "russiannavy.net"
78.99.7.83 - - [07/Jul/2008:11:51:29 -0700] "GET /models/udarny/IMGP9511.jpg HTTP/1.1" 200 58073 "http://www.shipmodels.info/mws_forum/viewtopic.php?f=13&t=34939" "Mozilla/4.0 (compatible; MSIE 6.0; Windows NT 5.1; SV1; .NET CLR 1.1.4322)" "russiannavy.net"
78.99.7.83 - - [07/Jul/2008:11:51:30 -0700] "GET /models/udarny/IMGP9509.jpg HTTP/1.1" 200 57029 "http://www.shipmodels.info/mws_forum/viewtopic.php?f=13&t=34939" "Mozilla/4.0 (compatible; MSIE 6.0; Windows NT 5.1; SV1; .NET CLR 1.1.4322)" "russiannavy.net"
78.99.7.83 - - [07/Jul/2008:11:51:30 -0700] "GET /models/udarny/IMGP9518s.jpg HTTP/1.1" 200 65984 "http://www.shipmodels.info/mws_forum/viewtopic.php?f=13&t=34939" "Mozilla/4.0 (compatible; MSIE 6.0; Windows NT 5.1; SV1; .NET CLR 1.1.4322)" "russiannavy.net"
78.99.7.83 - - [07/Jul/2008:11:51:31 -0700] "GET /models/udarny/IMGP9522s.jpg HTTP/1.1" 200 66184 "http://www.shipmodels.info/mws_forum/viewtopic.php?f=13&t=34939" "Mozilla/4.0 (compatible; MSIE 6.0; Windows NT 5.1; SV1; .NET CLR 1.1.4322)" "russiannavy.net"
78.99.7.83 - - [07/Jul/2008:11:51:32 -0700] "GET /models/udarny/IMGP9541s.jpg HTTP/1.1" 200 85810 "http://www.shipmodels.info/mws_forum/viewtopic.php?f=13&t=34939" "Mozilla/4.0 (compatible; MSIE 6.0; Windows NT 5.1; SV1; .NET CLR 1.1.4322)" "russiannavy.net"
78.99.7.83 - - [07/Jul/2008:11:51:33 -0700] "GET /models/udarny/IMGP9539s.jpg HTTP/1.1" 200 115039 "http://www.shipmodels.info/mws_forum/viewtopic.php?f=13&t=34939" "Mozilla/4.0 (compatible; MSIE 6.0; Windows NT 5.1; SV1; .NET CLR 1.1.4322)" "russiannavy.net"
78.99.7.83 - - [07/Jul/2008:11:51:34 -0700] "GET /models/udarny/IMGP9547s.jpg HTTP/1.1" 200 68490 "http://www.shipmodels.info/mws_forum/viewtopic.php?f=13&t=34939" "Mozilla/4.0 (compatible; MSIE 6.0; Windows NT 5.1; SV1; .NET CLR 1.1.4322)" "russiannavy.net"
78.99.7.83 - - [07/Jul/2008:11:51:34 -0700] "GET /models/udarny/IMGP9552s.jpg HTTP/1.1" 200 60248 "http://www.shipmodels.info/mws_forum/viewtopic.php?f=13&t=34939" "Mozilla/4.0 (compatible; MSIE 6.0; Windows NT 5.1; SV1; .NET CLR 1.1.4322)" "russiannavy.net"
78.99.7.83 - - [07/Jul/2008:11:51:36 -0700] "GET /models/udarny/IMGP9568s.jpg HTTP/1.1" 200 110524 "http://www.shipmodels.info/mws_forum/viewtopic.php?f=13&t=34939" "Mozilla/4.0 (compatible; MSIE 6.0; Windows NT 5.1; SV1; .NET CLR 1.1.4322)" "russiannavy.net"
78.99.7.83 - - [07/Jul/2008:11:51:36 -0700] "GET /models/udarny/IMGP9569s.jpg HTTP/1.1" 200 92541 "http://www.shipmodels.info/mws_forum/viewtopic.php?f=13&t=34939" "Mozilla/4.0 (compatible; MSIE 6.0; Windows NT 5.1; SV1; .NET CLR 1.1.4322)" "russiannavy.net"
78.99.7.83 - - [07/Jul/2008:11:51:37 -0700] "GET /models/udarny/IMGP9565s.jpg HTTP/1.1" 200 115587 "http://www.shipmodels.info/mws_forum/viewtopic.php?f=13&t=34939" "Mozilla/4.0 (compatible; MSIE 6.0; Windows NT 5.1; SV1; .NET CLR 1.1.4322)" "russiannavy.net"
78.99.7.83 - - [07/Jul/2008:11:51:38 -0700] "GET /models/udarny/IMGP9566s.jpg HTTP/1.1" 200 113542 "http://www.shipmodels.info/mws_forum/viewtopic.php?f=13&t=34939" "Mozilla/4.0 (compatible; MSIE 6.0; Windows NT 5.1; SV1; .NET CLR 1.1.4322)" "russiannavy.net"
78.99.7.83 - - [07/Jul/2008:11:51:39 -0700] "GET /models/udarny/IMGP9572s.jpg HTTP/1.1" 200 96859 "http://www.shipmodels.info/mws_forum/viewtopic.php?f=13&t=34939" "Mozilla/4.0 (compatible; MSIE 6.0; Windows NT 5.1; SV1; .NET CLR 1.1.4322)" "russiannavy.net"
78.99.7.83 - - [07/Jul/2008:11:51:39 -0700] "GET /models/udarny/IMGP9571s.jpg HTTP/1.1" 200 82324 "http://www.shipmodels.info/mws_forum/viewtopic.php?f=13&t=34939" "Mozilla/4.0 (compatible; MSIE 6.0; Windows NT 5.1; SV1; .NET CLR 1.1.4322)" "russiannavy.net"
78.99.7.83 - - [07/Jul/2008:11:51:41 -0700] "GET /models/udarny/IMGP9576s.jpg HTTP/1.1" 200 107559 "http://www.shipmodels.info/mws_forum/viewtopic.php?f=13&t=34939" "Mozilla/4.0 (compatible; MSIE 6.0; Windows NT 5.1; SV1; .NET CLR 1.1.4322)" "russiannavy.net"
78.99.7.83 - - [07/Jul/2008:11:51:41 -0700] "GET /models/udarny/IMGP9575s.jpg HTTP/1.1" 200 116488 "http://www.shipmodels.info/mws_forum/viewtopic.php?f=13&t=34939" "Mozilla/4.0 (compatible; MSIE 6.0; Windows NT 5.1; SV1; .NET CLR 1.1.4322)" "russiannavy.net"
78.99.7.83 - - [07/Jul/2008:11:52:24 -0700] "GET /models/udarny/IMGP9600s.jpg HTTP/1.1" 200 109001 "http://www.shipmodels.info/mws_forum/viewtopic.php?f=13&t=34939&st=0&sk=t&sd=a&start=15" "Mozilla/4.0 (compatible; MSIE 6.0; Windows NT 5.1; SV1; .NET CLR 1.1.4322)" "russiannavy.net"
80.216.203.185 - - [07/Jul/2008:11:57:11 -0700] "GET /photos/misc/i11749-image-original.jpg HTTP/1.1" 200 295629 "http://www.militaryphotos.net/forums/showthread.php?t=99988&page=142" "Mozilla/5.0 (Windows; U; Windows NT 5.1; en-US; rv:1.8.1.15) Gecko/20080623 Firefox/2.0.0.15" "russiannavy.net"
74.6.18.228 - - [07/Jul/2008:12:02:22 -0700] "GET /photos/st_p_art_museum/pages/PICT0691.html HTTP/1.0" 200 11728 "-" "Mozilla/5.0 (compatible; Yahoo! Slurp; http://help.yahoo.com/help/us/ysearch/slurp)" "russiannavy.net"
24.110.242.241 - - [07/Jul/2008:12:04:10 -0700] "GET /photos/misc/i11749-image-original.jpg HTTP/1.1" 200 295629 "http://www.militaryphotos.net/forums/showthread.php?t=99988&page=142" "Mozilla/5.0 (Windows; U; Windows NT 5.1; en-US; rv:1.8.1.15) Gecko/20080623 Firefox/2.0.0.15" "russiannavy.net"
74.6.18.228 - - [07/Jul/2008:12:07:00 -0700] "GET /photos/littlefield/old_visits/ZSU-4-23/pages/IMG_2312.html HTTP/1.0" 200 3343 "-" "Mozilla/5.0 (compatible; Yahoo! Slurp; http://help.yahoo.com/help/us/ysearch/slurp)" "russiannavy.net"
74.6.18.228 - - [07/Jul/2008:12:12:20 -0700] "GET / HTTP/1.0" 200 1315 "-" "Mozilla/5.0 (compatible; Yahoo! Slurp; http://help.yahoo.com/help/us/ysearch/slurp)" "russiannavy.net"
74.6.18.228 - - [07/Jul/2008:12:12:21 -0700] "GET /photos/littlefield/Sept_2004/M3_Scout_Car/ HTTP/1.0" 200 3169 "-" "Mozilla/5.0 (compatible; Yahoo! Slurp; http://help.yahoo.com/help/us/ysearch/slurp)" "russiannavy.net"
84.0.255.68 - - [07/Jul/2008:12:13:34 -0700] "GET /photos/st_p_art_museum/images/PICT0692.jpg HTTP/1.1" 200 125590 "http://www.gamestar.hu/forum/index.php?showtopic=3935&st=1320" "Mozilla/5.0 (Windows; U; Windows NT 5.1; hu; rv:1.8.1.14) Gecko/20080404 Firefox/2.0.0.3;MEGAUPLOAD 1.0" "russiannavy.net"
66.249.65.205 - - [07/Jul/2008:12:22:57 -0700] "GET /gallery/main.php?g2_itemId=10448 HTTP/1.1" 200 5 "-" "Mozilla/5.0 (compatible; Googlebot/2.1; +http://www.google.com/bot.html)" "russiannavy.net"
152.120.255.250 - - [07/Jul/2008:12:23:43 -0700] "GET /models/rurik/rurik1sm_small.jpg HTTP/1.1" 304 - "http://63.99.108.76/forums/index.php?showtopic=25426" "Mozilla/4.0 (compatible; MSIE 6.0; Windows NT 5.1; SV1; .NET CLR 1.1.4322; .NET CLR 2.0.50727; .NET CLR 3.0.04506.30; .NET CLR 3.0.04506.648; InfoPath.1)" "russiannavy.net"
84.0.255.68 - - [07/Jul/2008:12:31:28 -0700] "GET /photos/st_p_art_museum/images/PICT0692.jpg HTTP/1.1" 200 125590 "http://www.gamestar.hu/forum/index.php?showtopic=3935&st=1320" "Mozilla/5.0 (Windows; U; Windows NT 5.1; hu; rv:1.8.1.14) Gecko/20080404 Firefox/2.0.0.3;MEGAUPLOAD 1.0" "russiannavy.net"
85.127.3.107 - - [07/Jul/2008:12:31:48 -0700] "GET /photos/st_p_art_museum/images/PICT0571.jpg HTTP/1.1" 200 123386 "-" "GoogleEarth/4.2.0205.5730(Windows;Microsoft Windows XP (Service Pack 2);de-AT;kml:2.2;client:Free;type:default)" "russiannavy.net"
85.127.3.107 - - [07/Jul/2008:12:31:50 -0700] "GET /photos/st_p_art_museum/images/PICT0569.jpg HTTP/1.1" 200 143301 "-" "GoogleEarth/4.2.0205.5730(Windows;Microsoft Windows XP (Service Pack 2);de-AT;kml:2.2;client:Free;type:default)" "russiannavy.net"
85.127.3.107 - - [07/Jul/2008:12:31:51 -0700] "GET /photos/st_p_art_museum/images/PICT0571.jpg HTTP/1.1" 304 - "-" "GoogleEarth/4.2.0205.5730(Windows;Microsoft Windows XP (Service Pack 2);de-AT;kml:2.2;client:Free;type:default)" "russiannavy.net"
85.127.3.107 - - [07/Jul/2008:12:31:52 -0700] "GET /photos/st_p_art_museum/images/PICT0569.jpg HTTP/1.1" 200 143301 "-" "GoogleEarth/4.2.0205.5730(Windows;Microsoft Windows XP (Service Pack 2);de-AT;kml:2.2;client:Free;type:default)" "russiannavy.net"
74.6.18.228 - - [07/Jul/2008:12:43:27 -0700] "GET /models/?M=A HTTP/1.0" 200 4825 "-" "Mozilla/5.0 (compatible; Yahoo! Slurp; http://help.yahoo.com/help/us/ysearch/slurp)" "russiannavy.net"
74.6.18.228 - - [07/Jul/2008:12:54:22 -0700] "GET /photos/st_p_art_museum/pages/PICT0533.html HTTP/1.0" 200 11726 "-" "Mozilla/5.0 (compatible; Yahoo! Slurp; http://help.yahoo.com/help/us/ysearch/slurp)" "russiannavy.net"
74.6.18.228 - - [07/Jul/2008:13:04:06 -0700] "GET /photos/square1/pages/IMG_3816.html HTTP/1.0" 200 4195 "-" "Mozilla/5.0 (compatible; Yahoo! Slurp; http://help.yahoo.com/help/us/ysearch/slurp)" "russiannavy.net"
65.55.210.93 - - [07/Jul/2008:13:04:28 -0700] "GET /photos/st_p_art_museum/pages/PICT0625.html HTTP/1.1" 200 11727 "-" "msnbot/1.1 (+http://search.msn.com/msnbot.htm)" "russiannavy.net"
65.55.109.156 - - [07/Jul/2008:13:06:21 -0700] "GET /photos/st_p_art_museum/pages/PICT0625.html HTTP/1.0" 200 11727 "http://search.live.com/results.aspx?q=central&form=QBHP" "Mozilla/4.0 (compatible; MSIE 7.0; Windows NT 5.2; .NET CLR 1.1.4322)" "russiannavy.net"
213.114.223.171 - - [07/Jul/2008:13:06:38 -0700] "GET /photos/misc/ HTTP/1.1" 200 14099 "-" "Mozilla/4.0 (compatible; MSIE 7.0; Windows NT 5.1)" "russiannavy.net"
213.114.223.171 - - [07/Jul/2008:13:06:40 -0700] "GET /favicon.ico HTTP/1.1" 404 275 "-" "Mozilla/4.0 (compatible; MSIE 7.0; Windows NT 5.1)" "russiannavy.net"
213.114.223.171 - - [07/Jul/2008:13:06:42 -0700] "GET /photos/misc/?M=A HTTP/1.1" 200 14099 "http://russiannavy.net/photos/misc/" "Mozilla/4.0 (compatible; MSIE 7.0; Windows NT 5.1)" "russiannavy.net"
213.114.223.171 - - [07/Jul/2008:13:06:43 -0700] "GET /photos/misc/?M=D HTTP/1.1" 200 14099 "http://russiannavy.net/photos/misc/?M=A" "Mozilla/4.0 (compatible; MSIE 7.0; Windows NT 5.1)" "russiannavy.net"
213.114.223.171 - - [07/Jul/2008:13:06:49 -0700] "GET /photos/misc/krim_02.jpg HTTP/1.1" 304 - "http://russiannavy.net/photos/misc/?M=D" "Mozilla/4.0 (compatible; MSIE 7.0; Windows NT 5.1)" "russiannavy.net"
137.122.93.45 - - [07/Jul/2008:13:13:27 -0700] "GET /photos/st_p_art_museum/images/PICT0692.jpg HTTP/1.1" 200 125590 "-" "Mozilla/4.0 (compatible; MSIE 6.0; Windows NT 5.1; en) Opera 9.01" "russiannavy.net"
84.123.72.173 - - [07/Jul/2008:13:16:27 -0700] "GET /photos/st_p_art_museum/images/PICT0584.jpg HTTP/1.1" 200 80300 "-" "GoogleEarth/4.2.0180.1134(Windows;Microsoft Windows XP (Service Pack 2);es-ES;kml:2.2;client:Free;type:default)" "russiannavy.net"
84.123.72.173 - - [07/Jul/2008:13:16:28 -0700] "GET /photos/st_p_art_museum/images/PICT0584.jpg HTTP/1.1" 200 80300 "-" "GoogleEarth/4.2.0180.1134(Windows;Microsoft Windows XP (Service Pack 2);es-ES;kml:2.2;client:Free;type:default)" "russiannavy.net"
84.123.72.173 - - [07/Jul/2008:13:16:30 -0700] "GET /photos/st_p_art_museum/images/PICT0584.jpg HTTP/1.1" 304 - "-" "GoogleEarth/4.2.0180.1134(Windows;Microsoft Windows XP (Service Pack 2);es-ES;kml:2.2;client:Free;type:default)" "russiannavy.net"
66.249.65.205 - - [07/Jul/2008:13:19:52 -0700] "GET /gallery/main.php?g2_itemId=10431&g2_page=2 HTTP/1.1" 200 5 "-" "Mozilla/5.0 (compatible; Googlebot/2.1; +http://www.google.com/bot.html)" "russiannavy.net"
128.59.23.45 - - [07/Jul/2008:13:19:55 -0700] "GET /photos/littlefield/old_visits/ZSU-4-23/images/IMG_2420.jpg HTTP/1.0" 200 75992 "-" "Mozilla/5.0 (X11; U; Linux i686; en-US; rv:1.8.1.11) Gecko/20060601 Firefox/2.0.0.11 (Ubuntu-edgy)" "russiannavy.net"
74.6.18.228 - - [07/Jul/2008:13:28:26 -0700] "GET /photos/littlefield/Sept_2004/BTR-40/pages/ HTTP/1.0" 200 2006 "-" "Mozilla/5.0 (compatible; Yahoo! Slurp; http://help.yahoo.com/help/us/ysearch/slurp)" "russiannavy.net"
66.249.65.205 - - [07/Jul/2008:13:49:33 -0700] "GET /photos/events/nadya_bachelotette_party/pages/IMGP5089.htm HTTP/1.1" 200 2737 "-" "Mozilla/5.0 (compatible; Googlebot/2.1; +http://www.google.com/bot.html)" "russiannavy.net"
65.55.210.92 - - [07/Jul/2008:14:12:20 -0700] "GET /photos/littlefield/ HTTP/1.1" 200 976 "-" "msnbot/1.1 (+http://search.msn.com/msnbot.htm)" "russiannavy.net"
81.98.120.143 - - [07/Jul/2008:14:13:29 -0700] "GET /photos/st_p_art_museum/ HTTP/1.1" 200 8220 "http://webferret.search.com/click?wf6,Artillery+Museum+St+Petersburg+Russia,,russiannavy.net%2Fphotos%2Fst_p_art_museum%2F,,aol,1" "Mozilla/4.0 (compatible; MSIE 7.0; Windows NT 5.1; .NET CLR 1.1.4322; .NET CLR 2.0.50727; InfoPath.2)" "russiannavy.net"
81.98.120.143 - - [07/Jul/2008:14:13:30 -0700] "GET /photos/st_p_art_museum/images/next.gif HTTP/1.1" 200 270 "http://russiannavy.net/photos/st_p_art_museum/" "Mozilla/4.0 (compatible; MSIE 7.0; Windows NT 5.1; .NET CLR 1.1.4322; .NET CLR 2.0.50727; InfoPath.2)" "russiannavy.net"
81.98.120.143 - - [07/Jul/2008:14:13:30 -0700] "GET /photos/st_p_art_museum/thumbnails/PICT0493.jpg HTTP/1.1" 200 11824 "http://russiannavy.net/photos/st_p_art_museum/" "Mozilla/4.0 (compatible; MSIE 7.0; Windows NT 5.1; .NET CLR 1.1.4322; .NET CLR 2.0.50727; InfoPath.2)" "russiannavy.net"
